Sélectionnez une année ou un mois pour voir un rapport
V/Λ2024 > Jan Fév Mar Avr Mai Jui Jul Aou Sep Oct Nov Déc
V/Λ2023 > Jan Fév Mar Avr Mai Jui Jul Aou Sep Oct Nov Déc
V/Λ2022 > Jan Fév Mar Avr Mai Jui Jul Aou Sep Oct Nov Déc
V/Λ2021 > Jan Fév Mar Avr Mai Jui Jul Aou Sep Oct Nov Déc
V/Λ2020 > Jan Fév Mar Avr Mai Jui Jul Aou Sep Oct Nov Déc
V/Λ2019 > Jan Fév Mar Avr Mai Jui Jul Aou Sep Oct Nov Déc
V/Λ2018 > Jan Fév Mar Avr Mai Jui Jul Aou Sep Oct Nov Déc
V/Λ2017 > Jan Fév Mar Avr Mai Jui Jul Aou Sep Oct Nov Déc
V/Λ2016 > Jan Fév Mar Avr Mai Jui Jul Aou Sep Oct Nov Déc
V/Λ2015 > Jan Fév Mar Avr Mai Jui Jul Aou Sep Oct Nov Déc
V/Λ2014 > Jan Fév Mar Avr Mai Jui Jul Aou Sep Oct Nov Déc
V/Λ2013 > Jan Fév Mar Avr Mai Jui Jul Aou Sep Oct Nov Déc
V/Λ2012 > Jan Fév Mar Avr Mai Jui Jul Aou Sep Oct Nov Déc
V/Λ2011 > Jan Fév Mar Avr Mai Jui Jul Aou Sep Oct Nov Déc
V/Λ2010 > Jan Fév Mar Avr Mai Jui Jul Aou Sep Oct Nov Déc
V/Λ2009 > Jan Fév Mar Avr Mai Jui Jul Aou Sep Oct Nov Déc

Tableau pour 2024 Avr
                   Monthly Climatological Summary for avr. 2024

Name: Station météo amateur   City: Saint-Brevin les Pins   State: FRANCE
Elevation: 5 m  Lat: N 47° 14' 09"   Lon: W 002° 09' 35"

                  Temperature (°C), Rain (mm), Wind Speed (km/h)

                                      Heat  Cool        Avg
    Mean                              Deg   Deg         Wind                 Dom
Day Temp  High   Time   Low    Time   Days  Days  Rain  Speed High   Time    Dir
----------------------------------------------------------------------------------
 1  11,4  14,7   15:23   8,4   07:45   6,6   0,0   2,0   4,2  41,8   18:19  O-SO
 2  11,6  14,0   14:22   8,9   02:12   6,4   0,0  10,8   7,6  45,1   12:46  S-SO
 3  12,9  15,2   12:28  11,2   00:15   5,1   0,0   3,2   4,2  35,4   00:05    SO
 4  13,6  15,7   13:11  11,7   23:54   4,4   0,0   9,6   3,3  38,6   02:27  O-SO
 5  15,2  19,2   17:59  11,5   00:11   2,9   0,1   5,2   2,8  37,0   03:27  S-SO
 6  16,5  20,0   08:11  13,9   22:12   1,6   0,1   2,2   6,4  64,4   08:03     S
 7  13,1  15,2   10:30   9,6   23:21   4,9   0,0   0,0   1,0  19,3   00:05  S-SO
 8  11,3  17,8   12:33   7,8   06:21   6,7   0,0   8,2   2,8  41,8   23:41  O-SO
 9  11,0  14,9   16:18   7,9   08:10   7,0   0,0   1,0   5,6  41,8   07:40  O-NO
10  11,2  15,3   15:02   6,6   02:33   6,8   0,0   0,8   0,8  20,9   14:34  O-SO
11  13,6  17,0   14:25   9,8   23:46   4,4   0,0   0,0   0,6  16,1   01:31     O
12  13,6  21,2   14:57   7,0   05:32   4,9   0,5   0,0   0,3  12,9   17:54     O
13  14,6  20,3   12:13   8,4   07:36   3,9   0,5   0,0   0,3  14,5   11:51  O-SO
14  13,4  19,3   16:17  10,1   04:28   4,6   0,0   0,0   0,2  17,7   23:44    NE
15  11,5  15,2   12:51   7,1   06:02   6,5   0,0   0,6   3,3  38,6   16:54  O-NO
16  10,9  15,6   16:40   7,8   06:30   7,1   0,0   0,0   1,6  30,6   17:11    NO
17  10,1  15,6   14:27   5,5   07:20   7,9   0,0   0,0   0,6  29,0   18:49    NO
18  11,0  16,1   15:03   6,8   01:04   7,0   0,0   0,0   0,7  27,4   10:17    NE
19  10,9  16,1   15:18   5,0   05:33   7,1   0,0   0,0   0,9  20,9   15:23     O
20  11,5  16,6   16:38   7,4   07:06   6,5   0,0   0,0   1,6  27,4   14:43  E-NE
21   8,6  15,1   15:59   2,1   07:11   9,4   0,0   0,0   2,4  30,6   11:52    NE
22   9,3  15,9   15:18   3,8   06:50   8,7   0,0   0,0   1,5  29,0   12:30    NE
23   9,9  15,3   14:57   4,8   07:31   8,1   0,0   0,0   0,9  24,1   13:48    NE
24  11,5  15,8   16:42   7,2   06:50   6,5   0,0   0,0   0,8  27,4   20:00  O-NO
25  10,6  15,6   14:56   6,8   04:23   7,4   0,0   0,0   0,6  19,3   13:48     O
26  10,8  15,0   16:03   7,8   01:31   7,2   0,0  11,2   0,5  20,9   14:29  O-SO
27   8,5  10,6   16:07   6,6   03:15   9,5   0,0  21,0   0,2  27,4   13:56    NE
28  11,2  16,3   16:26   6,5   05:51   6,8   0,0   1,0   0,9  24,1   14:34  O-SO
29  11,3  16,3   15:41   5,8   05:54   6,7   0,0   0,2   0,8  19,3   15:19  O-SO
30  11,9  17,9   16:15   6,3   06:05   6,1   0,0   0,8   2,6  35,4   16:15     S
----------------------------------------------------------------------------------
    11,7  21,2    12     2,1    21   188,7   1,2  77,8   2,0  64,4     6    O-SO

Max >=  25,0:  0
Max <=   0,0:  0
Min <=   0,0:  0
Min <=  -5,0:  0
Max Rain: 21,0 on day 27
Days of Rain: 11 (>= 1,0 mm)  6 (>= 5,0 mm)  3 (>= 10,0 mm)
Heat Base: 18,0  Cool Base: 18,0  Method: Integration