Sélectionnez une année ou un mois pour voir un rapport
V/Λ2024 > Jan Fév Mar Avr Mai Jui Jul Aou Sep Oct Nov Déc
V/Λ2023 > Jan Fév Mar Avr Mai Jui Jul Aou Sep Oct Nov Déc
V/Λ2022 > Jan Fév Mar Avr Mai Jui Jul Aou Sep Oct Nov Déc
V/Λ2021 > Jan Fév Mar Avr Mai Jui Jul Aou Sep Oct Nov Déc
V/Λ2020 > Jan Fév Mar Avr Mai Jui Jul Aou Sep Oct Nov Déc
V/Λ2019 > Jan Fév Mar Avr Mai Jui Jul Aou Sep Oct Nov Déc
V/Λ2018 > Jan Fév Mar Avr Mai Jui Jul Aou Sep Oct Nov Déc
V/Λ2017 > Jan Fév Mar Avr Mai Jui Jul Aou Sep Oct Nov Déc
V/Λ2016 > Jan Fév Mar Avr Mai Jui Jul Aou Sep Oct Nov Déc
V/Λ2015 > Jan Fév Mar Avr Mai Jui Jul Aou Sep Oct Nov Déc
V/Λ2014 > Jan Fév Mar Avr Mai Jui Jul Aou Sep Oct Nov Déc
V/Λ2013 > Jan Fév Mar Avr Mai Jui Jul Aou Sep Oct Nov Déc
V/Λ2012 > Jan Fév Mar Avr Mai Jui Jul Aou Sep Oct Nov Déc
V/Λ2011 > Jan Fév Mar Avr Mai Jui Jul Aou Sep Oct Nov Déc
V/Λ2010 > Jan Fév Mar Avr Mai Jui Jul Aou Sep Oct Nov Déc
V/Λ2009 > Jan Fév Mar Avr Mai Jui Jul Aou Sep Oct Nov Déc

Tableau pour 2024 Mar
                   Monthly Climatological Summary for mars 2024

Name: Station météo amateur   City: Saint-Brevin les Pins   State: FRANCE
Elevation: 5 m  Lat: N 47° 14' 09"   Lon: W 002° 09' 35"

                  Temperature (°C), Rain (mm), Wind Speed (km/h)

                                      Heat  Cool        Avg
    Mean                              Deg   Deg         Wind                 Dom
Day Temp  High   Time   Low    Time   Days  Days  Rain  Speed High   Time    Dir
----------------------------------------------------------------------------------
 1   8,7  11,6   12:23   6,2   19:39   9,3   0,0  10,2   5,1  53,1   07:17  O-SO
 2   8,3  11,4   15:32   5,3   23:54   9,7   0,0   2,4   1,5  30,6   03:02  O-SO
 3   5,8  12,8   13:49  -0,6   08:13  12,2   0,0   0,0   0,7  17,7   14:17    NO
 4   6,7  10,7   16:32   2,1   03:43  11,1   0,0  10,6   3,7  45,1   12:42     S
 5   8,1  12,8   14:36   4,1   23:52   9,9   0,0   2,0   1,8  46,7   00:38  O-NO
 6   8,0  11,9   16:26   2,7   01:30  10,0   0,0   1,4   0,4  14,5   12:44     S
 7   8,8  14,7   14:46   3,5   07:25   9,2   0,0   0,2   5,9  38,6   12:15  E-SE
 8   9,2  12,6   13:43   7,0   23:55   8,8   0,0   1,4   1,1  25,7   01:55  E-SE
 9   7,5   9,6   16:46   3,9   23:57  10,5   0,0  17,0   3,1  30,6   08:00  S-SE
10   7,1  13,8   15:08   0,8   07:20  10,9   0,0   0,4   0,2  14,5   22:53    NE
11   9,6  14,7   13:23   4,7   08:10   8,4   0,0   3,6   1,0  20,9   13:53  O-NO
12  11,5  14,6   14:44   8,1   01:30   6,5   0,0   0,2   1,2  22,5   11:15  O-SO
13  10,7  14,5   13:59   5,5   23:48   7,3   0,0   0,2   0,7  22,5   11:40  S-SO
14  11,6  16,6   13:46   5,3   03:14   6,3   0,0   1,8   1,4  24,1   15:42    SO
15  12,9  15,1   13:56  12,0   00:08   5,1   0,0   1,0   3,6  29,0   11:51  O-SO
16  13,1  15,3   14:27  11,8   00:51   4,9   0,0   0,2   0,2  14,5   00:02  O-SO
17  13,1  14,6   10:41  12,2   00:26   4,9   0,0  12,4   0,2  16,1   03:05  S-SO
18  12,4  15,1   14:14   9,3   23:56   5,6   0,0   0,2   0,1  14,5   14:19     O
19  11,5  15,8   14:03   8,4   21:34   6,5   0,0   0,0   0,1  12,9   14:34  O-SO
20  11,5  17,5   17:47   7,1   03:42   6,5   0,0   0,4   0,4  17,7   13:18    NE
21  12,9  20,5   14:25   7,6   07:29   5,4   0,3   0,0   0,2  12,9   08:45  E-NE
22  10,5  14,3   14:02   7,7   23:18   7,5   0,0   0,6   0,8  29,0   19:39    NO
23   9,6  13,5   14:20   6,5   07:19   8,4   0,0   0,2   3,2  38,6   16:10  O-NO
24   9,7  14,7   12:19   6,2   23:59   8,3   0,0   0,0   0,8  17,7   09:34    NO
25   9,4  14,1   15:09   4,8   01:35   8,6   0,0   0,0   0,9  27,4   13:19     S
26   9,8  12,4   14:39   6,9   23:59   8,2   0,0   1,6   0,5  24,1   06:57     O
27   8,8  13,4   14:41   5,1   01:57   9,2   0,0  18,8   5,3  45,1   21:45  S-SO
28   9,7  13,1   13:27   6,5   03:27   8,3   0,0   9,2   9,5  61,2   11:54  O-SO
29  10,9  14,6   14:24   8,0   01:24   7,1   0,0   2,4   1,6  27,4   07:45  O-SO
30  10,7  15,7   15:36   5,7   06:38   7,3   0,0   0,0   2,7  35,4   16:13    SE
31  10,0  13,9   15:24   7,4   05:00   7,6   0,0   8,4   1,3  25,7   11:24    SO
----------------------------------------------------------------------------------
     9,9  20,5    21    -0,6     3   249,5   0,3 106,8   1,9  61,2    28      SO

Max >=  25,0:  0
Max <=   0,0:  0
Min <=   0,0:  1
Min <=  -5,0:  0
Max Rain: 18,8 on day 27
Days of Rain: 16 (>= 1,0 mm)  7 (>= 5,0 mm)  5 (>= 10,0 mm)
Heat Base: 18,0  Cool Base: 18,0  Method: Integration