Sélectionnez une année ou un mois pour voir un rapport
V/Λ2024 > Jan Fév Mar Avr Mai Jui Jul Aou Sep Oct Nov Déc
V/Λ2023 > Jan Fév Mar Avr Mai Jui Jul Aou Sep Oct Nov Déc
V/Λ2022 > Jan Fév Mar Avr Mai Jui Jul Aou Sep Oct Nov Déc
V/Λ2021 > Jan Fév Mar Avr Mai Jui Jul Aou Sep Oct Nov Déc
V/Λ2020 > Jan Fév Mar Avr Mai Jui Jul Aou Sep Oct Nov Déc
V/Λ2019 > Jan Fév Mar Avr Mai Jui Jul Aou Sep Oct Nov Déc
V/Λ2018 > Jan Fév Mar Avr Mai Jui Jul Aou Sep Oct Nov Déc
V/Λ2017 > Jan Fév Mar Avr Mai Jui Jul Aou Sep Oct Nov Déc
V/Λ2016 > Jan Fév Mar Avr Mai Jui Jul Aou Sep Oct Nov Déc
V/Λ2015 > Jan Fév Mar Avr Mai Jui Jul Aou Sep Oct Nov Déc
V/Λ2014 > Jan Fév Mar Avr Mai Jui Jul Aou Sep Oct Nov Déc
V/Λ2013 > Jan Fév Mar Avr Mai Jui Jul Aou Sep Oct Nov Déc
V/Λ2012 > Jan Fév Mar Avr Mai Jui Jul Aou Sep Oct Nov Déc
V/Λ2011 > Jan Fév Mar Avr Mai Jui Jul Aou Sep Oct Nov Déc
V/Λ2010 > Jan Fév Mar Avr Mai Jui Jul Aou Sep Oct Nov Déc
V/Λ2009 > Jan Fév Mar Avr Mai Jui Jul Aou Sep Oct Nov Déc

Tableau pour 2023 Déc
                   Monthly Climatological Summary for déc. 2023

Name: Station météo amateur   City: Saint-Brevin les Pins   State: FRANCE
Elevation: 5 m  Lat: N 47° 14' 09"   Lon: W 002° 09' 35"

                  Temperature (°C), Rain (mm), Wind Speed (km/h)

                                      Heat  Cool        Avg
    Mean                              Deg   Deg         Wind                 Dom
Day Temp  High   Time   Low    Time   Days  Days  Rain  Speed High   Time    Dir
----------------------------------------------------------------------------------
 1   4,5   6,3   11:05  -0,1   23:37  13,5   0,0   1,8   2,1  33,8   13:26     E
 2   2,1   5,4   14:18  -0,8   08:22  15,9   0,0   0,0   0,4  22,5   23:41  S-SE
 3   6,7  10,3   12:33   3,6   09:09  11,3   0,0  16,4   5,8  46,7   17:18  S-SE
 4  10,6  12,6   11:55   7,7   23:33   7,4   0,0   7,2  10,6  53,1   14:36     O
 5   7,4  11,5   13:27   1,6   23:56  10,6   0,0   0,0   2,7  35,4   01:57    NO
 6   4,6   9,5   13:51  -0,6   06:18  13,4   0,0   0,0   0,4  25,7   22:27  S-SE
 7   8,4  12,8   17:32   5,8   09:43   9,6   0,0  18,2   3,4  33,8   16:02  S-SE
 8   9,7  12,3   14:49   5,8   09:37   8,3   0,0   1,6   0,4  24,1   04:47  O-SO
 9  12,6  14,2   11:20  10,8   23:31   5,4   0,0  12,6   6,2  43,5   16:57     O
10  12,4  14,2   14:12  10,6   00:39   5,5   0,0   2,6   3,9  41,8   10:12    SO
11  12,9  13,6   14:45  11,7   08:25   5,1   0,0   5,6   0,5  19,3   02:48  O-SO
12  12,3  14,1   13:58  10,2   22:56   5,7   0,0   5,0   3,2  33,8   17:24  O-SO
13   9,4  13,1   13:42   7,3   20:06   8,6   0,0   5,6   2,0  37,0   17:59    NO
14   8,6  11,7   18:00   4,7   07:00   9,4   0,0   1,4   0,2  14,5   03:14    NO
15   7,5  12,0   14:39   2,6   23:51  10,5   0,0   0,2   0,1  14,5   13:33    NE
16   3,6  11,1   14:26  -0,5   08:57  14,4   0,0   0,0   0,0   8,0   15:38   ---
17   2,2   3,6   15:24   0,3   01:27  15,8   0,0   0,0   0,0   0,0   00:00   ---
18   5,3   8,2   23:45   2,8   04:15  12,7   0,0   0,0   0,5  14,5   16:43     S
19  10,4  12,4   17:58   8,2   00:00   7,6   0,0   2,4   1,4  25,7   19:49  O-SO
20   8,9  12,7   14:34   5,1   03:56   9,1   0,0   0,4   1,2  25,7   00:44    NO
21  11,7  12,9   13:25  10,2   00:00   6,3   0,0   0,0   3,1  35,4   12:10    NO
22  11,0  12,4   13:30   9,4   20:51   7,0   0,0   0,0   2,3  35,4   11:59    NO
23  10,8  13,1   13:38   9,1   06:04   7,2   0,0   0,4   1,4  24,1   18:06  O-NO
24  11,8  13,9   14:55  10,7   05:09   6,2   0,0   0,0   3,0  25,7   01:49  O-SO
25  11,9  12,7   13:35  11,2   21:30   6,1   0,0   0,0   1,5  22,5   14:34     O
26  11,9  14,2   14:07  10,8   01:18   6,1   0,0   0,0   0,7  17,7   23:06    SO
27  11,5  13,5   19:21   9,4   10:43   6,5   0,0   0,4  10,1  43,5   11:47     S
28  11,5  13,2   12:42  10,2   07:19   6,5   0,0   0,6   1,2  24,1   11:04  O-SO
29  11,4  13,5   13:19   8,9   22:15   6,6   0,0   4,6   2,4  30,6   02:37  O-SO
30  11,8  13,7   13:55   9,5   00:00   6,2   0,0   0,8   5,8  57,9   23:23  S-SO
31  10,5  12,9   00:00   8,7   09:30   7,5   0,0  13,8   9,2  56,3   00:00     O
----------------------------------------------------------------------------------
     9,2  14,2     9    -0,8     2   272,0   0,0 101,6   2,8  57,9    30    O-SO

Max >=  25,0:  0
Max <=   0,0:  0
Min <=   0,0:  4
Min <=  -5,0:  0
Max Rain: 18,2 on day 7
Days of Rain: 14 (>= 1,0 mm)  8 (>= 5,0 mm)  4 (>= 10,0 mm)
Heat Base: 18,0  Cool Base: 18,0  Method: Integration