Sélectionnez une année ou un mois pour voir un rapport
V/Λ2024 > Jan Fév Mar Avr Mai Jui Jul Aou Sep Oct Nov Déc
V/Λ2023 > Jan Fév Mar Avr Mai Jui Jul Aou Sep Oct Nov Déc
V/Λ2022 > Jan Fév Mar Avr Mai Jui Jul Aou Sep Oct Nov Déc
V/Λ2021 > Jan Fév Mar Avr Mai Jui Jul Aou Sep Oct Nov Déc
V/Λ2020 > Jan Fév Mar Avr Mai Jui Jul Aou Sep Oct Nov Déc
V/Λ2019 > Jan Fév Mar Avr Mai Jui Jul Aou Sep Oct Nov Déc
V/Λ2018 > Jan Fév Mar Avr Mai Jui Jul Aou Sep Oct Nov Déc
V/Λ2017 > Jan Fév Mar Avr Mai Jui Jul Aou Sep Oct Nov Déc
V/Λ2016 > Jan Fév Mar Avr Mai Jui Jul Aou Sep Oct Nov Déc
V/Λ2015 > Jan Fév Mar Avr Mai Jui Jul Aou Sep Oct Nov Déc
V/Λ2014 > Jan Fév Mar Avr Mai Jui Jul Aou Sep Oct Nov Déc
V/Λ2013 > Jan Fév Mar Avr Mai Jui Jul Aou Sep Oct Nov Déc
V/Λ2012 > Jan Fév Mar Avr Mai Jui Jul Aou Sep Oct Nov Déc
V/Λ2011 > Jan Fév Mar Avr Mai Jui Jul Aou Sep Oct Nov Déc
V/Λ2010 > Jan Fév Mar Avr Mai Jui Jul Aou Sep Oct Nov Déc
V/Λ2009 > Jan Fév Mar Avr Mai Jui Jul Aou Sep Oct Nov Déc

Tableau pour 2023 Nov
                   Monthly Climatological Summary for nov. 2023

Name: Station météo amateur   City: Saint-Brevin les Pins   State: FRANCE
Elevation: 5 m  Lat: N 47° 14' 09"   Lon: W 002° 09' 35"

                  Temperature (°C), Rain (mm), Wind Speed (km/h)

                                      Heat  Cool        Avg
    Mean                              Deg   Deg         Wind                 Dom
Day Temp  High   Time   Low    Time   Days  Days  Rain  Speed High   Time    Dir
----------------------------------------------------------------------------------
 1  14,2  16,6   02:47  11,9   07:22   3,8   0,0  41,6  ----  70,8   22:32  S-SO
 2  11,9  15,1   00:56   8,4   22:02   6,1   0,0  14,0  ----  72,4   02:21     O
 3  11,5  15,9   13:48   8,2   08:44   6,5   0,0   5,4  ----  38,6   14:59  O-NO
 4  13,0  15,2   10:51  10,7   19:03   5,0   0,0  20,6  ----  69,2   11:35  O-SO
 5  12,6  15,5   13:42  10,8   23:59   5,4   0,0   8,2  ----  53,1   00:33  O-NO
 6  10,9  14,0   11:43   7,2   22:31   7,1   0,0   8,8  ----  37,0   10:22     O
 7   9,0  14,7   14:24   5,6   08:44   9,0   0,0   1,4  ----   8,0   14:12    SO
 8  12,6  14,6   10:51   8,6   00:00   5,4   0,0   5,4  ----  41,8   16:46  S-SO
 9  10,6  13,5   13:49   7,9   23:49   7,4   0,0  33,8  ----  49,9   12:09  O-NO
10  10,6  14,8   14:37   7,7   00:22   7,4   0,0   9,4  ----  46,7   11:24  O-NO
11   8,8  14,2   23:26   3,7   06:11   9,2   0,0   6,6   5,3  43,5   23:47  S-SE
12  14,2  15,1   14:51  13,2   06:29   3,8   0,0   2,6   4,3  41,8   04:32  O-NO
13  14,9  15,9   11:05  12,4   22:45   3,1   0,0   2,0   4,9  43,5   11:29  O-SO
14  13,6  15,5   13:45   9,8   23:58   4,3   0,0   0,2   2,8  38,6   12:39     O
15  11,4  15,9   13:42   7,6   08:31   6,6   0,0   1,2   0,1  14,5   08:57     O
16  13,1  15,7   13:58   9,9   23:59   4,9   0,0   6,4   9,8  67,6   12:30     O
17  11,2  14,2   11:57   6,8   08:44   6,8   0,0   1,6   0,3  16,1   23:27     S
18  14,3  15,6   13:37  12,0   00:00   3,7   0,0   3,4   2,8  27,4   18:38    SO
19  13,7  16,3   12:52  12,0   21:09   4,3   0,0   0,2   1,7  24,1   13:55     O
20  12,3  14,7   13:32  11,1   23:59   5,7   0,0   1,0   2,3  40,2   14:55  O-NO
21  11,5  14,3   15:25   9,8   05:35   6,5   0,0   0,2   0,9  24,1   19:59     N
22   9,8  13,9   13:34   4,3   23:50   8,2   0,0   0,0   0,8  29,0   12:18  N-NE
23  10,2  13,1   13:19   4,2   00:13   7,8   0,0   0,0   0,0  11,3   16:53    NO
24  11,0  14,7   14:14   7,6   22:56   7,0   0,0   0,0   0,3  17,7   16:59  N-NO
25   4,1   8,4   00:12  -0,3   22:21  13,9   0,0   0,0   0,0  12,9   00:19  E-NE
26   4,3   9,4   14:34  -1,2   04:21  13,7   0,0   0,0   0,5  16,1   10:46  S-SE
27  11,3  12,7   04:47   8,4   00:00   6,7   0,0   6,0   2,2  25,7   15:22     O
28   6,5  11,6   14:39   1,4   23:38  11,5   0,0   0,2   0,3  27,4   00:08  N-NO
29   5,6  10,1   14:40   1,4   00:03  12,4   0,0   2,0   0,4  22,5   12:41  S-SE
30   6,1  12,6   13:55   2,3   07:41  11,9   0,0   4,6   0,4  19,3   11:47    SO
----------------------------------------------------------------------------------
    10,8  16,6     1    -1,2    26   215,1   0,0 186,8   1,9  72,4     2       O

Max >=  25,0:  0
Max <=   0,0:  0
Min <=   0,0:  2
Min <=  -5,0:  0
Max Rain: 41,6 on day 1
Days of Rain: 21 (>= 1,0 mm)  12 (>= 5,0 mm)  4 (>= 10,0 mm)
Heat Base: 18,0  Cool Base: 18,0  Method: Integration