Sélectionnez une année ou un mois pour voir un rapport
V/Λ2024 > Jan Fév Mar Avr Mai Jui Jul Aou Sep Oct Nov Déc
V/Λ2023 > Jan Fév Mar Avr Mai Jui Jul Aou Sep Oct Nov Déc
V/Λ2022 > Jan Fév Mar Avr Mai Jui Jul Aou Sep Oct Nov Déc
V/Λ2021 > Jan Fév Mar Avr Mai Jui Jul Aou Sep Oct Nov Déc
V/Λ2020 > Jan Fév Mar Avr Mai Jui Jul Aou Sep Oct Nov Déc
V/Λ2019 > Jan Fév Mar Avr Mai Jui Jul Aou Sep Oct Nov Déc
V/Λ2018 > Jan Fév Mar Avr Mai Jui Jul Aou Sep Oct Nov Déc
V/Λ2017 > Jan Fév Mar Avr Mai Jui Jul Aou Sep Oct Nov Déc
V/Λ2016 > Jan Fév Mar Avr Mai Jui Jul Aou Sep Oct Nov Déc
V/Λ2015 > Jan Fév Mar Avr Mai Jui Jul Aou Sep Oct Nov Déc
V/Λ2014 > Jan Fév Mar Avr Mai Jui Jul Aou Sep Oct Nov Déc
V/Λ2013 > Jan Fév Mar Avr Mai Jui Jul Aou Sep Oct Nov Déc
V/Λ2012 > Jan Fév Mar Avr Mai Jui Jul Aou Sep Oct Nov Déc
V/Λ2011 > Jan Fév Mar Avr Mai Jui Jul Aou Sep Oct Nov Déc
V/Λ2010 > Jan Fév Mar Avr Mai Jui Jul Aou Sep Oct Nov Déc
V/Λ2009 > Jan Fév Mar Avr Mai Jui Jul Aou Sep Oct Nov Déc

Tableau pour 2023 Oct
                   Monthly Climatological Summary for oct. 2023

Name: Station météo amateur   City: Saint-Brevin les Pins   State: FRANCE
Elevation: 5 m  Lat: N 47° 14' 09"   Lon: W 002° 09' 35"

                  Temperature (°C), Rain (mm), Wind Speed (km/h)

                                      Heat  Cool        Avg
    Mean                              Deg   Deg         Wind                 Dom
Day Temp  High   Time   Low    Time   Days  Days  Rain  Speed High   Time    Dir
----------------------------------------------------------------------------------
 1  18,8  27,3   15:16  12,2   07:23   1,9   2,7   0,0   0,4  17,7   11:49  S-SO
 2  19,2  27,8   13:42  13,8   05:20   1,2   2,5   0,0   1,2  30,6   15:20  S-SO
 3  17,9  21,3   15:10  11,1   23:57   1,0   0,9   1,0   1,8  27,4   03:41  O-NO
 4  12,9  20,2   16:09   7,4   06:19   5,4   0,2   0,0   0,0  12,9   17:18    NE
 5  13,3  21,7   14:26   6,8   07:30   5,3   0,6   0,0   0,1  11,3   13:07     E
 6  13,3  22,9   14:50   6,2   06:30   5,6   0,9   0,0   0,1  11,3   12:27     E
 7  15,6  25,8   15:40   8,2   08:03   4,3   1,9   0,0   0,3  16,1   12:13  E-SE
 8  15,9  27,9   15:48   8,5   07:04   4,1   2,0   0,0   0,0   9,7   16:32    NO
 9  16,2  27,9   15:11   8,8   07:57   3,8   2,0   0,0   0,0   6,4   13:05   ---
10  15,8  24,2   14:06   9,4   06:50   3,6   1,3   0,0   0,3  16,1   14:28  O-SO
11  17,4  23,6   14:57  12,1   03:04   2,1   1,5   0,2   1,2  25,7   16:01  S-SO
12  19,9  21,8   14:15  18,4   21:43   0,0   1,9   0,0   0,2  17,7   23:53  O-SO
13  20,4  22,2   14:15  17,1   23:32   0,0   2,4   0,4   6,1  46,7   18:56  O-SO
14  14,3  18,6   15:37   9,6   22:03   3,7   0,0   0,0   1,2  29,0   00:33  N-NO
15  11,3  15,9   14:00   6,2   08:28   6,7   0,0   0,0   0,9  24,1   14:21     E
16  11,4  17,2   15:59   7,5   08:50   6,6   0,0   0,0   2,9  32,2   11:21     E
17  16,3  23,7   16:32  10,7   00:00   3,2   1,5   0,0   2,6  30,6   23:14  E-SE
18  18,6  20,8   01:04  17,0   23:54   0,1   0,7  10,6   8,6  59,5   13:19  S-SO
19  16,4  18,3   11:32  14,3   22:49   1,6   0,0  34,6   2,8  59,5   03:12  S-SO
20  14,1  17,0   15:19  12,6   04:45   3,9   0,0  24,6   2,0  43,5   18:26  O-NO
21  14,8  16,8   12:40  12,6   00:37   3,2   0,0   0,8   9,1  54,7   08:58     O
22  14,3  18,7   14:39  11,1   07:03   3,7   0,0   1,8   1,0  30,6   03:49     O
23  13,2  18,1   15:58  10,9   08:02   4,8   0,0   1,8   0,2  17,7   15:53  S-SO
24  13,2  16,4   13:20  10,6   03:06   4,8   0,0  21,4   2,3  37,0   15:07  S-SO
25  15,0  17,1   14:27  12,4   03:45   3,0   0,0   2,8   1,8  46,7   10:02  O-NO
26  14,7  16,2   11:41  13,1   23:43   3,3   0,0   6,2   1,9  35,4   18:38     O
27  14,0  16,4   15:53  12,1   13:13   4,0   0,0   8,8   4,1  43,5   19:28     O
28  14,9  16,6   20:20  13,1   03:27   3,1   0,0  18,4   8,1  59,5   18:15    SO
29  14,6  16,6   11:50  12,4   08:01   3,6   0,0   2,6   6,5  53,1   10:05  O-SO
30  13,1  15,2   15:13  11,0   06:06   4,9   0,0  13,2   1,5  25,7   12:03  O-SO
31  14,7  17,7   14:42  11,8   01:51   3,3   0,0   3,6   2,7  33,8   23:24  O-SO
----------------------------------------------------------------------------------
    15,3  27,9     8     6,2     6   105,8  23,0 152,8   2,3  59,5    18    O-SO

Max >=  25,0:  5
Max <=   0,0:  0
Min <=   0,0:  0
Min <=  -5,0:  0
Max Rain: 34,6 on day 19
Days of Rain: 14 (>= 1,0 mm)  8 (>= 5,0 mm)  6 (>= 10,0 mm)
Heat Base: 18,0  Cool Base: 18,0  Method: Integration