Sélectionnez une année ou un mois pour voir un rapport
V/Λ2024 > Jan Fév Mar Avr Mai Jui Jul Aou Sep Oct Nov Déc
V/Λ2023 > Jan Fév Mar Avr Mai Jui Jul Aou Sep Oct Nov Déc
V/Λ2022 > Jan Fév Mar Avr Mai Jui Jul Aou Sep Oct Nov Déc
V/Λ2021 > Jan Fév Mar Avr Mai Jui Jul Aou Sep Oct Nov Déc
V/Λ2020 > Jan Fév Mar Avr Mai Jui Jul Aou Sep Oct Nov Déc
V/Λ2019 > Jan Fév Mar Avr Mai Jui Jul Aou Sep Oct Nov Déc
V/Λ2018 > Jan Fév Mar Avr Mai Jui Jul Aou Sep Oct Nov Déc
V/Λ2017 > Jan Fév Mar Avr Mai Jui Jul Aou Sep Oct Nov Déc
V/Λ2016 > Jan Fév Mar Avr Mai Jui Jul Aou Sep Oct Nov Déc
V/Λ2015 > Jan Fév Mar Avr Mai Jui Jul Aou Sep Oct Nov Déc
V/Λ2014 > Jan Fév Mar Avr Mai Jui Jul Aou Sep Oct Nov Déc
V/Λ2013 > Jan Fév Mar Avr Mai Jui Jul Aou Sep Oct Nov Déc
V/Λ2012 > Jan Fév Mar Avr Mai Jui Jul Aou Sep Oct Nov Déc
V/Λ2011 > Jan Fév Mar Avr Mai Jui Jul Aou Sep Oct Nov Déc
V/Λ2010 > Jan Fév Mar Avr Mai Jui Jul Aou Sep Oct Nov Déc
V/Λ2009 > Jan Fév Mar Avr Mai Jui Jul Aou Sep Oct Nov Déc

Tableau pour 2023 Sep
                   Monthly Climatological Summary for sept. 2023

Name: Station météo amateur   City: Saint-Brevin les Pins   State: FRANCE
Elevation: 5 m  Lat: N 47° 14' 09"   Lon: W 002° 09' 35"

                  Temperature (°C), Rain (mm), Wind Speed (km/h)

                                      Heat  Cool        Avg
    Mean                              Deg   Deg         Wind                 Dom
Day Temp  High   Time   Low    Time   Days  Days  Rain  Speed High   Time    Dir
----------------------------------------------------------------------------------
 1  19,1  21,7   16:32  17,2   23:55   0,1   1,2  15,0   1,2  25,7   08:43    SO
 2  19,6  25,6   14:22  14,7   08:10   1,1   2,7   0,0   0,4  17,7   18:42  E-NE
 3  23,9  32,7   16:29  16,5   07:11   0,2   6,1   0,0   1,4  29,0   15:50     E
 4  25,8  34,9   15:53  21,0   07:30   0,0   7,8   0,0   1,5  25,7   10:21  E-SE
 5  22,5  29,6   13:56  17,4   07:02   0,0   4,6   0,0   0,4  19,3   14:07    SO
 6  22,5  32,9   15:25  16,8   05:10   0,2   4,6   0,0   0,2  14,5   15:49    SE
 7  21,8  27,2   11:00  17,6   07:05   0,0   3,8   0,0   0,1  19,3   13:34  O-SO
 8  21,9  30,4   16:22  17,2   06:54   0,1   3,9   0,0   0,1  16,1   18:32    SO
 9  22,5  32,1   13:28  16,7   06:59   0,2   4,7   0,0   0,2  16,1   17:56  O-SO
10  21,1  25,3   16:05  16,8   23:56   0,0   3,2   5,2   0,4  16,1   15:05     O
11  19,6  24,6   16:13  15,8   01:42   0,5   2,1   0,0   0,1  14,5   12:19  N-NO
12  19,5  25,3   13:58  16,5   03:33   0,4   1,8   0,0   0,8  22,5   15:31  O-NO
13  17,5  22,2   14:30  12,7   07:18   1,4   0,9   0,0   0,7  19,3   15:20     O
14  18,5  26,4   15:13  12,2   07:41   1,9   2,3   0,0   0,1  14,5   14:48  E-NE
15  20,1  29,7   14:13  12,7   07:23   1,4   3,5   0,2   0,1  16,1   15:04  O-SO
16  20,1  24,7   15:59  17,6   23:13   0,0   2,1   8,2   0,1  19,3   01:41    SE
17  20,7  25,6   13:09  17,2   06:59   0,1   2,7   2,4   1,1  30,6   05:47     S
18  19,4  23,1   13:58  16,8   23:58   0,1   1,5   1,0   1,7  25,7   13:41  O-NO
19  18,1  21,9   13:51  13,0   04:37   1,1   1,2   0,0   2,0  25,7   13:51  O-SO
20  20,0  23,3   14:19  17,8   23:08   0,0   2,0  20,8   4,6  38,6   16:57    SO
21  16,0  19,8   13:52  13,6   19:28   2,0   0,1   6,2   2,8  46,7   02:15  O-SO
22  14,9  20,1   14:14  10,1   06:52   3,4   0,2   3,2   2,3  33,8   01:08  O-NO
23  14,0  19,0   17:02   8,6   08:09   4,0   0,0   0,0   0,4  20,9   16:17    SO
24  16,8  22,5   15:22  12,8   03:41   2,3   1,1   0,0   2,6  30,6   13:54     S
25  19,5  23,1   16:15  15,6   23:26   0,2   1,7   0,0   0,2  14,5   14:14    SO
26  17,7  22,8   14:32  14,2   23:35   1,4   1,2   0,0   0,6  19,3   13:46     O
27  17,3  23,1   13:43  13,4   03:13   1,8   1,0   0,8   1,2  45,1   14:05  S-SO
28  17,6  22,1   17:15  13,1   07:29   1,7   1,3   0,4   1,8  25,7   18:35  S-SO
29  17,9  21,7   14:44  11,8   23:47   0,9   0,8   0,0   2,3  33,8   00:54     O
30  15,5  22,4   14:44  10,1   08:14   3,4   0,9   0,0   0,1  11,3   13:50  O-SO
----------------------------------------------------------------------------------
    19,4  34,9     4     8,6    23    29,9  71,0  63,4   1,1  46,7    21      SO

Max >=  25,0: 13
Max <=   0,0:  0
Min <=   0,0:  0
Min <=  -5,0:  0
Max Rain: 20,8 on day 20
Days of Rain: 8 (>= 1,0 mm)  5 (>= 5,0 mm)  2 (>= 10,0 mm)
Heat Base: 18,0  Cool Base: 18,0  Method: Integration