Sélectionnez une année ou un mois pour voir un rapport
V/Λ2024 > Jan Fév Mar Avr Mai Jui Jul Aou Sep Oct Nov Déc
V/Λ2023 > Jan Fév Mar Avr Mai Jui Jul Aou Sep Oct Nov Déc
V/Λ2022 > Jan Fév Mar Avr Mai Jui Jul Aou Sep Oct Nov Déc
V/Λ2021 > Jan Fév Mar Avr Mai Jui Jul Aou Sep Oct Nov Déc
V/Λ2020 > Jan Fév Mar Avr Mai Jui Jul Aou Sep Oct Nov Déc
V/Λ2019 > Jan Fév Mar Avr Mai Jui Jul Aou Sep Oct Nov Déc
V/Λ2018 > Jan Fév Mar Avr Mai Jui Jul Aou Sep Oct Nov Déc
V/Λ2017 > Jan Fév Mar Avr Mai Jui Jul Aou Sep Oct Nov Déc
V/Λ2016 > Jan Fév Mar Avr Mai Jui Jul Aou Sep Oct Nov Déc
V/Λ2015 > Jan Fév Mar Avr Mai Jui Jul Aou Sep Oct Nov Déc
V/Λ2014 > Jan Fév Mar Avr Mai Jui Jul Aou Sep Oct Nov Déc
V/Λ2013 > Jan Fév Mar Avr Mai Jui Jul Aou Sep Oct Nov Déc
V/Λ2012 > Jan Fév Mar Avr Mai Jui Jul Aou Sep Oct Nov Déc
V/Λ2011 > Jan Fév Mar Avr Mai Jui Jul Aou Sep Oct Nov Déc
V/Λ2010 > Jan Fév Mar Avr Mai Jui Jul Aou Sep Oct Nov Déc
V/Λ2009 > Jan Fév Mar Avr Mai Jui Jul Aou Sep Oct Nov Déc

Tableau pour 2023 Jul
                   Monthly Climatological Summary for juil. 2023

Name: Station météo amateur   City: Saint-Brevin les Pins   State: FRANCE
Elevation: 5 m  Lat: N 47° 14' 09"   Lon: W 002° 09' 35"

                  Temperature (°C), Rain (mm), Wind Speed (km/h)

                                      Heat  Cool        Avg
    Mean                              Deg   Deg         Wind                 Dom
Day Temp  High   Time   Low    Time   Days  Days  Rain  Speed High   Time    Dir
----------------------------------------------------------------------------------
 1  19,0  23,1   14:26  16,5   23:56   0,3   1,3   0,8   3,3  32,2   12:37  O-NO
 2  18,0  21,9   11:37  14,3   05:36   1,0   1,1   0,0   1,7  24,1   12:49     O
 3  18,5  22,1   14:03  15,7   23:46   0,5   1,0   1,2   1,3  17,7   12:37     O
 4  17,5  22,4   15:18  14,8   01:36   1,2   0,7   7,6   2,4  33,8   20:25  O-SO
 5  17,0  21,5   16:17  12,8   03:33   1,8   0,8   0,0   1,6  24,1   16:41     O
 6  16,6  22,9   16:57   9,5   06:44   2,7   1,3   0,0   1,0  19,3   16:10     O
 7  21,1  30,4   14:14  11,1   05:46   1,9   5,0   0,0   0,3  20,9   13:42    SO
 8  21,0  26,9   14:50  17,8   04:56   0,0   3,0   1,6   0,7  19,3   15:59  O-SO
 9  19,9  23,8   16:00  16,6   23:57   0,0   2,0   0,0   0,5  17,7   16:03  O-SO
10  19,6  25,5   14:50  14,1   05:54   1,0   2,6   0,0   1,1  22,5   15:04  O-SO
11  20,6  24,6   15:55  16,8   23:49   0,0   2,7   0,4   1,4  25,7   23:38  O-SO
12  18,3  23,2   14:58  13,7   06:04   1,2   1,5   0,0   2,5  25,7   19:35     O
13  18,8  23,4   12:37  14,3   05:21   1,0   1,9   0,0   1,6  20,9   13:05  O-SO
14  20,1  26,2   12:21  14,6   06:27   0,8   3,0   0,2   5,9  48,3   16:13  S-SO
15  19,5  23,8   15:02  16,8   09:19   0,1   1,6   3,4   5,1  38,6   10:54  O-SO
16  18,8  22,9   14:39  15,7   23:45   0,4   1,2   0,8   3,5  25,7   02:35     O
17  18,3  24,1   16:23  13,2   06:28   1,5   1,8   0,0   1,4  19,3   16:38     O
18  18,6  26,4   14:24  12,5   03:36   1,7   2,4   0,0   2,2  27,4   16:35  O-NO
19  19,4  24,4   13:34  15,9   02:09   0,5   1,9   0,0   2,2  24,1   14:06     O
20  18,2  24,3   13:20  13,1   06:15   1,5   1,7   0,0   0,9  22,5   16:06  O-NO
21  18,4  23,4   13:38  13,4   07:03   1,2   1,6   0,0   1,8  27,4   15:05     O
22  17,5  23,2   14:25  10,5   06:52   2,0   1,6   0,0   2,6  25,7   16:30  O-SO
23  19,7  23,8   14:53  17,5   22:55   0,0   1,7  10,6   4,1  33,8   04:37    SO
24  18,3  22,4   14:52  16,0   05:47   0,6   0,9   1,4   2,8  27,4   13:01     O
25  18,3  23,1   13:49  14,4   07:38   1,0   1,3   0,0   3,1  27,4   13:11  O-NO
26  18,1  22,9   14:12  13,9   03:29   1,2   1,3   2,0   1,4  20,9   12:23     O
27  19,3  22,5   14:26  17,2   02:10   0,1   1,4   1,6   2,9  27,4   11:51  O-SO
28  19,8  21,9   15:28  18,1   22:28   0,0   1,8   5,4   1,5  25,7   07:36  O-SO
29  20,6  25,1   14:12  16,7   23:52   0,1   2,7   0,2   2,5  32,2   19:31     O
30  19,6  24,6   14:39  16,0   04:36   0,6   2,2   0,0   2,5  22,5   13:51     O
31  19,5  21,2   16:10  18,0   06:17   0,0   1,5   0,8   5,1  33,8   08:49  O-SO
----------------------------------------------------------------------------------
    19,0  30,4     7     9,5     6    25,9  56,5  38,0   2,3  48,3    14       O

Max >=  25,0:  6
Max <=   0,0:  0
Min <=   0,0:  0
Min <=  -5,0:  0
Max Rain: 10,6 on day 23
Days of Rain: 9 (>= 1,0 mm)  3 (>= 5,0 mm)  1 (>= 10,0 mm)
Heat Base: 18,0  Cool Base: 18,0  Method: Integration