Sélectionnez une année ou un mois pour voir un rapport
V/Λ2024 > Jan Fév Mar Avr Mai Jui Jul Aou Sep Oct Nov Déc
V/Λ2023 > Jan Fév Mar Avr Mai Jui Jul Aou Sep Oct Nov Déc
V/Λ2022 > Jan Fév Mar Avr Mai Jui Jul Aou Sep Oct Nov Déc
V/Λ2021 > Jan Fév Mar Avr Mai Jui Jul Aou Sep Oct Nov Déc
V/Λ2020 > Jan Fév Mar Avr Mai Jui Jul Aou Sep Oct Nov Déc
V/Λ2019 > Jan Fév Mar Avr Mai Jui Jul Aou Sep Oct Nov Déc
V/Λ2018 > Jan Fév Mar Avr Mai Jui Jul Aou Sep Oct Nov Déc
V/Λ2017 > Jan Fév Mar Avr Mai Jui Jul Aou Sep Oct Nov Déc
V/Λ2016 > Jan Fév Mar Avr Mai Jui Jul Aou Sep Oct Nov Déc
V/Λ2015 > Jan Fév Mar Avr Mai Jui Jul Aou Sep Oct Nov Déc
V/Λ2014 > Jan Fév Mar Avr Mai Jui Jul Aou Sep Oct Nov Déc
V/Λ2013 > Jan Fév Mar Avr Mai Jui Jul Aou Sep Oct Nov Déc
V/Λ2012 > Jan Fév Mar Avr Mai Jui Jul Aou Sep Oct Nov Déc
V/Λ2011 > Jan Fév Mar Avr Mai Jui Jul Aou Sep Oct Nov Déc
V/Λ2010 > Jan Fév Mar Avr Mai Jui Jul Aou Sep Oct Nov Déc
V/Λ2009 > Jan Fév Mar Avr Mai Jui Jul Aou Sep Oct Nov Déc

Tableau pour 2023 Jui
                   Monthly Climatological Summary for juin 2023

Name: Station météo amateur   City: Saint-Brevin les Pins   State: FRANCE
Elevation: 5 m  Lat: N 47° 14' 09"   Lon: W 002° 09' 35"

                  Temperature (°C), Rain (mm), Wind Speed (km/h)

                                      Heat  Cool        Avg
    Mean                              Deg   Deg         Wind                 Dom
Day Temp  High   Time   Low    Time   Days  Days  Rain  Speed High   Time    Dir
----------------------------------------------------------------------------------
 1  21,4  28,2   17:43  14,4   06:13   0,8   4,2   0,0   2,8  29,0   16:10  E-NE
 2  19,9  25,3   15:26  15,1   07:19   0,6   2,5   0,0   3,2  35,4   11:18  E-NE
 3  18,5  25,8   17:56  10,9   06:31   2,1   2,6   0,0   2,2  25,7   12:59  E-NE
 4  21,1  28,3   16:16  13,2   04:46   1,2   4,3   0,0   1,5  24,1   14:24  E-NE
 5  21,3  28,4   16:07  14,4   05:08   0,8   4,1   0,0   1,5  20,9   09:40  E-NE
 6  21,3  28,1   15:40  14,8   06:30   0,7   4,0   0,0   1,8  29,0   13:15  E-NE
 7  22,9  30,9   16:09  14,7   06:12   0,7   5,6   0,0   1,9  25,7   13:23     E
 8  21,5  28,2   13:01  18,8   22:50   0,0   3,5   4,8   1,6  27,4   17:28  E-SE
 9  20,3  25,3   15:50  17,2   23:52   0,0   2,3   3,2   0,2  16,1   13:25  O-SO
10  19,8  24,2   14:09  16,3   05:40   0,3   2,1   0,0   2,1  24,1   15:16     O
11  19,5  24,6   14:10  15,1   06:49   0,7   2,2   0,0   1,4  20,9   14:45     O
12  20,2  27,1   14:43  14,1   04:55   1,1   3,3   0,2   0,5  20,9   16:10    NO
13  22,1  29,8   17:50  15,3   06:20   0,5   4,6   0,0   1,1  22,5   00:57  N-NE
14  20,6  25,7   15:59  15,0   06:31   0,5   3,1   0,0   0,8  19,3   14:43     O
15  19,4  23,8   12:36  15,1   05:57   0,5   1,9   0,0   1,2  20,9   14:05  O-SO
16  19,0  24,3   12:44  14,8   06:37   0,7   1,7   0,0   0,5  17,7   16:51    SO
17  19,5  23,9   12:15  14,8   06:26   0,8   2,3   1,0   0,1  14,5   16:26     O
18  18,5  21,3   18:35  16,4   23:51   0,3   0,8   6,2   0,7  22,5   17:20  O-SO
19  20,0  26,5   16:31  14,9   07:05   0,7   2,7   0,0   0,3  16,1   16:46    SO
20  20,7  23,8   14:11  16,9   23:57   0,0   2,7   0,0   1,6  19,3   12:54  O-SO
21  19,9  24,8   15:19  13,9   05:47   0,9   2,8   0,0   0,8  19,3   15:41     O
22  21,6  27,9   14:25  16,9   06:56   0,1   3,7   0,0   1,9  22,5   15:03    NO
23  20,9  28,3   15:11  13,4   06:28   0,9   3,8   0,0   0,9  19,3   15:38  O-NO
24  23,1  32,1   16:36  14,6   06:19   0,7   5,8   0,0   1,3  33,8   12:13    SE
25  21,7  26,8   15:34  17,2   03:29   0,1   3,8   0,0   3,0  32,2   17:17     O
26  19,1  24,3   15:41  14,3   06:13   0,8   1,9   0,0   1,8  24,1   14:50     O
27  19,1  25,3   14:48  12,9   05:06   1,4   2,5   0,0   0,8  19,3   16:08  O-NO
28  19,8  26,7   13:39  12,7   06:16   1,3   3,1   0,0   0,8  17,7   14:33  O-NO
29  19,9  26,3   15:44  15,2   06:07   0,6   2,5   0,0   1,2  25,7   17:38  N-NO
30  16,6  19,9   11:03  12,4   06:30   1,5   0,1   2,8   0,9  20,9   01:39     O
----------------------------------------------------------------------------------
    20,3  32,1    24    10,9     3    21,3  90,5  18,2   1,3  35,4     2    N-NO

Max >=  25,0: 20
Max <=   0,0:  0
Min <=   0,0:  0
Min <=  -5,0:  0
Max Rain: 6,2 on day 18
Days of Rain: 5 (>= 1,0 mm)  1 (>= 5,0 mm)  0 (>= 10,0 mm)
Heat Base: 18,0  Cool Base: 18,0  Method: Integration