Sélectionnez une année ou un mois pour voir un rapport
V/Λ2024 > Jan Fév Mar Avr Mai Jui Jul Aou Sep Oct Nov Déc
V/Λ2023 > Jan Fév Mar Avr Mai Jui Jul Aou Sep Oct Nov Déc
V/Λ2022 > Jan Fév Mar Avr Mai Jui Jul Aou Sep Oct Nov Déc
V/Λ2021 > Jan Fév Mar Avr Mai Jui Jul Aou Sep Oct Nov Déc
V/Λ2020 > Jan Fév Mar Avr Mai Jui Jul Aou Sep Oct Nov Déc
V/Λ2019 > Jan Fév Mar Avr Mai Jui Jul Aou Sep Oct Nov Déc
V/Λ2018 > Jan Fév Mar Avr Mai Jui Jul Aou Sep Oct Nov Déc
V/Λ2017 > Jan Fév Mar Avr Mai Jui Jul Aou Sep Oct Nov Déc
V/Λ2016 > Jan Fév Mar Avr Mai Jui Jul Aou Sep Oct Nov Déc
V/Λ2015 > Jan Fév Mar Avr Mai Jui Jul Aou Sep Oct Nov Déc
V/Λ2014 > Jan Fév Mar Avr Mai Jui Jul Aou Sep Oct Nov Déc
V/Λ2013 > Jan Fév Mar Avr Mai Jui Jul Aou Sep Oct Nov Déc
V/Λ2012 > Jan Fév Mar Avr Mai Jui Jul Aou Sep Oct Nov Déc
V/Λ2011 > Jan Fév Mar Avr Mai Jui Jul Aou Sep Oct Nov Déc
V/Λ2010 > Jan Fév Mar Avr Mai Jui Jul Aou Sep Oct Nov Déc
V/Λ2009 > Jan Fév Mar Avr Mai Jui Jul Aou Sep Oct Nov Déc

Tableau pour 2023 Mai
                   Monthly Climatological Summary for mai 2023

Name: Station météo amateur   City: Saint-Brevin les Pins   State: FRANCE
Elevation: 5 m  Lat: N 47° 14' 09"   Lon: W 002° 09' 35"

                  Temperature (°C), Rain (mm), Wind Speed (km/h)

                                      Heat  Cool        Avg
    Mean                              Deg   Deg         Wind                 Dom
Day Temp  High   Time   Low    Time   Days  Days  Rain  Speed High   Time    Dir
----------------------------------------------------------------------------------
 1  13,8  19,3   14:31   9,3   07:17   4,3   0,0   0,0   1,3  27,4   16:43  O-NO
 2  14,0  21,8   16:41   6,7   06:10   4,7   0,7   0,0   1,1  22,5   15:24  E-SE
 3  17,0  23,6   15:13  10,2   06:41   2,6   1,6   0,0   4,5  37,0   12:10  E-SE
 4  16,3  18,6   15:02  14,2   08:17   1,8   0,0   0,8   3,4  30,6   12:57    SO
 5  15,6  18,3   14:46  13,8   23:56   2,4   0,0   0,0   2,9  32,2   14:26    SO
 6  15,3  20,3   12:25  12,9   04:45   2,8   0,1   1,8   0,7  14,5   13:26    SO
 7  16,0  19,7   14:21  12,9   23:54   2,2   0,1   0,6   1,8  27,4   15:21     O
 8  14,6  17,3   12:28  12,1   05:12   3,4   0,0   0,6   1,5  22,5   16:39  S-SO
 9  15,2  17,8   16:30  12,4   23:57   2,8   0,0  10,6   4,5  41,8   18:35     O
10  13,9  18,1   14:27  10,9   05:22   4,1   0,0   3,8   3,9  40,2   14:18  O-NO
11  13,5  17,5   15:57   9,8   05:24   4,5   0,0   0,2   1,6  22,5   16:43  O-NO
12  13,7  19,9   14:36   9,6   04:23   4,4   0,1   0,0   1,5  29,0   19:24  N-NE
13  15,0  20,7   15:03  12,1   23:51   3,4   0,4   0,0   2,4  27,4   17:13  N-NE
14  14,9  20,7   13:53   9,7   04:50   3,6   0,5   0,0   1,7  22,5   05:42    NO
15  13,6  16,6   13:30   9,7   23:55   4,4   0,0   1,0   1,6  33,8   16:17  N-NE
16  13,2  19,7   16:55   6,9   06:07   5,0   0,2   0,0   1,8  25,7   14:03    NE
17  14,0  21,1   16:09   6,6   07:10   4,5   0,5   0,0   1,5  27,4   16:11    NE
18  14,3  20,9   16:07   8,8   06:35   4,1   0,4   0,0   1,5  25,7   18:57    NE
19  14,3  21,9   15:19   7,6   05:48   4,2   0,6   0,0   2,3  30,6   15:20    NE
20  15,1  22,3   15:53   7,9   06:33   3,9   1,0   0,0   2,3  29,0   12:49    NE
21  16,1  22,3   14:45  10,1   06:29   3,0   1,1   0,0   1,9  27,4   15:23    NE
22  16,6  22,1   14:56  11,6   05:08   2,2   0,9   0,0   2,1  29,0   10:31    NE
23  16,6  21,5   12:54  11,8   06:14   2,1   0,7   0,0   3,4  35,4   15:50  E-NE
24  15,7  22,1   16:11   9,3   06:34   3,2   0,9   0,0   3,7  38,6   14:27  E-NE
25  16,7  22,6   17:13   9,9   05:55   2,6   1,3   0,0   3,5  35,4   15:14  E-NE
26  18,7  25,7   16:27  12,3   06:54   1,8   2,5   0,0   2,9  32,2   11:01  E-NE
27  19,9  27,1   16:19  12,4   06:52   1,4   3,3   0,0   2,0  25,7   13:15  E-NE
28  20,3  27,9   16:21  13,3   06:55   1,1   3,5   0,0   2,1  32,2   15:21    NE
29  20,3  26,5   17:48  14,4   06:42   0,8   3,1   0,0   3,4  35,4   18:20  E-NE
30  19,4  26,7   17:19  12,6   06:42   1,4   2,8   0,0   3,8  35,4   15:44  E-NE
31  19,0  26,6   16:31  11,4   06:34   1,8   2,8   0,0   2,7  33,8   16:02    NE
----------------------------------------------------------------------------------
    15,9  27,9    28     6,6    17    94,5  29,1  19,4   2,4  41,8     9      NE

Max >=  25,0:  6
Max <=   0,0:  0
Min <=   0,0:  0
Min <=  -5,0:  0
Max Rain: 10,6 on day 9
Days of Rain: 4 (>= 1,0 mm)  1 (>= 5,0 mm)  1 (>= 10,0 mm)
Heat Base: 18,0  Cool Base: 18,0  Method: Integration