Sélectionnez une année ou un mois pour voir un rapport
V/Λ2024 > Jan Fév Mar Avr Mai Jui Jul Aou Sep Oct Nov Déc
V/Λ2023 > Jan Fév Mar Avr Mai Jui Jul Aou Sep Oct Nov Déc
V/Λ2022 > Jan Fév Mar Avr Mai Jui Jul Aou Sep Oct Nov Déc
V/Λ2021 > Jan Fév Mar Avr Mai Jui Jul Aou Sep Oct Nov Déc
V/Λ2020 > Jan Fév Mar Avr Mai Jui Jul Aou Sep Oct Nov Déc
V/Λ2019 > Jan Fév Mar Avr Mai Jui Jul Aou Sep Oct Nov Déc
V/Λ2018 > Jan Fév Mar Avr Mai Jui Jul Aou Sep Oct Nov Déc
V/Λ2017 > Jan Fév Mar Avr Mai Jui Jul Aou Sep Oct Nov Déc
V/Λ2016 > Jan Fév Mar Avr Mai Jui Jul Aou Sep Oct Nov Déc
V/Λ2015 > Jan Fév Mar Avr Mai Jui Jul Aou Sep Oct Nov Déc
V/Λ2014 > Jan Fév Mar Avr Mai Jui Jul Aou Sep Oct Nov Déc
V/Λ2013 > Jan Fév Mar Avr Mai Jui Jul Aou Sep Oct Nov Déc
V/Λ2012 > Jan Fév Mar Avr Mai Jui Jul Aou Sep Oct Nov Déc
V/Λ2011 > Jan Fév Mar Avr Mai Jui Jul Aou Sep Oct Nov Déc
V/Λ2010 > Jan Fév Mar Avr Mai Jui Jul Aou Sep Oct Nov Déc
V/Λ2009 > Jan Fév Mar Avr Mai Jui Jul Aou Sep Oct Nov Déc

Tableau pour 2023 Avr
                   Monthly Climatological Summary for avr. 2023

Name: Station météo amateur   City: Saint-Brevin les Pins   State: FRANCE
Elevation: 5 m  Lat: N 47° 14' 09"   Lon: W 002° 09' 35"

                  Temperature (°C), Rain (mm), Wind Speed (km/h)

                                      Heat  Cool        Avg
    Mean                              Deg   Deg         Wind                 Dom
Day Temp  High   Time   Low    Time   Days  Days  Rain  Speed High   Time    Dir
----------------------------------------------------------------------------------
 1  11,3  14,9   15:41   9,2   11:48   6,7   0,0   3,4   7,0  40,2   11:23  O-NO
 2  10,5  13,6   11:16   8,3   04:57   7,5   0,0   0,2   2,3  22,5   03:23     N
 3   7,2  11,7   18:04   3,1   08:08  10,8   0,0   0,0   2,9  25,7   11:29  E-NE
 4   7,8  15,6   16:31   1,3   07:20  10,2   0,0   0,0   2,3  30,6   13:29  E-NE
 5   7,6  13,8   15:41  -0,3   07:13  10,4   0,0   0,0   0,8  17,7   15:45  O-SO
 6  10,8  13,8   15:45   7,4   23:28   7,2   0,0   0,0   1,1  22,5   16:54     O
 7   9,3  16,3   15:12   2,1   07:40   8,7   0,0   0,0   1,1  20,9   13:36     E
 8  10,3  18,5   16:16   2,9   06:43   7,7   0,0   0,0   2,2  27,4   13:32  E-SE
 9  12,3  19,9   14:25   6,1   05:04   5,9   0,2   0,0   1,2  19,3   09:23  S-SE
10  12,7  14,7   17:16  11,2   23:53   5,3   0,0   0,8   2,6  29,0   17:19     O
11  11,7  14,4   15:03   8,7   04:57   6,3   0,0   4,6   4,0  40,2   20:31    SO
12  10,5  13,9   15:54   5,9   07:45   7,5   0,0   6,6   8,6  54,7   17:31  O-NO
13   9,6  13,2   15:39   7,3   07:26   8,4   0,0   4,8   4,0  38,6   01:36  O-NO
14  11,6  14,8   16:32   8,9   00:00   6,4   0,0  10,6   6,7  46,7   16:36     O
15  11,5  17,4   14:07   6,8   23:58   6,5   0,0   0,0   3,2  27,4   14:05    NO
16  10,1  16,6   15:14   3,8   06:54   7,9   0,0   0,0   0,9  16,1   17:06     O
17  11,7  18,9   15:38   5,0   07:29   6,3   0,1   0,0   1,5  25,7   15:14  E-NE
18  11,9  18,8   14:56   6,9   07:15   6,1   0,0   0,0   2,9  30,6   15:53  E-NE
19  13,1  20,9   16:45   6,3   05:04   5,4   0,5   0,0   1,1  24,1   14:00  E-NE
20  13,4  18,8   14:19   8,8   07:19   4,7   0,0   0,0   3,5  33,8   16:39  E-NE
21  10,3  15,8   14:52   4,7   07:27   7,7   0,0   0,0   1,4  22,5   16:59     E
22  12,4  16,4   12:19   7,0   08:06   5,6   0,0   0,0   2,8  32,2   13:35    SO
23  13,0  16,4   14:44  10,0   23:58   5,0   0,0   7,0   8,3  74,0   07:17  O-SO
24  11,9  16,4   14:38   8,7   03:55   6,1   0,0   0,0   2,7  25,7   13:03     O
25  10,6  14,7   16:14   5,4   06:43   7,4   0,0   0,0   0,5  25,7   23:18  S-SE
26  13,1  16,1   15:41  10,7   05:50   4,9   0,0   0,8   1,0  17,7   15:59  O-SO
27  12,9  15,4   15:17   9,4   03:52   5,1   0,0   6,2   1,3  24,1   11:34     S
28  15,4  20,9   15:26  12,9   23:26   2,7   0,1   0,2   0,3  12,9   15:29  O-SO
29  13,7  17,1   16:12  11,1   08:39   4,3   0,0   0,0   1,1  20,9   16:02  E-NE
30  14,7  19,1   15:11  11,3   04:56   3,3   0,1   0,0   1,0  22,5   18:03     O
----------------------------------------------------------------------------------
    11,4  20,9    19    -0,3     5   198,0   1,0  45,2   2,7  74,0    23       O

Max >=  25,0:  0
Max <=   0,0:  0
Min <=   0,0:  1
Min <=  -5,0:  0
Max Rain: 10,6 on day 14
Days of Rain: 7 (>= 1,0 mm)  4 (>= 5,0 mm)  1 (>= 10,0 mm)
Heat Base: 18,0  Cool Base: 18,0  Method: Integration