Sélectionnez une année ou un mois pour voir un rapport
V/Λ2024 > Jan Fév Mar Avr Mai Jui Jul Aou Sep Oct Nov Déc
V/Λ2023 > Jan Fév Mar Avr Mai Jui Jul Aou Sep Oct Nov Déc
V/Λ2022 > Jan Fév Mar Avr Mai Jui Jul Aou Sep Oct Nov Déc
V/Λ2021 > Jan Fév Mar Avr Mai Jui Jul Aou Sep Oct Nov Déc
V/Λ2020 > Jan Fév Mar Avr Mai Jui Jul Aou Sep Oct Nov Déc
V/Λ2019 > Jan Fév Mar Avr Mai Jui Jul Aou Sep Oct Nov Déc
V/Λ2018 > Jan Fév Mar Avr Mai Jui Jul Aou Sep Oct Nov Déc
V/Λ2017 > Jan Fév Mar Avr Mai Jui Jul Aou Sep Oct Nov Déc
V/Λ2016 > Jan Fév Mar Avr Mai Jui Jul Aou Sep Oct Nov Déc
V/Λ2015 > Jan Fév Mar Avr Mai Jui Jul Aou Sep Oct Nov Déc
V/Λ2014 > Jan Fév Mar Avr Mai Jui Jul Aou Sep Oct Nov Déc
V/Λ2013 > Jan Fév Mar Avr Mai Jui Jul Aou Sep Oct Nov Déc
V/Λ2012 > Jan Fév Mar Avr Mai Jui Jul Aou Sep Oct Nov Déc
V/Λ2011 > Jan Fév Mar Avr Mai Jui Jul Aou Sep Oct Nov Déc
V/Λ2010 > Jan Fév Mar Avr Mai Jui Jul Aou Sep Oct Nov Déc
V/Λ2009 > Jan Fév Mar Avr Mai Jui Jul Aou Sep Oct Nov Déc

Tableau pour 2023 Jan
                   Monthly Climatological Summary for janv. 2023

Name: Station météo amateur   City: Saint-Brevin les Pins   State: FRANCE
Elevation: 5 m  Lat: N 47° 14' 09"   Lon: W 002° 09' 35"

                  Temperature (°C), Rain (mm), Wind Speed (km/h)

                                      Heat  Cool        Avg
    Mean                              Deg   Deg         Wind                 Dom
Day Temp  High   Time   Low    Time   Days  Days  Rain  Speed High   Time    Dir
----------------------------------------------------------------------------------
 1  11,8  14,2   22:30  11,1   01:21   0,1   0,0   0,0   7,1  29,0   22:30  S-SO
 2  10,3  14,2   17:11   9,5   23:55   2,2   0,0   0,0   3,2  19,3   13:22  O-SO
 3  10,9  13,1   12:07   8,1   07:30   7,1   0,0   2,4   6,2  30,6   22:13    SO
 4  12,4  12,9   14:19  12,0   00:00   5,6   0,0   2,0   9,7  32,2   03:17  O-SO
 5  11,8  12,7   12:46  11,1   09:34   6,2   0,0   1,8   4,8  22,5   12:53  O-SO
 6  12,2  13,8   13:23  11,2   00:00   5,8   0,0   0,2   7,8  35,4   22:13  S-SO
 7  11,6  12,5   11:32  10,8   02:53   6,4   0,0   4,0  12,0  45,1   08:44  S-SO
 8  10,0  11,4   15:08   8,8   19:43   8,0   0,0   5,6  10,4  48,3   15:41     O
 9   8,8  11,6   12:58   6,6   08:37   9,2   0,0   2,8  12,1  64,4   01:06  O-NO
10  11,4  13,0   15:00   7,4   00:00   6,6   0,0   3,6   8,2  37,0   23:45  O-SO
11  11,3  13,5   14:28   9,0   09:46   6,7   0,0   2,2   9,1  38,6   00:28     O
12  11,8  12,6   12:08  10,8   07:38   6,2   0,0   3,4  12,4  46,7   06:49     O
13  11,0  12,9   12:46   9,5   03:52   7,0   0,0   0,4   7,9  37,0   01:55     O
14  11,5  12,8   11:51   7,9   23:48   6,5   0,0  10,6  10,5  45,1   12:13  O-SO
15   8,3  10,6   13:09   5,7   03:18   9,7   0,0  11,6  13,0  72,4   23:35     O
16   7,2  10,1   14:27   3,3   21:15  10,8   0,0   5,0  13,7  70,8   04:19  O-NO
17   4,5   7,7   12:59   1,6   23:53  13,5   0,0  11,2   6,1  41,8   21:17  N-NO
18   2,5   8,2   14:36  -0,2   04:39  15,5   0,0   1,2   4,6  25,7   14:41    NO
19   2,5   5,2   11:11  -0,5   23:52  15,5   0,0   5,0   3,4  25,7   14:02     E
20   1,6   8,8   14:35  -2,1   05:42  16,4   0,0   0,2   0,1   9,7   15:17     O
21   1,0   7,7   15:02  -2,9   08:08  17,0   0,0   0,0   2,0  24,1   13:41    NE
22  -0,9   5,1   15:09  -4,3   05:42  18,9   0,0   0,0   1,8  24,1   15:15  E-NE
23   0,2   5,2   14:37  -4,1   04:17  17,8   0,0   0,2   4,5  32,2   22:03  E-NE
24   2,8   3,9   15:14   1,9   05:59  15,2   0,0   0,0   6,6  33,8   05:47  E-NE
25   2,4   2,8   12:21  -0,3   23:02  15,6   0,0   0,0   2,2  19,3   15:53    NE
26   5,4   8,8   13:55   1,5   00:00  12,6   0,0   6,0   4,4  38,6   19:22  N-NE
27   5,5   8,4   15:33   3,4   00:57  12,5   0,0   0,4   6,0  29,0   12:04  N-NE
28   3,8   7,3   13:18   0,0   06:46  14,2   0,0   0,0   4,6  27,4   12:14    NE
29   4,4   7,1   15:41   2,1   00:42  13,6   0,0   0,0   0,3  12,9   17:31  N-NE
30   8,0  10,2   14:31   4,7   00:00  10,0   0,0   1,6   1,8  16,1   07:06  S-SO
31   8,0  10,8   13:40   6,1   08:47  10,0   0,0   0,2   0,9  14,5   15:04    NO
----------------------------------------------------------------------------------
     7,2  14,2     1    -4,3    22   322,4   0,0  81,6   6,4  72,4    15       O

Max >=  25,0:  0
Max <=   0,0:  0
Min <=   0,0:  8
Min <=  -5,0:  0
Max Rain: 11,6 on day 15
Days of Rain: 17 (>= 1,0 mm)  7 (>= 5,0 mm)  3 (>= 10,0 mm)
Heat Base: 18,0  Cool Base: 18,0  Method: Integration