Sélectionnez une année ou un mois pour voir un rapport
V/Λ2024 > Jan Fév Mar Avr Mai Jui Jul Aou Sep Oct Nov Déc
V/Λ2023 > Jan Fév Mar Avr Mai Jui Jul Aou Sep Oct Nov Déc
V/Λ2022 > Jan Fév Mar Avr Mai Jui Jul Aou Sep Oct Nov Déc
V/Λ2021 > Jan Fév Mar Avr Mai Jui Jul Aou Sep Oct Nov Déc
V/Λ2020 > Jan Fév Mar Avr Mai Jui Jul Aou Sep Oct Nov Déc
V/Λ2019 > Jan Fév Mar Avr Mai Jui Jul Aou Sep Oct Nov Déc
V/Λ2018 > Jan Fév Mar Avr Mai Jui Jul Aou Sep Oct Nov Déc
V/Λ2017 > Jan Fév Mar Avr Mai Jui Jul Aou Sep Oct Nov Déc
V/Λ2016 > Jan Fév Mar Avr Mai Jui Jul Aou Sep Oct Nov Déc
V/Λ2015 > Jan Fév Mar Avr Mai Jui Jul Aou Sep Oct Nov Déc
V/Λ2014 > Jan Fév Mar Avr Mai Jui Jul Aou Sep Oct Nov Déc
V/Λ2013 > Jan Fév Mar Avr Mai Jui Jul Aou Sep Oct Nov Déc
V/Λ2012 > Jan Fév Mar Avr Mai Jui Jul Aou Sep Oct Nov Déc
V/Λ2011 > Jan Fév Mar Avr Mai Jui Jul Aou Sep Oct Nov Déc
V/Λ2010 > Jan Fév Mar Avr Mai Jui Jul Aou Sep Oct Nov Déc
V/Λ2009 > Jan Fév Mar Avr Mai Jui Jul Aou Sep Oct Nov Déc

Tableau pour 2022 Aou
                   Monthly Climatological Summary for août 2022

Name: Station météo amateur   City: Saint-Brevin les Pins   State: FRANCE
Elevation: 5 m  Lat: N 47° 14' 09"   Lon: W 002° 09' 35"

                  Temperature (°C), Rain (mm), Wind Speed (km/h)

                                      Heat  Cool        Avg
    Mean                              Deg   Deg         Wind                 Dom
Day Temp  High   Time   Low    Time   Days  Days  Rain  Speed High   Time    Dir
----------------------------------------------------------------------------------
 1  20,2  25,5   14:26  16,0   05:19   0,3   2,5   0,0   1,7  25,7   17:02     O
 2  22,9  30,9   13:26  15,4   06:49   0,4   5,3   0,0   2,1  24,1   15:39     O
 3  23,5  31,8   15:36  16,6   06:25   0,1   5,6   0,0   1,7  22,5   15:58     O
 4  22,3  29,4   15:42  18,1   23:50   0,0   4,3   1,6   2,3  24,1   21:58  N-NE
 5  20,2  27,8   15:35  13,3   06:41   1,0   3,3   0,0   5,5  32,2   19:44  N-NE
 6  20,8  29,0   15:38  13,1   06:25   1,3   4,2   0,0   5,9  30,6   19:30  E-NE
 7  21,9  30,4   14:59  12,6   06:48   1,1   5,0   0,0   4,4  35,4   12:08  E-NE
 8  23,6  32,4   16:51  14,7   07:07   0,4   5,9   0,0   2,9  30,6   16:16  E-NE
 9  25,0  34,1   16:07  16,3   07:02   0,2   7,1   0,0   2,6  25,7   11:44  E-NE
10  26,4  36,2   15:42  16,9   07:05   0,1   8,5   0,0   2,8  29,0   14:46  E-NE
11  26,9  37,2   16:02  16,1   07:04   0,2   9,2   0,0   2,8  29,0   12:00     E
12  27,3  36,7   16:36  17,7   07:22   0,0   9,3   0,0   1,9  22,5   14:12     E
13  23,8  37,1   13:55  16,1   06:51   0,2   6,0   0,0   1,9  29,0   17:25  S-SO
14  19,5  20,8   00:00  18,3   18:54   0,0   1,5   0,6   2,1  27,4   01:27    SO
15  20,1  24,2   16:21  18,2   00:25   0,0   2,1   0,0   3,8  24,1   14:01  O-SO
16  19,4  25,0   15:48  15,9   23:49   0,3   1,7   4,0   2,7  29,0   16:44  S-SO
17  17,8  22,8   16:46  14,4   04:55   1,1   0,9  10,2   0,3  19,3   16:30  O-NO
18  19,2  24,8   16:16  15,3   03:49   0,6   1,9   0,2   2,8  32,2   14:14  O-NO
19  19,8  22,7   15:02  16,3   23:57   0,0   1,8   0,8   2,7  24,1   15:28     O
20  17,6  24,6   13:13  10,9   07:14   2,0   1,6   0,0   2,1  24,1   16:54     O
21  17,6  22,2   13:47  14,1   03:12   1,3   0,9   1,8   0,4  17,7   14:21    SO
22  19,9  23,4   15:33  18,2   08:43   0,0   1,9   0,2   2,7  25,7   13:47     O
23  20,8  25,6   16:06  17,6   23:17   0,0   2,8   0,0   1,8  22,5   17:35     O
24  23,1  31,3   16:36  15,7   06:12   0,5   5,6   1,2   1,1  25,7   23:20  N-NE
25  20,5  23,2   16:02  17,0   23:58   0,0   2,5   1,8   0,6  20,9   19:06     N
26  19,1  25,7   14:51  13,2   07:29   1,4   2,5   0,0   1,2  25,7   15:13     N
27  20,5  29,3   15:57  13,2   05:49   1,4   3,8   0,0   1,6  22,5   13:30    NE
28  21,8  29,0   15:55  15,7   07:04   0,3   4,1   0,0   2,6  27,4   13:23     E
29  22,4  32,1   15:51  15,2   07:04   0,5   4,9   0,0   2,0  25,7   15:48     E
30  22,7  33,8   14:45  17,7   06:53   0,0   4,7   0,0   1,6  22,5   15:56     O
31  20,6  26,6   12:50  17,7   06:44   0,0   2,6   1,6   1,0  22,5   16:39  O-SO
----------------------------------------------------------------------------------
    21,5  37,2    11    10,9    20    14,7 124,0  24,0   2,3  35,4     7       N

Max >=  25,0: 22
Max <=   0,0:  0
Min <=   0,0:  0
Min <=  -5,0:  0
Max Rain: 10,2 on day 17
Days of Rain: 7 (>= 1,0 mm)  1 (>= 5,0 mm)  1 (>= 10,0 mm)
Heat Base: 18,0  Cool Base: 18,0  Method: Integration