Sélectionnez une année ou un mois pour voir un rapport
V/Λ2024 > Jan Fév Mar Avr Mai Jui Jul Aou Sep Oct Nov Déc
V/Λ2023 > Jan Fév Mar Avr Mai Jui Jul Aou Sep Oct Nov Déc
V/Λ2022 > Jan Fév Mar Avr Mai Jui Jul Aou Sep Oct Nov Déc
V/Λ2021 > Jan Fév Mar Avr Mai Jui Jul Aou Sep Oct Nov Déc
V/Λ2020 > Jan Fév Mar Avr Mai Jui Jul Aou Sep Oct Nov Déc
V/Λ2019 > Jan Fév Mar Avr Mai Jui Jul Aou Sep Oct Nov Déc
V/Λ2018 > Jan Fév Mar Avr Mai Jui Jul Aou Sep Oct Nov Déc
V/Λ2017 > Jan Fév Mar Avr Mai Jui Jul Aou Sep Oct Nov Déc
V/Λ2016 > Jan Fév Mar Avr Mai Jui Jul Aou Sep Oct Nov Déc
V/Λ2015 > Jan Fév Mar Avr Mai Jui Jul Aou Sep Oct Nov Déc
V/Λ2014 > Jan Fév Mar Avr Mai Jui Jul Aou Sep Oct Nov Déc
V/Λ2013 > Jan Fév Mar Avr Mai Jui Jul Aou Sep Oct Nov Déc
V/Λ2012 > Jan Fév Mar Avr Mai Jui Jul Aou Sep Oct Nov Déc
V/Λ2011 > Jan Fév Mar Avr Mai Jui Jul Aou Sep Oct Nov Déc
V/Λ2010 > Jan Fév Mar Avr Mai Jui Jul Aou Sep Oct Nov Déc
V/Λ2009 > Jan Fév Mar Avr Mai Jui Jul Aou Sep Oct Nov Déc

Tableau pour 2022 Mar
                   Monthly Climatological Summary for mars 2022

Name: Station météo amateur   City: Saint-Brevin les Pins   State: FRANCE
Elevation: 5 m  Lat: N 47° 14' 09"   Lon: W 002° 09' 35"

                  Temperature (°C), Rain (mm), Wind Speed (km/h)

                                      Heat  Cool        Avg
    Mean                              Deg   Deg         Wind                 Dom
Day Temp  High   Time   Low    Time   Days  Days  Rain  Speed High   Time    Dir
----------------------------------------------------------------------------------
 1  11,1  14,8   13:33   8,1   06:00   6,9   0,0   0,0   1,7  20,9   13:50     S
 2  10,4  12,9   16:06   8,8   00:02   7,6   0,0   1,6   0,4  16,1   16:34  O-SO
 3   9,8  11,4   14:03   7,6   21:40   8,2   0,0   5,8   3,4  29,0   08:58     S
 4   8,7  14,9   14:40   5,3   23:57   9,3   0,0   0,2   2,2  29,0   12:43     N
 5   6,4  13,1   14:05   0,7   07:52  11,6   0,0   0,0   2,5  22,5   13:58     N
 6   6,7   9,6   14:25   2,5   23:59  11,3   0,0   0,2   3,3  22,5   01:17    NE
 7   3,4   9,4   14:37  -1,2   07:34  14,6   0,0   0,0   4,0  25,7   13:12     E
 8   8,2  12,2   13:47   2,8   00:28   9,8   0,0   0,8   5,7  37,0   11:22     S
 9   9,8  13,7   14:07   4,9   02:22   8,2   0,0   0,4   7,8  49,9   15:19     S
10  10,7  13,6   16:39   7,1   23:51   7,3   0,0   0,6   1,7  22,5   19:24     S
11  10,6  13,7   12:52   7,1   00:00   7,3   0,0   5,2   8,8  43,5   07:27  S-SO
12  10,7  14,0   13:50   7,9   07:50   7,3   0,0   0,6   8,6  45,1   15:47     S
13   9,9  12,4   13:17   7,6   22:53   8,1   0,0   2,8   5,6  53,1   13:23  O-SO
14  10,5  17,4   14:30   4,6   07:53   7,5   0,0   0,0   1,9  27,4   15:48  E-SE
15  12,7  16,6   15:39   9,8   03:24   5,3   0,0   1,2   1,2  17,7   14:55    SE
16  11,4  14,2   11:50   7,1   23:56   6,6   0,0   1,0   1,9  27,4   12:04  S-SO
17   7,8  13,7   15:47   4,6   07:03  10,2   0,0   0,2   3,0  24,1   14:44  N-NE
18   8,7  15,9   15:47   3,2   04:50   9,3   0,0   0,0   9,6  48,3   14:51  E-NE
19  10,6  16,9   15:50   5,9   07:20   7,4   0,0   0,0   3,3  24,1   09:36     E
20  12,0  16,8   14:24   8,5   05:59   6,0   0,0   0,0   0,7  17,7   14:24  E-SE
21  12,9  19,1   15:41   6,8   07:10   5,1   0,1   0,0   2,3  25,7   09:58    SE
22  11,8  17,3   15:41   7,0   07:04   6,2   0,0   0,0   2,5  29,0   10:53    SE
23  10,3  16,9   14:55   3,9   23:53   7,7   0,0   0,0   1,8  22,5   13:23    SE
24   9,9  20,1   14:40   0,9   07:10   8,3   0,2   0,0   1,1  20,9   13:11     E
25  12,4  21,2   14:41   4,6   06:28   6,1   0,5   0,0   2,8  24,1   15:01     E
26  13,7  21,1   14:31   7,9   06:40   4,9   0,6   0,0   2,8  29,0   13:34     E
27  12,8  21,5   15:38   5,3   07:53   5,4   0,4   0,0   0,5  12,9   10:35     E
28  13,5  20,5   15:15   5,9   08:03   4,7   0,3   0,0   2,8  24,1   14:09     S
29  11,8  13,8   12:44  10,2   09:48   6,2   0,0   0,4   1,9  19,3   13:15     O
30  10,6  14,3   15:56   6,8   23:02   7,4   0,0   0,2   0,4  17,7   13:01     N
31   6,2  10,9   10:54   1,8   23:53  11,8   0,0   1,6   5,5  56,3   19:27  N-NE
----------------------------------------------------------------------------------
    10,2  21,5    27    -1,2     7   243,6   2,1  22,8   3,3  56,3    31      SE

Max >=  25,0:  0
Max <=   0,0:  0
Min <=   0,0:  1
Min <=  -5,0:  0
Max Rain: 5,8 on day 3
Days of Rain: 7 (>= 1,0 mm)  2 (>= 5,0 mm)  0 (>= 10,0 mm)
Heat Base: 18,0  Cool Base: 18,0  Method: Integration