Sélectionnez une année ou un mois pour voir un rapport
V/Λ2024 > Jan Fév Mar Avr Mai Jui Jul Aou Sep Oct Nov Déc
V/Λ2023 > Jan Fév Mar Avr Mai Jui Jul Aou Sep Oct Nov Déc
V/Λ2022 > Jan Fév Mar Avr Mai Jui Jul Aou Sep Oct Nov Déc
V/Λ2021 > Jan Fév Mar Avr Mai Jui Jul Aou Sep Oct Nov Déc
V/Λ2020 > Jan Fév Mar Avr Mai Jui Jul Aou Sep Oct Nov Déc
V/Λ2019 > Jan Fév Mar Avr Mai Jui Jul Aou Sep Oct Nov Déc
V/Λ2018 > Jan Fév Mar Avr Mai Jui Jul Aou Sep Oct Nov Déc
V/Λ2017 > Jan Fév Mar Avr Mai Jui Jul Aou Sep Oct Nov Déc
V/Λ2016 > Jan Fév Mar Avr Mai Jui Jul Aou Sep Oct Nov Déc
V/Λ2015 > Jan Fév Mar Avr Mai Jui Jul Aou Sep Oct Nov Déc
V/Λ2014 > Jan Fév Mar Avr Mai Jui Jul Aou Sep Oct Nov Déc
V/Λ2013 > Jan Fév Mar Avr Mai Jui Jul Aou Sep Oct Nov Déc
V/Λ2012 > Jan Fév Mar Avr Mai Jui Jul Aou Sep Oct Nov Déc
V/Λ2011 > Jan Fév Mar Avr Mai Jui Jul Aou Sep Oct Nov Déc
V/Λ2010 > Jan Fév Mar Avr Mai Jui Jul Aou Sep Oct Nov Déc
V/Λ2009 > Jan Fév Mar Avr Mai Jui Jul Aou Sep Oct Nov Déc

Tableau pour 2022 Fév
                   Monthly Climatological Summary for févr. 2022

Name: Station météo amateur   City: Saint-Brevin les Pins   State: FRANCE
Elevation: 5 m  Lat: N 47° 14' 09"   Lon: W 002° 09' 35"

                  Temperature (°C), Rain (mm), Wind Speed (km/h)

                                      Heat  Cool        Avg
    Mean                              Deg   Deg         Wind                 Dom
Day Temp  High   Time   Low    Time   Days  Days  Rain  Speed High   Time    Dir
----------------------------------------------------------------------------------
 1   9,1  12,1   16:07   4,8   00:28   8,9   0,0   0,0   5,4  35,4   12:13  O-NO
 2   8,5  11,1   14:34   6,7   23:26   9,5   0,0   0,0   2,1  22,5   00:34     O
 3   7,7   9,2   21:22   5,8   03:53  10,3   0,0   0,0   2,3  16,1   04:29  S-SO
 4   7,7  11,7   12:50  -0,1   23:57  10,3   0,0   0,4   3,7  30,6   15:34     O
 5   5,1  11,4   14:34  -0,6   01:19  12,9   0,0   0,0   2,9  22,5   15:30  O-SO
 6  10,3  11,9   13:03   8,2   00:00   7,7   0,0   0,4  11,8  43,5   18:05     O
 7   9,8  11,4   13:03   7,3   09:23   8,2   0,0   0,0   2,2  33,8   02:07  O-NO
 8   7,5   9,4   00:55   2,2   23:54  10,5   0,0   0,4   0,2   9,7   12:18  S-SO
 9   5,5   7,6   22:31   1,6   00:43  12,5   0,0   0,0   1,3  19,3   23:01     E
10   8,2  12,8   15:00   2,7   23:58   9,8   0,0   0,2   1,2  29,0   18:32     N
11   3,7  10,6   15:29  -1,8   08:24  14,3   0,0   0,0   0,8  20,9   14:07     E
12   3,5   8,5   15:14  -1,9   07:24  14,5   0,0   0,0   0,7  17,7   14:25     S
13   8,7  11,9   12:44   4,9   07:41   9,3   0,0   9,4  12,6  54,7   12:20  S-SO
14   8,9  12,8   14:13   6,4   21:50   9,1   0,0   1,2   7,6  43,5   01:57  O-NO
15   9,1  11,2   12:43   5,8   03:28   8,9   0,0   4,8   8,2  37,0   20:17  O-SO
16  11,2  11,7   14:21  10,6   00:00   6,8   0,0   2,4  13,3  38,6   04:25     O
17  11,3  13,0   13:27  10,3   08:30   6,7   0,0   0,8   8,1  35,4   00:29  O-SO
18   9,6  11,3   00:08   5,2   22:42   8,4   0,0   2,4  11,2  49,9   14:52     O
19   8,0  12,0   14:13   3,1   08:40  10,0   0,0   0,4   7,2  40,2   19:59     O
20  11,0  13,0   14:29   9,6   00:00   7,0   0,0   1,0  12,1  48,3   23:37     O
21  10,1  14,2   14:49   6,3   23:18   7,9   0,0   0,0  12,3  56,3   10:49  O-NO
22  10,2  12,1   16:28   6,9   00:14   7,8   0,0   0,0   4,9  27,4   16:31     O
23   9,4  13,4   13:23   6,4   03:09   8,6   0,0   0,0   0,5  14,5   15:53     O
24   8,9  12,8   13:59   4,5   23:45   9,1   0,0   0,6   6,7  38,6   14:29  O-NO
25   6,5  13,7   14:40   1,3   07:55  11,5   0,0   0,0   1,4  19,3   15:40    NO
26   6,3  13,3   15:28   0,1   04:33  11,6   0,0   0,0   3,9  33,8   12:58  E-SE
27   7,8  14,3   14:05   2,7   04:32  10,2   0,0   0,0   4,1  17,7   01:23    SE
28   8,3  12,2   13:52   5,2   02:16   9,7   0,0   0,0   0,5  17,7   15:18    SO
----------------------------------------------------------------------------------
     8,3  14,3    27    -1,9    12   272,0   0,0  24,4   5,3  56,3    21       O

Max >=  25,0:  0
Max <=   0,0:  0
Min <=   0,0:  4
Min <=  -5,0:  0
Max Rain: 9,4 on day 13
Days of Rain: 6 (>= 1,0 mm)  1 (>= 5,0 mm)  0 (>= 10,0 mm)
Heat Base: 18,0  Cool Base: 18,0  Method: Integration