Sélectionnez une année ou un mois pour voir un rapport
V/Λ2024 > Jan Fév Mar Avr Mai Jui Jul Aou Sep Oct Nov Déc
V/Λ2023 > Jan Fév Mar Avr Mai Jui Jul Aou Sep Oct Nov Déc
V/Λ2022 > Jan Fév Mar Avr Mai Jui Jul Aou Sep Oct Nov Déc
V/Λ2021 > Jan Fév Mar Avr Mai Jui Jul Aou Sep Oct Nov Déc
V/Λ2020 > Jan Fév Mar Avr Mai Jui Jul Aou Sep Oct Nov Déc
V/Λ2019 > Jan Fév Mar Avr Mai Jui Jul Aou Sep Oct Nov Déc
V/Λ2018 > Jan Fév Mar Avr Mai Jui Jul Aou Sep Oct Nov Déc
V/Λ2017 > Jan Fév Mar Avr Mai Jui Jul Aou Sep Oct Nov Déc
V/Λ2016 > Jan Fév Mar Avr Mai Jui Jul Aou Sep Oct Nov Déc
V/Λ2015 > Jan Fév Mar Avr Mai Jui Jul Aou Sep Oct Nov Déc
V/Λ2014 > Jan Fév Mar Avr Mai Jui Jul Aou Sep Oct Nov Déc
V/Λ2013 > Jan Fév Mar Avr Mai Jui Jul Aou Sep Oct Nov Déc
V/Λ2012 > Jan Fév Mar Avr Mai Jui Jul Aou Sep Oct Nov Déc
V/Λ2011 > Jan Fév Mar Avr Mai Jui Jul Aou Sep Oct Nov Déc
V/Λ2010 > Jan Fév Mar Avr Mai Jui Jul Aou Sep Oct Nov Déc
V/Λ2009 > Jan Fév Mar Avr Mai Jui Jul Aou Sep Oct Nov Déc

Tableau pour 2021 Jul
                   Monthly Climatological Summary for juil. 2021

Name: Station météo amateur   City: Saint-Brevin les Pins   State: FRANCE
Elevation: 5 m  Lat: N 47° 14' 09"   Lon: W 002° 09' 35"

                  Temperature (°C), Rain (mm), Wind Speed (km/h)

                                      Heat  Cool        Avg
    Mean                              Deg   Deg         Wind                 Dom
Day Temp  High   Time   Low    Time   Days  Days  Rain  Speed High   Time    Dir
----------------------------------------------------------------------------------
 1  17,6  22,6   16:22  12,1   05:44   1,7   1,3   0,0   2,5  25,7   14:11     O
 2  17,1  21,7   14:44  13,3   06:34   1,5   0,6   0,0   2,1  24,1   15:13  O-SO
 3  18,7  22,1   14:17  15,7   00:07   0,3   1,0   1,8   4,4  24,1   09:22     O
 4  17,9  20,2   13:27  15,5   22:19   0,5   0,4   7,4   6,5  35,4   08:21  O-SO
 5  17,0  18,4   18:59  15,3   14:22   1,0   0,0   6,4   8,1  41,8   22:33    SO
 6  17,0  20,3   14:31  14,4   23:55   1,2   0,2   0,8  12,7  53,1   06:24     O
 7  16,1  19,7   14:04  11,8   06:08   2,2   0,3   0,2   4,2  27,4   15:24     O
 8  17,0  20,8   16:20  14,1   23:56   1,5   0,5   0,6   3,2  30,6   16:36     O
 9  16,4  19,3   17:24  12,6   23:57   1,7   0,1   0,0   1,7  22,5   16:51     O
10  15,7  19,3   17:29  12,2   01:10   2,4   0,1   8,6   2,7  30,6   16:59     O
11  16,8  20,8   15:48  13,0   06:50   1,4   0,3   0,0   1,0  17,7   17:38     O
12  17,0  20,4   15:45  14,2   08:49   1,3   0,4   1,8   5,3  32,2   16:49  O-NO
13  18,0  23,1   16:49  14,0   02:55   1,3   1,3   0,4   3,9  27,4   16:49    NO
14  18,3  22,7   17:00  14,7   03:57   1,0   1,3   0,0   3,1  29,0   14:54     O
15  17,7  23,2   15:39  11,4   06:07   1,9   1,6   0,0   2,9  29,0   17:26     O
16  20,1  26,4   17:30  14,2   05:57   1,0   3,1   0,0   1,4  20,9   11:57    NE
17  20,0  27,2   16:39  11,9   06:28   1,4   3,4   0,0   2,2  24,1   14:37  E-NE
18  23,1  30,9   17:21  15,7   05:30   0,4   5,5   0,0   1,8  24,1   13:57  E-NE
19  24,3  32,1   16:22  16,1   06:07   0,2   6,5   0,0   2,2  25,7   13:30     E
20  24,5  32,0   16:00  16,2   06:13   0,1   6,7   0,0   3,1  37,0   13:26     E
21  24,1  31,8   16:25  15,8   06:56   0,2   6,3   0,0   2,7  29,0   13:30     E
22  24,6  32,1   16:29  16,4   07:03   0,2   6,8   0,0   3,1  30,6   14:55     E
23  21,2  29,1   13:40  18,1   04:37   0,0   3,2   0,0   4,3  30,6   13:59  S-SO
24  18,9  21,6   16:11  17,1   05:27   0,1   0,9   2,8   6,8  30,6   15:57  O-SO
25  19,6  23,2   13:01  15,7   06:23   0,2   1,9   0,2   5,6  29,0   13:45     O
26  19,2  23,4   14:38  15,6   06:23   0,4   1,5   0,0   3,4  25,7   15:23     O
27  18,7  21,4   16:04  16,7   23:50   0,1   0,8   5,2   5,7  29,0   19:20     O
28  18,4  22,6   14:49  14,3   04:58   0,8   1,2   0,8   5,7  33,8   16:37     O
29  18,7  22,2   14:19  15,0   06:15   0,6   1,3   0,0   3,5  25,7   18:04     O
30  18,7  22,2   14:09  14,8   06:49   0,5   1,2   0,6   8,3  37,0   16:31     O
31  17,6  21,9   15:47  13,9   07:01   1,2   0,8   0,0   4,3  30,6   17:57     O
----------------------------------------------------------------------------------
    19,0  32,1    19    11,4    15    28,3  60,5  37,6   4,1  53,1     6       O

Max >=  25,0:  8
Max <=   0,0:  0
Min <=   0,0:  0
Min <=  -5,0:  0
Max Rain: 8,6 on day 10
Days of Rain: 7 (>= 1,0 mm)  4 (>= 5,0 mm)  0 (>= 10,0 mm)
Heat Base: 18,0  Cool Base: 18,0  Method: Integration