Sélectionnez une année ou un mois pour voir un rapport
V/Λ2024 > Jan Fév Mar Avr Mai Jui Jul Aou Sep Oct Nov Déc
V/Λ2023 > Jan Fév Mar Avr Mai Jui Jul Aou Sep Oct Nov Déc
V/Λ2022 > Jan Fév Mar Avr Mai Jui Jul Aou Sep Oct Nov Déc
V/Λ2021 > Jan Fév Mar Avr Mai Jui Jul Aou Sep Oct Nov Déc
V/Λ2020 > Jan Fév Mar Avr Mai Jui Jul Aou Sep Oct Nov Déc
V/Λ2019 > Jan Fév Mar Avr Mai Jui Jul Aou Sep Oct Nov Déc
V/Λ2018 > Jan Fév Mar Avr Mai Jui Jul Aou Sep Oct Nov Déc
V/Λ2017 > Jan Fév Mar Avr Mai Jui Jul Aou Sep Oct Nov Déc
V/Λ2016 > Jan Fév Mar Avr Mai Jui Jul Aou Sep Oct Nov Déc
V/Λ2015 > Jan Fév Mar Avr Mai Jui Jul Aou Sep Oct Nov Déc
V/Λ2014 > Jan Fév Mar Avr Mai Jui Jul Aou Sep Oct Nov Déc
V/Λ2013 > Jan Fév Mar Avr Mai Jui Jul Aou Sep Oct Nov Déc
V/Λ2012 > Jan Fév Mar Avr Mai Jui Jul Aou Sep Oct Nov Déc
V/Λ2011 > Jan Fév Mar Avr Mai Jui Jul Aou Sep Oct Nov Déc
V/Λ2010 > Jan Fév Mar Avr Mai Jui Jul Aou Sep Oct Nov Déc
V/Λ2009 > Jan Fév Mar Avr Mai Jui Jul Aou Sep Oct Nov Déc

Tableau pour 2021 Mar
                   Monthly Climatological Summary for mars 2021

Name: Station météo amateur   City: Saint-Brevin les Pins   State: FRANCE
Elevation: 5 m  Lat: N 47° 14' 09"   Lon: W 002° 09' 35"

                  Temperature (°C), Rain (mm), Wind Speed (km/h)

                                      Heat  Cool        Avg
    Mean                              Deg   Deg         Wind                 Dom
Day Temp  High   Time   Low    Time   Days  Days  Rain  Speed High   Time    Dir
----------------------------------------------------------------------------------
 1   8,7  16,5   15:57   2,4   07:55   9,3   0,0   0,0   1,1  17,7   13:57     E
 2  10,7  17,6   14:40   5,2   07:39   7,3   0,0   0,0   2,5  29,0   13:45     S
 3  10,4  14,7   14:20   4,5   23:59   7,6   0,0   0,4   1,2  17,7   13:42  O-SO
 4   7,4  11,9   14:28   3,1   03:24  10,6   0,0   0,0   0,3  16,1   22:22  N-NE
 5   6,3   8,6   15:56   1,7   23:35  11,7   0,0   0,0   5,0  32,2   20:55  E-NE
 6   4,0  11,0   14:34  -0,8   07:30  14,0   0,0   0,0   3,0  25,7   13:22  E-NE
 7   4,0  11,8   15:41  -1,9   07:25  14,0   0,0   0,0   1,0  25,7   23:56    NE
 8   3,8  10,2   14:22  -0,8   06:30  14,2   0,0   0,0   1,9  24,1   12:12    NE
 9   3,3  10,8   14:32  -2,1   07:47  14,7   0,0   0,0   0,7  20,9   15:57  O-NO
10   8,0  11,1   23:28   1,3   02:34  10,0   0,0   3,4   7,1  35,4   13:30    SO
11  10,9  13,8   14:33   8,7   22:50   7,1   0,0   3,4  13,3  46,7   14:47     O
12  10,1  12,6   14:07   7,2   04:34   7,9   0,0   1,8   9,7  46,7   17:51     O
13   9,7  12,7   12:14   6,7   18:48   8,3   0,0   3,2  16,3  61,2   05:32     O
14   9,1  13,8   13:34   5,4   07:52   8,9   0,0   0,0   7,9  38,6   18:27  O-NO
15  10,9  13,8   16:43   8,7   00:00   7,0   0,0   0,0   5,4  30,6   05:37  O-NO
16  11,5  15,2   14:26   9,5   04:02   6,5   0,0   0,0   2,2  27,4   15:25  O-NO
17  10,7  16,2   13:22   6,1   23:59   7,3   0,0   0,0   2,8  30,6   14:04  N-NE
18   7,8  13,7   14:54   2,1   05:38  10,2   0,0   0,0   3,0  33,8   16:24  N-NE
19   9,8  13,9   14:14   5,1   23:51   8,2   0,0   0,0   7,1  38,6   11:46    NE
20   7,2  14,2   14:58   1,6   07:21  10,8   0,0   0,0   2,9  30,6   16:36  N-NE
21   6,2  11,7   14:11   0,4   05:22  11,8   0,0   0,0   0,4  14,5   15:31     N
22   6,9  13,9   15:02   0,4   07:32  11,1   0,0   0,2   2,1  27,4   13:36    NE
23   6,1  13,8   14:06  -1,1   06:56  11,9   0,0   0,0   1,3  19,3   11:05  S-SO
24   7,4  14,0   13:14  -0,6   04:31  10,6   0,0   0,0   2,4  24,1   14:35    SO
25  10,4  14,7   13:59   4,3   07:17   7,6   0,0   0,0   2,9  25,7   13:15  O-SO
26  10,3  13,9   14:00   7,1   23:26   7,7   0,0   3,4   6,6  43,5   16:00     O
27   9,2  13,8   13:11   3,8   23:49   8,8   0,0   0,4   4,0  29,0   13:28     O
28   8,0  15,2   15:38   1,4   05:56   9,6   0,0   0,2   1,5  19,3   16:23  O-SO
29  11,6  23,2   15:26   0,7   08:00   7,4   1,1   0,0   1,0  20,9   13:48  S-SE
30  14,8  24,4   15:35   7,0   06:37   4,6   1,4   0,0   1,2  19,3   17:08  S-SE
31  14,0  21,8   15:53   7,4   06:39   4,5   0,6   0,0   0,5  16,1   09:18     S
----------------------------------------------------------------------------------
     8,7  24,4    30    -2,1     9   291,2   3,1  16,4   3,8  61,2    13    O-NO

Max >=  25,0:  0
Max <=   0,0:  0
Min <=   0,0:  6
Min <=  -5,0:  0
Max Rain: 3,4 on day 10
Days of Rain: 5 (>= 1,0 mm)  0 (>= 5,0 mm)  0 (>= 10,0 mm)
Heat Base: 18,0  Cool Base: 18,0  Method: Integration