Sélectionnez une année ou un mois pour voir un rapport
V/Λ2024 > Jan Fév Mar Avr Mai Jui Jul Aou Sep Oct Nov Déc
V/Λ2023 > Jan Fév Mar Avr Mai Jui Jul Aou Sep Oct Nov Déc
V/Λ2022 > Jan Fév Mar Avr Mai Jui Jul Aou Sep Oct Nov Déc
V/Λ2021 > Jan Fév Mar Avr Mai Jui Jul Aou Sep Oct Nov Déc
V/Λ2020 > Jan Fév Mar Avr Mai Jui Jul Aou Sep Oct Nov Déc
V/Λ2019 > Jan Fév Mar Avr Mai Jui Jul Aou Sep Oct Nov Déc
V/Λ2018 > Jan Fév Mar Avr Mai Jui Jul Aou Sep Oct Nov Déc
V/Λ2017 > Jan Fév Mar Avr Mai Jui Jul Aou Sep Oct Nov Déc
V/Λ2016 > Jan Fév Mar Avr Mai Jui Jul Aou Sep Oct Nov Déc
V/Λ2015 > Jan Fév Mar Avr Mai Jui Jul Aou Sep Oct Nov Déc
V/Λ2014 > Jan Fév Mar Avr Mai Jui Jul Aou Sep Oct Nov Déc
V/Λ2013 > Jan Fév Mar Avr Mai Jui Jul Aou Sep Oct Nov Déc
V/Λ2012 > Jan Fév Mar Avr Mai Jui Jul Aou Sep Oct Nov Déc
V/Λ2011 > Jan Fév Mar Avr Mai Jui Jul Aou Sep Oct Nov Déc
V/Λ2010 > Jan Fév Mar Avr Mai Jui Jul Aou Sep Oct Nov Déc
V/Λ2009 > Jan Fév Mar Avr Mai Jui Jul Aou Sep Oct Nov Déc

Tableau pour 2020 Nov
                   Monthly Climatological Summary for nov. 2020

Name: Station météo amateur   City: Saint-Brevin les Pins   State: FRANCE
Elevation: 5 m  Lat: N 47° 14' 09"   Lon: W 002° 09' 35"

                  Temperature (°C), Rain (mm), Wind Speed (km/h)

                                      Heat  Cool        Avg
    Mean                              Deg   Deg         Wind                 Dom
Day Temp  High   Time   Low    Time   Days  Days  Rain  Speed High   Time    Dir
----------------------------------------------------------------------------------
 1  16,0  16,4   11:31  14,3   00:59   2,0   0,0   5,2  10,2  37,0   04:35  O-SO
 2  14,5  16,8   04:35   9,2   22:11   3,5   0,0   1,6   8,6  40,2   04:15  O-SO
 3  10,5  14,2   13:38   4,4   23:55   7,5   0,0   1,6   4,3  40,2   04:13  O-NO
 4   7,0  12,7   13:59   1,9   08:14  11,0   0,0   0,0   2,7  27,4   14:53  E-NE
 5   7,9  12,7   14:25   4,4   04:10  10,1   0,0   0,2   6,8  35,4   11:50  E-NE
 6  10,5  16,0   14:04   6,2   07:04   7,5   0,0   0,0   2,2  20,9   01:20  E-SE
 7  15,0  18,8   14:09  12,3   00:18   3,0   0,0   1,6   1,7  22,5   14:20    SE
 8  15,3  19,4   14:32  12,9   09:42   2,9   0,2   0,2   1,2  17,7   09:33  S-SE
 9  14,6  18,1   13:35  12,3   06:39   3,4   0,0   0,0   1,5  20,9   01:06     S
10  12,5  16,1   13:23  10,2   20:09   5,5   0,0   0,4   0,3  11,3   13:30  O-SO
11  12,7  15,6   14:26  10,6   06:56   5,3   0,0   1,0   5,9  37,0   20:50     S
12  12,5  15,6   14:43   8,3   08:32   5,5   0,0   0,8   1,9  24,1   23:42    SO
13  14,7  15,8   12:50  13,3   06:09   3,3   0,0   0,2   3,3  24,1   01:27  S-SO
14  14,3  16,1   14:00  11,7   08:55   3,7   0,0   0,2   9,2  35,4   13:52     S
15  14,1  16,0   07:08  12,3   12:33   3,9   0,0  16,4  14,2  51,5   08:57  O-SO
16  12,8  15,3   11:09  10,9   08:18   5,2   0,0   0,8   4,8  40,2   01:45  O-NO
17  12,2  16,2   14:11   7,1   23:21   5,8   0,0   0,0   2,5  24,1   12:16  S-SO
18  11,7  15,8   14:11   5,5   06:44   6,3   0,0   1,6   3,1  25,7   21:06    SO
19   9,5  14,4   13:12   5,9   23:57   8,5   0,0   0,2   2,7  30,6   12:43    NO
20   6,7  12,4   14:35   1,9   08:44  11,3   0,0   0,0   0,2  12,9   02:44  O-NO
21   6,1  12,3   13:48   2,6   06:06  11,9   0,0   0,0   1,0  11,3   09:58  S-SE
22   5,9  13,2   14:49   1,1   08:24  12,1   0,0   0,0   0,6  14,5   11:28     E
23   6,2  13,7   14:20   1,2   08:10  11,8   0,0   0,0   0,3  11,3   13:39  E-SE
24   7,6  13,9   14:56   2,1   08:34  10,4   0,0   0,2   0,9  24,1   15:01  S-SE
25  10,7  14,7   14:44   6,5   23:58   7,3   0,0   0,2   2,1  24,1   09:55  S-SE
26   7,9  14,3   15:14   3,4   08:32  10,1   0,0   0,2   0,2  12,9   10:10  E-NE
27   7,6  11,7   15:59   4,5   02:44  10,4   0,0   0,4   0,3  12,9   14:45     E
28   9,8  14,8   13:56   6,7   08:51   8,2   0,0   0,2   1,7  24,1   12:39     E
29   8,1  13,4   14:54   4,2   23:56   9,9   0,0   0,0   2,9  20,9   14:29  E-NE
30   3,8   8,7   15:26   0,6   08:36  14,2   0,0   0,2   2,9  20,9   05:56  E-NE
----------------------------------------------------------------------------------
    10,6  19,4     8     0,6    30   221,5   0,2  33,4   3,3  51,5    15      SO

Max >=  25,0:  0
Max <=   0,0:  0
Min <=   0,0:  0
Min <=  -5,0:  0
Max Rain: 16,4 on day 15
Days of Rain: 7 (>= 1,0 mm)  2 (>= 5,0 mm)  1 (>= 10,0 mm)
Heat Base: 18,0  Cool Base: 18,0  Method: Integration