Sélectionnez une année ou un mois pour voir un rapport
V/Λ2024 > Jan Fév Mar Avr Mai Jui Jul Aou Sep Oct Nov Déc
V/Λ2023 > Jan Fév Mar Avr Mai Jui Jul Aou Sep Oct Nov Déc
V/Λ2022 > Jan Fév Mar Avr Mai Jui Jul Aou Sep Oct Nov Déc
V/Λ2021 > Jan Fév Mar Avr Mai Jui Jul Aou Sep Oct Nov Déc
V/Λ2020 > Jan Fév Mar Avr Mai Jui Jul Aou Sep Oct Nov Déc
V/Λ2019 > Jan Fév Mar Avr Mai Jui Jul Aou Sep Oct Nov Déc
V/Λ2018 > Jan Fév Mar Avr Mai Jui Jul Aou Sep Oct Nov Déc
V/Λ2017 > Jan Fév Mar Avr Mai Jui Jul Aou Sep Oct Nov Déc
V/Λ2016 > Jan Fév Mar Avr Mai Jui Jul Aou Sep Oct Nov Déc
V/Λ2015 > Jan Fév Mar Avr Mai Jui Jul Aou Sep Oct Nov Déc
V/Λ2014 > Jan Fév Mar Avr Mai Jui Jul Aou Sep Oct Nov Déc
V/Λ2013 > Jan Fév Mar Avr Mai Jui Jul Aou Sep Oct Nov Déc
V/Λ2012 > Jan Fév Mar Avr Mai Jui Jul Aou Sep Oct Nov Déc
V/Λ2011 > Jan Fév Mar Avr Mai Jui Jul Aou Sep Oct Nov Déc
V/Λ2010 > Jan Fév Mar Avr Mai Jui Jul Aou Sep Oct Nov Déc
V/Λ2009 > Jan Fév Mar Avr Mai Jui Jul Aou Sep Oct Nov Déc

Tableau pour 2020 Sep
                   Monthly Climatological Summary for sept. 2020

Name: Station météo amateur   City: Saint-Brevin les Pins   State: FRANCE
Elevation: 5 m  Lat: N 47° 14' 09"   Lon: W 002° 09' 35"

                  Temperature (°C), Rain (mm), Wind Speed (km/h)

                                      Heat  Cool        Avg
    Mean                              Deg   Deg         Wind                 Dom
Day Temp  High   Time   Low    Time   Days  Days  Rain  Speed High   Time    Dir
----------------------------------------------------------------------------------
 1  17,6  24,7   15:10  12,6   01:58   2,1   1,7   0,0   1,1  19,3   14:37    NE
 2  15,9  22,0   12:59   9,4   07:12   3,1   1,1   0,0   2,0  24,1   16:20     O
 3  17,2  23,1   15:27  11,6   05:13   2,3   1,5   0,0   2,3  24,1   15:33  O-SO
 4  18,3  25,4   14:39  12,4   05:07   1,9   2,2   0,0   1,0  19,3   23:59  O-NO
 5  17,7  23,6   16:05  13,0   23:57   1,3   1,0   0,0   1,7  24,1   00:02     N
 6  15,1  21,8   16:49   8,6   08:02   3,3   0,4   0,0   1,8  25,7   15:54    NO
 7  15,3  21,7   14:30   8,7   07:21   3,4   0,7   0,0   1,6  24,1   17:02  O-NO
 8  18,1  25,3   14:21  12,7   08:13   1,8   1,9   0,0   1,6  22,5   16:48  O-NO
 9  20,8  28,1   17:08  15,2   05:56   0,8   3,6   0,0   0,7  16,1   17:05     N
10  19,7  25,8   15:42  16,1   04:26   0,5   2,2   0,0   1,1  17,7   00:12     N
11  17,4  23,6   15:59  12,8   08:09   1,9   1,3   0,0   1,0  17,7   15:21     O
12  16,3  23,8   16:38  10,1   08:02   3,1   1,4   0,2   0,9  17,7   11:13    NE
13  19,0  29,8   16:31  10,7   08:16   2,4   3,4   0,0   0,4  16,1   13:24    SE
14  20,3  28,9   13:09  12,7   07:57   1,4   3,8   0,0   1,7  22,5   12:53  S-SO
15  19,1  24,3   11:56  15,8   23:51   0,4   1,4   0,2   0,2  16,1   11:01  O-SO
16  20,8  29,6   16:13  13,5   08:02   1,4   4,2   0,0   1,5  19,3   16:06    NE
17  23,1  31,2   16:21  16,8   07:45   0,2   5,3   0,0   3,9  33,8   16:41     E
18  21,0  26,0   13:26  16,8   07:23   0,1   3,2   0,0   4,0  25,7   03:08     E
19  19,4  21,3   10:58  17,4   23:59   0,0   1,4   5,8   0,8  17,7   11:37     E
20  18,7  24,2   16:10  15,1   04:53   0,9   1,6   1,6   0,5  19,3   17:23     O
21  19,0  22,8   15:17  17,1   06:42   0,2   1,2   0,6   1,7  20,9   17:24     O
22  18,6  21,8   15:21  17,1   08:19   0,3   0,9   0,8   1,7  22,5   15:06  O-SO
23  17,3  20,3   12:47  13,2   23:32   1,0   0,3   7,6   3,4  30,6   13:34     O
24  14,5  16,9   12:13  11,1   23:34   3,5   0,0   8,8   9,5  56,3   16:54     O
25  13,3  17,8   15:39  10,9   00:04   4,7   0,0   0,6  14,7  51,5   11:14  O-NO
26  12,4  17,1   16:48   7,9   23:44   5,6   0,0   0,0   6,4  29,0   17:16    NO
27  12,5  19,7   15:29   7,3   00:49   5,6   0,1   0,0   6,1  32,2   09:15  N-NO
28  13,3  17,4   15:26   9,5   08:15   4,7   0,0   0,0   2,9  17,7   14:11    NO
29  16,2  18,4   14:17  14,3   06:36   1,8   0,0   0,4   1,4  19,3   11:39  O-SO
30  16,7  19,6   14:41  15,4   23:59   1,4   0,1  10,8   4,8  37,0   14:21  S-SO
----------------------------------------------------------------------------------
    17,5  31,2    17     7,3    27    61,1  45,9  37,4   2,7  56,3    24    O-NO

Max >=  25,0:  9
Max <=   0,0:  0
Min <=   0,0:  0
Min <=  -5,0:  0
Max Rain: 10,8 on day 30
Days of Rain: 5 (>= 1,0 mm)  4 (>= 5,0 mm)  1 (>= 10,0 mm)
Heat Base: 18,0  Cool Base: 18,0  Method: Integration