Sélectionnez une année ou un mois pour voir un rapport
V/Λ2024 > Jan Fév Mar Avr Mai Jui Jul Aou Sep Oct Nov Déc
V/Λ2023 > Jan Fév Mar Avr Mai Jui Jul Aou Sep Oct Nov Déc
V/Λ2022 > Jan Fév Mar Avr Mai Jui Jul Aou Sep Oct Nov Déc
V/Λ2021 > Jan Fév Mar Avr Mai Jui Jul Aou Sep Oct Nov Déc
V/Λ2020 > Jan Fév Mar Avr Mai Jui Jul Aou Sep Oct Nov Déc
V/Λ2019 > Jan Fév Mar Avr Mai Jui Jul Aou Sep Oct Nov Déc
V/Λ2018 > Jan Fév Mar Avr Mai Jui Jul Aou Sep Oct Nov Déc
V/Λ2017 > Jan Fév Mar Avr Mai Jui Jul Aou Sep Oct Nov Déc
V/Λ2016 > Jan Fév Mar Avr Mai Jui Jul Aou Sep Oct Nov Déc
V/Λ2015 > Jan Fév Mar Avr Mai Jui Jul Aou Sep Oct Nov Déc
V/Λ2014 > Jan Fév Mar Avr Mai Jui Jul Aou Sep Oct Nov Déc
V/Λ2013 > Jan Fév Mar Avr Mai Jui Jul Aou Sep Oct Nov Déc
V/Λ2012 > Jan Fév Mar Avr Mai Jui Jul Aou Sep Oct Nov Déc
V/Λ2011 > Jan Fév Mar Avr Mai Jui Jul Aou Sep Oct Nov Déc
V/Λ2010 > Jan Fév Mar Avr Mai Jui Jul Aou Sep Oct Nov Déc
V/Λ2009 > Jan Fév Mar Avr Mai Jui Jul Aou Sep Oct Nov Déc

Tableau pour 2020 Aou
                   Monthly Climatological Summary for août 2020

Name: Station météo amateur   City: Saint-Brevin les Pins   State: FRANCE
Elevation: 5 m  Lat: N 47° 14' 09"   Lon: W 002° 09' 35"

                  Temperature (°C), Rain (mm), Wind Speed (km/h)

                                      Heat  Cool        Avg
    Mean                              Deg   Deg         Wind                 Dom
Day Temp  High   Time   Low    Time   Days  Days  Rain  Speed High   Time    Dir
----------------------------------------------------------------------------------
 1  20,3  24,2   15:25  17,6   07:20   0,0   2,3   0,0   4,4  30,6   17:25     O
 2  18,4  23,8   14:11  12,6   06:45   0,9   1,3   0,0   3,6  32,2   15:38  O-NO
 3  18,5  23,1   14:51  15,1   06:52   0,9   1,4   0,6   3,3  30,6   15:21     O
 4  17,1  24,0   14:06   9,7   07:15   2,6   1,7   0,0   2,0  20,9   18:57     O
 5  18,1  25,2   14:18  10,6   05:44   2,3   2,4   0,0   2,1  20,9   13:27  O-SO
 6  22,3  32,3   17:04  13,7   07:25   1,2   5,5   0,2   1,4  16,1   14:09     O
 7  24,7  37,2   13:38  14,6   07:19   0,7   7,4   0,0   1,2  20,9   15:44  O-SO
 8  23,3  30,2   13:25  18,5   07:43   0,0   5,3   0,0   2,0  22,5   16:38  O-NO
 9  23,1  31,4   13:24  15,7   06:31   0,3   5,4   0,0   1,5  20,9   13:28     O
10  24,0  33,9   15:38  18,7   06:25   0,0   6,0   2,6   1,5  27,4   07:21     N
11  23,4  28,6   13:21  18,5   07:39   0,0   5,4   0,0   1,8  22,5   14:52     O
12  21,1  23,8   19:31  18,7   23:51   0,0   3,1   5,0   0,6  22,5   12:58  S-SO
13  20,0  24,4   15:09  17,1   04:32   0,1   2,1  21,0   3,0  30,6   03:51     O
14  20,2  25,4   14:47  16,9   23:51   0,1   2,2   0,4   6,1  29,0   15:19     O
15  19,8  26,6   17:01  14,7   07:00   1,0   2,8   0,2   1,5  46,7   21:10  N-NO
16  18,3  23,4   15:36  14,4   07:11   1,0   1,3  11,4   3,0  49,9   00:06    SO
17  18,9  23,1   16:06  15,7   07:17   0,6   1,5   3,0   3,5  29,0   05:24     O
18  19,0  24,3   14:42  14,2   05:01   1,1   2,1   2,0   2,3  27,4   14:56    SO
19  20,8  23,4   19:28  18,9   09:48   0,0   2,8  12,0   6,4  37,0   12:22  S-SO
20  20,7  24,3   15:46  17,4   07:33   0,0   2,7   1,8   2,5  29,0   00:22  O-SO
21  20,9  23,7   14:15  19,1   23:33   0,0   2,9   0,0   7,8  38,6   08:05  O-SO
22  19,7  23,0   13:26  17,3   08:10   0,0   1,7   1,0   7,2  32,2   18:27     O
23  18,4  22,8   15:14  14,0   07:49   0,8   1,2   0,0   4,3  27,4   15:00     O
24  17,2  21,3   14:04  12,2   07:50   1,7   0,9   0,0   1,2  17,7   14:15     O
25  19,3  22,9   16:33  16,3   04:22   0,4   1,7   0,0   6,2  37,0   13:42     O
26  18,7  22,2   13:31  14,7   23:54   0,3   1,1   0,0   5,3  32,2   01:56     O
27  17,7  22,1   11:49  13,1   02:25   1,5   1,1   1,0   5,1  35,4   17:54  O-SO
28  18,0  21,2   13:27  15,4   23:41   0,6   0,6   1,2   9,9  37,0   03:53  O-NO
29  15,1  18,8   12:36  12,2   06:19   2,9   0,0   0,0   3,2  35,4   19:03     N
30  14,3  20,1   15:33   9,1   07:35   3,8   0,1   0,0   1,1  16,1   00:46  N-NO
31  15,8  22,7   16:23   8,8   08:02   3,1   0,9   0,0   0,4  12,9   10:16     E
----------------------------------------------------------------------------------
    19,6  37,2     7     8,8    31    27,9  76,9  63,4   3,4  49,9    16       O

Max >=  25,0:  9
Max <=   0,0:  0
Min <=   0,0:  0
Min <=  -5,0:  0
Max Rain: 21,0 on day 13
Days of Rain: 11 (>= 1,0 mm)  4 (>= 5,0 mm)  3 (>= 10,0 mm)
Heat Base: 18,0  Cool Base: 18,0  Method: Integration