Sélectionnez une année ou un mois pour voir un rapport
V/Λ2024 > Jan Fév Mar Avr Mai Jui Jul Aou Sep Oct Nov Déc
V/Λ2023 > Jan Fév Mar Avr Mai Jui Jul Aou Sep Oct Nov Déc
V/Λ2022 > Jan Fév Mar Avr Mai Jui Jul Aou Sep Oct Nov Déc
V/Λ2021 > Jan Fév Mar Avr Mai Jui Jul Aou Sep Oct Nov Déc
V/Λ2020 > Jan Fév Mar Avr Mai Jui Jul Aou Sep Oct Nov Déc
V/Λ2019 > Jan Fév Mar Avr Mai Jui Jul Aou Sep Oct Nov Déc
V/Λ2018 > Jan Fév Mar Avr Mai Jui Jul Aou Sep Oct Nov Déc
V/Λ2017 > Jan Fév Mar Avr Mai Jui Jul Aou Sep Oct Nov Déc
V/Λ2016 > Jan Fév Mar Avr Mai Jui Jul Aou Sep Oct Nov Déc
V/Λ2015 > Jan Fév Mar Avr Mai Jui Jul Aou Sep Oct Nov Déc
V/Λ2014 > Jan Fév Mar Avr Mai Jui Jul Aou Sep Oct Nov Déc
V/Λ2013 > Jan Fév Mar Avr Mai Jui Jul Aou Sep Oct Nov Déc
V/Λ2012 > Jan Fév Mar Avr Mai Jui Jul Aou Sep Oct Nov Déc
V/Λ2011 > Jan Fév Mar Avr Mai Jui Jul Aou Sep Oct Nov Déc
V/Λ2010 > Jan Fév Mar Avr Mai Jui Jul Aou Sep Oct Nov Déc
V/Λ2009 > Jan Fév Mar Avr Mai Jui Jul Aou Sep Oct Nov Déc

Tableau pour 2020 Jul
                   Monthly Climatological Summary for juil. 2020

Name: Station météo amateur   City: Saint-Brevin les Pins   State: FRANCE
Elevation: 5 m  Lat: N 47° 14' 09"   Lon: W 002° 09' 35"

                  Temperature (°C), Rain (mm), Wind Speed (km/h)

                                      Heat  Cool        Avg
    Mean                              Deg   Deg         Wind                 Dom
Day Temp  High   Time   Low    Time   Days  Days  Rain  Speed High   Time    Dir
----------------------------------------------------------------------------------
 1  18,6  21,2   13:55  17,2   10:40   0,1   0,7   0,4   7,2  30,6   17:23  O-SO
 2  17,4  21,6   16:03  13,7   05:41   1,3   0,7   0,4   5,6  33,8   16:39     O
 3  16,5  20,9   13:55  10,9   06:56   2,1   0,6   0,0   4,6  29,0   14:46     O
 4  17,7  19,2   13:08  16,3   00:00   0,5   0,2   0,6   9,9  35,4   10:47  O-SO
 5  18,3  22,1   15:37  15,3   23:56   0,5   0,8   0,4   8,1  32,2   20:39     O
 6  16,7  22,6   15:17  11,1   06:41   2,2   0,9   0,0   3,5  33,8   17:00    NO
 7  16,2  21,6   17:12   9,6   06:46   2,7   0,9   0,0   2,3  22,5   15:15  O-NO
 8  18,5  24,5   15:13  11,2   07:03   1,9   2,4   0,0   2,2  25,7   14:55     O
 9  18,0  22,3   16:43  13,6   06:50   1,1   1,1   0,0   4,2  29,0   14:51     O
10  19,1  24,7   17:11  15,9   05:38   0,6   1,7   0,0   3,1  24,1   00:59  N-NO
11  18,3  25,4   16:48  10,2   07:08   2,1   2,4   0,0   2,9  25,7   16:04    NE
12  19,6  26,9   15:25  12,3   06:37   1,6   3,2   0,0   3,3  32,2   15:16  E-NE
13  19,3  26,2   15:24  12,1   06:24   1,6   2,9   0,0   2,4  22,5   16:52  O-NO
14  17,9  23,0   13:16  11,6   06:57   1,5   1,4   0,0   3,3  29,0   16:20     O
15  17,9  21,7   14:20  14,3   06:10   1,0   0,9   0,0   4,4  33,8   18:30  O-NO
16  17,6  22,3   16:00  12,6   06:59   1,4   1,0   0,0   2,5  25,7   17:05     O
17  19,1  24,7   13:36  13,9   05:58   1,2   2,4   0,0   2,3  24,1   14:37  O-NO
18  19,6  26,8   13:41  14,2   06:09   1,2   2,9   0,0   2,1  20,9   16:50  O-NO
19  20,7  29,2   14:11  13,3   07:00   1,4   4,1   0,0   2,3  22,5   17:31  O-NO
20  21,5  28,1   16:17  15,8   06:56   0,5   4,0   0,0   3,7  29,0   20:46    NE
21  21,6  29,2   16:20  14,4   06:07   0,9   4,4   0,0   5,4  30,6   12:35  E-NE
22  21,7  30,1   16:15  13,9   07:50   0,9   4,5   0,0   2,0  22,5   01:57    NE
23  20,5  28,4   17:54  12,8   06:55   1,1   3,6   0,0   1,3  20,9   21:12     O
24  17,9  23,1   16:55  11,8   06:37   1,6   1,5   0,0   3,3  29,0   15:27     O
25  18,9  23,1   14:09  16,4   04:13   0,3   1,1   1,8   3,6  29,0   16:40    SO
26  18,6  22,5   13:37  15,1   06:57   0,7   1,3   0,0   3,4  25,7   14:17     O
27  18,2  24,6   13:48  12,2   06:05   1,6   1,8   0,6   4,6  30,6   13:27    SO
28  18,6  23,8   14:06  13,2   07:22   1,0   1,6   0,0   4,2  30,6   17:27  O-NO
29  19,1  26,3   16:15  12,0   07:09   1,7   2,8   0,0   1,5  19,3   17:54    NO
30  23,9  35,4   16:40  14,1   07:09   1,1   7,0   0,0   2,5  22,5   14:21    SE
31  21,9  25,2   02:50  19,3   22:12   0,0   3,9   0,0   5,0  30,6   13:42     O
----------------------------------------------------------------------------------
    19,0  35,4    30     9,6     7    37,4  68,7   4,2   3,8  35,4     4       O

Max >=  25,0: 12
Max <=   0,0:  0
Min <=   0,0:  0
Min <=  -5,0:  0
Max Rain: 1,8 on day 25
Days of Rain: 1 (>= 1,0 mm)  0 (>= 5,0 mm)  0 (>= 10,0 mm)
Heat Base: 18,0  Cool Base: 18,0  Method: Integration