Sélectionnez une année ou un mois pour voir un rapport
V/Λ2024 > Jan Fév Mar Avr Mai Jui Jul Aou Sep Oct Nov Déc
V/Λ2023 > Jan Fév Mar Avr Mai Jui Jul Aou Sep Oct Nov Déc
V/Λ2022 > Jan Fév Mar Avr Mai Jui Jul Aou Sep Oct Nov Déc
V/Λ2021 > Jan Fév Mar Avr Mai Jui Jul Aou Sep Oct Nov Déc
V/Λ2020 > Jan Fév Mar Avr Mai Jui Jul Aou Sep Oct Nov Déc
V/Λ2019 > Jan Fév Mar Avr Mai Jui Jul Aou Sep Oct Nov Déc
V/Λ2018 > Jan Fév Mar Avr Mai Jui Jul Aou Sep Oct Nov Déc
V/Λ2017 > Jan Fév Mar Avr Mai Jui Jul Aou Sep Oct Nov Déc
V/Λ2016 > Jan Fév Mar Avr Mai Jui Jul Aou Sep Oct Nov Déc
V/Λ2015 > Jan Fév Mar Avr Mai Jui Jul Aou Sep Oct Nov Déc
V/Λ2014 > Jan Fév Mar Avr Mai Jui Jul Aou Sep Oct Nov Déc
V/Λ2013 > Jan Fév Mar Avr Mai Jui Jul Aou Sep Oct Nov Déc
V/Λ2012 > Jan Fév Mar Avr Mai Jui Jul Aou Sep Oct Nov Déc
V/Λ2011 > Jan Fév Mar Avr Mai Jui Jul Aou Sep Oct Nov Déc
V/Λ2010 > Jan Fév Mar Avr Mai Jui Jul Aou Sep Oct Nov Déc
V/Λ2009 > Jan Fév Mar Avr Mai Jui Jul Aou Sep Oct Nov Déc

Tableau pour 2020 Mai
                   Monthly Climatological Summary for mai 2020

Name: Station météo amateur   City: Saint-Brevin les Pins   State: FRANCE
Elevation: 5 m  Lat: N 47° 14' 09"   Lon: W 002° 09' 35"

                  Temperature (°C), Rain (mm), Wind Speed (km/h)

                                      Heat  Cool        Avg
    Mean                              Deg   Deg         Wind                 Dom
Day Temp  High   Time   Low    Time   Days  Days  Rain  Speed High   Time    Dir
----------------------------------------------------------------------------------
 1  13,3  16,6   14:16  10,9   02:13   4,7   0,0   1,0   9,9  37,0   15:22     O
 2  14,2  15,9   15:25  12,3   02:30   3,8   0,0   4,6   3,1  24,1   23:17     O
 3  14,8  16,8   17:12  13,8   06:48   3,2   0,0   0,8   5,2  25,7   00:58     O
 4  16,6  22,2   15:36  12,9   03:36   2,2   0,9   5,4   4,0  33,8   21:15     E
 5  16,0  18,9   12:06  11,8   23:56   2,1   0,0  10,4   4,2  27,4   11:50     O
 6  14,8  22,0   16:31   8,7   06:01   3,9   0,7   0,0   1,5  16,1   11:08  E-NE
 7  17,0  24,0   16:37  10,5   07:38   2,7   1,7   0,0   1,7  20,9   16:52     E
 8  16,8  21,3   13:44  13,3   03:38   1,8   0,6   1,8   1,5  20,9   10:45     E
 9  17,2  22,3   14:53  13,6   02:33   1,5   0,6   0,2   0,5  14,5   16:12     O
10  16,9  20,5   17:16  14,7   06:46   1,4   0,3   0,8   1,2  25,7   23:22  N-NO
11  11,5  16,7   00:00   8,1   09:13   6,5   0,0   7,0  12,9  49,9   11:03    NE
12  10,8  16,3   15:01   6,2   06:44   7,2   0,0   0,0   6,8  38,6   15:06  E-NE
13  12,2  17,9   16:57   7,9   05:27   5,8   0,0   0,0   7,4  37,0   17:56  E-NE
14  11,8  17,6   16:16   6,0   07:18   6,2   0,0   0,0  10,2  43,5   10:53  E-NE
15  12,7  18,9   16:11   6,0   06:35   5,4   0,1   0,0   6,9  35,4   12:38    NE
16  13,5  21,1   16:57   5,4   06:30   5,1   0,5   0,0   2,7  20,9   17:03  N-NE
17  13,9  20,6   14:00   7,3   06:21   4,4   0,3   0,0   2,1  22,5   16:56  O-NO
18  14,9  21,6   16:06   7,4   06:24   3,9   0,9   0,0   2,2  20,9   15:38     O
19  15,9  24,2   14:40   7,6   06:54   3,7   1,6   0,0   1,9  22,5   17:19    NO
20  17,7  25,8   13:38   7,8   05:54   3,2   2,9   0,0   1,8  16,1   14:14  O-SO
21  19,4  27,6   14:04  13,0   07:00   1,6   2,9   0,0   1,1  16,1   12:30     O
22  17,1  20,7   13:39  14,9   23:13   1,1   0,2   0,0   3,8  25,7   13:13     O
23  15,6  19,6   13:55  11,9   06:40   2,5   0,1   0,4   6,6  32,2   18:22     O
24  15,0  21,7   17:13   7,2   06:53   3,7   0,7   0,0   2,0  20,9   17:13    NO
25  18,2  24,8   15:38  11,1   06:53   2,2   2,4   0,0   2,9  29,0   15:50  E-NE
26  20,0  26,9   16:34  11,8   06:38   1,5   3,5   0,0   3,5  37,0   17:11  E-NE
27  21,3  28,2   15:56  13,0   06:29   1,1   4,4   0,0   4,6  40,2   13:19     E
28  21,6  27,8   17:14  15,8   06:54   0,4   4,0   0,0   3,7  29,0   14:01     E
29  21,0  27,4   16:32  14,4   06:39   0,7   3,8   0,0   4,2  40,2   11:55     E
30  19,6  27,6   17:15   9,9   06:23   2,2   3,7   0,0   3,4  32,2   12:06     E
31  20,8  27,8   16:12  12,6   06:58   1,1   3,9   0,0   4,4  35,4   15:50     E
----------------------------------------------------------------------------------
    16,2  28,2    27     5,4    16    96,8  40,7  32,4   4,1  49,9    11      NE

Max >=  25,0:  8
Max <=   0,0:  0
Min <=   0,0:  0
Min <=  -5,0:  0
Max Rain: 10,4 on day 5
Days of Rain: 6 (>= 1,0 mm)  3 (>= 5,0 mm)  1 (>= 10,0 mm)
Heat Base: 18,0  Cool Base: 18,0  Method: Integration