Sélectionnez une année ou un mois pour voir un rapport
V/Λ2024 > Jan Fév Mar Avr Mai Jui Jul Aou Sep Oct Nov Déc
V/Λ2023 > Jan Fév Mar Avr Mai Jui Jul Aou Sep Oct Nov Déc
V/Λ2022 > Jan Fév Mar Avr Mai Jui Jul Aou Sep Oct Nov Déc
V/Λ2021 > Jan Fév Mar Avr Mai Jui Jul Aou Sep Oct Nov Déc
V/Λ2020 > Jan Fév Mar Avr Mai Jui Jul Aou Sep Oct Nov Déc
V/Λ2019 > Jan Fév Mar Avr Mai Jui Jul Aou Sep Oct Nov Déc
V/Λ2018 > Jan Fév Mar Avr Mai Jui Jul Aou Sep Oct Nov Déc
V/Λ2017 > Jan Fév Mar Avr Mai Jui Jul Aou Sep Oct Nov Déc
V/Λ2016 > Jan Fév Mar Avr Mai Jui Jul Aou Sep Oct Nov Déc
V/Λ2015 > Jan Fév Mar Avr Mai Jui Jul Aou Sep Oct Nov Déc
V/Λ2014 > Jan Fév Mar Avr Mai Jui Jul Aou Sep Oct Nov Déc
V/Λ2013 > Jan Fév Mar Avr Mai Jui Jul Aou Sep Oct Nov Déc
V/Λ2012 > Jan Fév Mar Avr Mai Jui Jul Aou Sep Oct Nov Déc
V/Λ2011 > Jan Fév Mar Avr Mai Jui Jul Aou Sep Oct Nov Déc
V/Λ2010 > Jan Fév Mar Avr Mai Jui Jul Aou Sep Oct Nov Déc
V/Λ2009 > Jan Fév Mar Avr Mai Jui Jul Aou Sep Oct Nov Déc

Tableau pour 2020 Mar
                   Monthly Climatological Summary for mars 2020

Name: Station météo amateur   City: Saint-Brevin les Pins   State: FRANCE
Elevation: 5 m  Lat: N 47° 14' 09"   Lon: W 002° 09' 35"

                  Temperature (°C), Rain (mm), Wind Speed (km/h)

                                      Heat  Cool        Avg
    Mean                              Deg   Deg         Wind                 Dom
Day Temp  High   Time   Low    Time   Days  Days  Rain  Speed High   Time    Dir
----------------------------------------------------------------------------------
 1   8,6  11,1   15:43   4,9   11:31   9,3   0,0  18,6   9,2  61,2   00:13     O
 2   8,8  11,9   15:23   6,7   22:58   9,2   0,0   5,4   9,7  51,5   02:44  O-NO
 3   7,8  11,2   15:41   6,3   12:43  10,2   0,0   6,0   3,3  43,5   01:03  O-NO
 4  10,0  13,2   14:06   6,8   02:41   8,0   0,0   5,6   6,1  33,8   10:52    SO
 5  10,3  12,2   10:49   6,6   23:51   7,7   0,0  12,4  14,4  59,5   15:06  O-NO
 6   7,7  13,8   15:16   5,3   08:53  10,3   0,0   4,6   6,6  41,8   07:53    NO
 7   9,0  13,2   15:40   4,8   06:12   9,0   0,0   0,0   4,3  27,4   14:26  O-SO
 8  10,7  13,8   13:54   8,2   23:52   7,3   0,0   3,4  10,6  41,8   09:26     O
 9   9,5  12,7   12:26   7,0   07:35   8,5   0,0   2,0   7,1  33,8   01:30  O-NO
10  11,5  12,3   15:06  10,7   00:00   6,5   0,0   0,6  11,4  35,4   16:13     O
11  12,3  15,3   13:24  11,1   08:14   5,7   0,0   0,0   8,7  33,8   16:07  O-SO
12  10,9  14,4   13:33   7,6   23:48   7,1   0,0   0,2   9,2  38,6   16:59  O-NO
13   8,3  12,5   14:38   2,8   07:19   9,7   0,0   0,0   2,7  25,7   22:47  O-SO
14  11,3  14,4   12:41  10,1   00:00   6,7   0,0   0,0   7,3  37,0   05:05     O
15  11,2  14,1   15:51   8,4   22:08   6,8   0,0   0,0   6,7  33,8   10:11  S-SO
16  10,2  15,1   14:00   6,8   07:29   7,8   0,0   0,0   4,7  27,4   13:45  N-NE
17  10,3  16,3   16:19   5,7   07:41   7,7   0,0   0,0   0,9  16,1   05:15    NE
18   9,8  16,3   13:23   4,1   06:37   7,9   0,0   0,0   1,0  14,5   12:53     O
19  12,2  21,1   14:05   5,8   05:35   6,3   0,5   0,0   1,1  17,7   13:56  S-SO
20  13,3  20,3   14:38   7,2   07:20   4,9   0,2   0,0   1,8  29,0   23:57     E
21  10,9  13,8   13:46   8,9   23:53   7,1   0,0   0,0   8,4  35,4   21:33     E
22   8,3   9,2   10:55   7,7   04:09   9,7   0,0   0,0   6,2  37,0   00:32  E-NE
23   9,9  18,8   15:31   4,7   06:56   8,1   0,0   0,0   1,8  20,9   10:07     E
24   9,5  17,2   15:23   3,0   07:04   8,5   0,0   0,0   2,2  22,5   11:33     E
25   7,4  15,3   15:18  -0,5   06:04  10,6   0,0   0,0   2,5  25,7   13:08  E-NE
26   7,0  14,2   14:42   1,1   03:57  11,0   0,0   0,0   4,4  37,0   16:17  E-NE
27   7,5  14,8   14:00   0,2   07:01  10,5   0,0   0,0   2,0  24,1   11:51  E-NE
28   9,3  15,9   14:42   4,0   05:54   8,7   0,0   0,0   2,9  30,6   22:36    NE
29   8,0  11,8   16:10   4,4   23:58   9,6   0,0   0,0  16,5  62,8   13:02    NE
30   5,9  11,4   15:57   1,7   07:57  12,1   0,0   0,0  15,3  54,7   16:21    NE
31   8,2  14,4   15:44   3,3   08:01   9,8   0,0   0,0  13,4  51,5   12:36  E-NE
----------------------------------------------------------------------------------
     9,5  21,1    19    -0,5    25   262,3   0,7  58,8   6,6  62,8    29      NO

Max >=  25,0:  0
Max <=   0,0:  0
Min <=   0,0:  1
Min <=  -5,0:  0
Max Rain: 18,6 on day 1
Days of Rain: 8 (>= 1,0 mm)  5 (>= 5,0 mm)  2 (>= 10,0 mm)
Heat Base: 18,0  Cool Base: 18,0  Method: Integration