Sélectionnez une année ou un mois pour voir un rapport
Tableau pour 2020 Fév
Monthly Climatological Summary for févr. 2020
Name: Station météo amateur City: Saint-Brevin les Pins State: FRANCE
Elevation: 5 m Lat: N 47° 14' 09" Lon: W 002° 09' 35"
Temperature (°C), Rain (mm), Wind Speed (km/h)
Heat Cool Avg
Mean Deg Deg Wind Dom
Day Temp High Time Low Time Days Days Rain Speed High Time Dir
----------------------------------------------------------------------------------
1 11,7 12,9 13:57 10,8 08:30 6,3 0,0 12,2 9,1 35,4 02:18 O-SO
2 12,1 12,6 03:36 11,5 18:18 5,9 0,0 8,0 11,0 43,5 04:41 O-SO
3 12,1 14,7 14:16 8,8 23:44 5,9 0,0 1,2 10,0 37,0 17:48 O-SO
4 8,0 12,8 14:36 4,2 22:23 10,0 0,0 0,4 6,1 35,4 10:05 NO
5 7,6 12,1 14:01 4,2 23:58 10,4 0,0 0,0 1,2 14,5 13:41 E
6 5,4 11,6 15:47 1,6 08:23 12,6 0,0 0,0 4,7 30,6 13:41 E
7 7,1 12,6 15:16 -0,7 08:24 10,9 0,0 0,0 4,8 24,1 15:58 S-SO
8 10,1 11,8 02:21 8,1 19:58 7,9 0,0 14,8 4,6 25,7 04:58 SO
9 11,5 12,7 13:50 9,3 00:09 6,5 0,0 1,4 15,0 56,3 23:16 O-SO
10 11,5 12,9 13:40 9,9 07:27 6,5 0,0 2,8 18,3 61,2 02:02 O
11 8,8 11,3 13:43 4,3 22:19 9,2 0,0 1,2 10,6 43,5 16:58 O-NO
12 8,4 12,2 13:51 4,4 01:38 9,6 0,0 0,8 4,0 27,4 00:37 O
13 10,9 12,7 12:42 8,7 00:00 7,1 0,0 2,2 17,2 61,2 15:57 O
14 11,0 13,7 13:15 8,8 04:50 7,0 0,0 0,0 6,3 25,7 00:02 SO
15 12,3 13,3 13:15 11,3 00:56 5,7 0,0 2,0 13,6 45,1 22:55 S-SO
16 12,7 15,3 12:44 9,2 19:11 5,3 0,0 9,8 14,1 53,1 13:42 SO
17 9,9 12,2 11:04 7,8 21:16 8,1 0,0 0,4 10,0 43,5 17:54 O
18 9,7 12,9 14:04 6,8 03:11 8,3 0,0 0,6 7,6 38,6 23:59 O
19 10,4 12,9 15:01 8,3 06:52 7,6 0,0 0,0 7,2 40,2 03:57 O
20 9,6 12,8 12:43 3,1 23:17 8,4 0,0 1,2 7,0 48,3 16:11 O-SO
21 6,4 12,1 12:56 0,6 06:32 11,6 0,0 0,0 2,3 22,5 15:20 SO
22 10,7 13,4 12:35 7,8 00:00 7,3 0,0 0,2 6,5 29,0 06:24 O-SO
23 10,8 11,6 12:43 9,9 04:41 7,2 0,0 0,8 9,5 37,0 12:10 O-SO
24 10,7 11,8 15:06 10,1 06:57 7,3 0,0 3,0 9,6 37,0 13:21 O-SO
25 9,6 12,8 12:41 6,8 19:41 8,4 0,0 6,4 12,6 59,5 15:17 O-NO
26 7,8 11,1 13:15 5,1 06:58 10,2 0,0 1,2 11,7 46,7 03:43 O-NO
27 9,6 14,1 14:17 3,7 23:07 8,4 0,0 5,2 11,1 57,9 10:30 O-NO
28 9,4 12,0 13:55 3,9 00:35 8,6 0,0 0,8 7,8 40,2 21:17 S-SO
29 10,3 12,6 05:23 7,7 17:08 7,7 0,0 8,0 17,5 56,3 05:21 O-SO
----------------------------------------------------------------------------------
9,9 15,3 16 -0,7 7 235,9 0,0 84,6 9,3 61,2 10 O-SO
Max >= 25,0: 0
Max <= 0,0: 0
Min <= 0,0: 1
Min <= -5,0: 0
Max Rain: 14,8 on day 8
Days of Rain: 16 (>= 1,0 mm) 7 (>= 5,0 mm) 2 (>= 10,0 mm)
Heat Base: 18,0 Cool Base: 18,0 Method: Integration