Sélectionnez une année ou un mois pour voir un rapport
V/Λ2024 > Jan Fév Mar Avr Mai Jui Jul Aou Sep Oct Nov Déc
V/Λ2023 > Jan Fév Mar Avr Mai Jui Jul Aou Sep Oct Nov Déc
V/Λ2022 > Jan Fév Mar Avr Mai Jui Jul Aou Sep Oct Nov Déc
V/Λ2021 > Jan Fév Mar Avr Mai Jui Jul Aou Sep Oct Nov Déc
V/Λ2020 > Jan Fév Mar Avr Mai Jui Jul Aou Sep Oct Nov Déc
V/Λ2019 > Jan Fév Mar Avr Mai Jui Jul Aou Sep Oct Nov Déc
V/Λ2018 > Jan Fév Mar Avr Mai Jui Jul Aou Sep Oct Nov Déc
V/Λ2017 > Jan Fév Mar Avr Mai Jui Jul Aou Sep Oct Nov Déc
V/Λ2016 > Jan Fév Mar Avr Mai Jui Jul Aou Sep Oct Nov Déc
V/Λ2015 > Jan Fév Mar Avr Mai Jui Jul Aou Sep Oct Nov Déc
V/Λ2014 > Jan Fév Mar Avr Mai Jui Jul Aou Sep Oct Nov Déc
V/Λ2013 > Jan Fév Mar Avr Mai Jui Jul Aou Sep Oct Nov Déc
V/Λ2012 > Jan Fév Mar Avr Mai Jui Jul Aou Sep Oct Nov Déc
V/Λ2011 > Jan Fév Mar Avr Mai Jui Jul Aou Sep Oct Nov Déc
V/Λ2010 > Jan Fév Mar Avr Mai Jui Jul Aou Sep Oct Nov Déc
V/Λ2009 > Jan Fév Mar Avr Mai Jui Jul Aou Sep Oct Nov Déc

Tableau pour 2019 Déc
                   Monthly Climatological Summary for déc. 2019

Name: Station météo amateur   City: Saint-Brevin les Pins   State: FRANCE
Elevation: 5 m  Lat: N 47° 14' 09"   Lon: W 002° 09' 35"

                  Temperature (°C), Rain (mm), Wind Speed (km/h)

                                      Heat  Cool        Avg
    Mean                              Deg   Deg         Wind                 Dom
Day Temp  High   Time   Low    Time   Days  Days  Rain  Speed High   Time    Dir
----------------------------------------------------------------------------------
 1   5,7   7,2   01:38   3,2   23:42  12,3   0,0   0,2   3,7  33,8   16:26    NE
 2   5,3   9,4   13:25   2,8   01:54  12,7   0,0   0,0   4,7  29,0   12:45    NE
 3   2,4   6,9   15:35  -0,6   04:26  15,6   0,0   0,2   1,5  29,0   14:08  E-NE
 4   0,9   6,5   15:22  -2,2   05:29  17,1   0,0   0,2   0,6  14,5   13:56  N-NE
 5   2,0   4,2   13:46   0,6   07:52  16,0   0,0   0,0   0,2  12,9   00:21    NE
 6   8,5  12,1   14:22   2,7   03:06   9,5   0,0   2,0   5,0  29,0   14:09  O-SO
 7  10,9  12,9   14:17  10,0   03:42   7,1   0,0   0,2   1,8  22,5   22:28  O-SO
 8  11,3  12,6   14:34   8,7   20:33   6,7   0,0  12,0   9,4  69,2   19:57     O
 9   9,2  12,8   13:53   3,2   23:59   8,8   0,0   0,4  11,3  61,2   04:17    NO
10   8,3  11,8   23:45   1,7   01:56   9,7   0,0   3,4   6,8  38,6   17:10  S-SO
11   7,6  11,8   00:00   4,7   08:30  10,4   0,0   7,6   6,1  51,5   12:45  O-NO
12   9,8  12,6   15:02   4,4   01:49   8,2   0,0   8,4   9,1  51,5   16:31     O
13  10,9  12,4   19:38   8,8   06:02   7,1   0,0   4,6  17,7  69,2   02:24  O-NO
14  11,4  13,3   12:25  10,2   17:04   6,6   0,0   8,2  10,3  57,9   00:50     O
15  10,4  12,5   13:16   8,7   07:35   7,6   0,0   2,4   6,4  40,2   01:47  O-SO
16   9,8  10,5   01:07   9,0   13:41   8,2   0,0   9,0   1,6  25,7   01:21     S
17   8,6  10,2   03:25   7,1   08:32   9,4   0,0   2,0   1,1  29,0   19:01    SO
18   9,2  13,2   23:50   3,9   05:41   8,8   0,0   0,6   9,2  43,5   14:45     S
19  12,4  15,0   13:20   9,3   21:30   5,6   0,0  11,0  14,0  67,6   11:33     S
20  10,5  12,7   00:28   8,3   08:48   7,5   0,0  15,4   7,4  45,1   10:31  O-SO
21  10,6  12,3   11:13   8,7   02:13   7,4   0,0  15,6  12,7  90,1   15:58    SO
22  10,4  11,9   11:58   8,8   17:40   7,6   0,0   3,0  18,8  69,2   03:01  O-NO
23  10,6  12,3   22:55   8,8   08:59   7,4   0,0   7,2  10,6  51,5   05:12     O
24  11,6  13,2   14:20   9,3   23:51   6,4   0,0   3,6   8,1  35,4   02:22     O
25   8,0  12,3   14:13   3,7   08:48  10,0   0,0   0,2   3,3  22,5   17:46  E-SE
26  10,9  13,0   14:05   7,4   02:42   7,1   0,0   0,0   8,4  30,6   11:42     O
27  11,6  13,1   12:44  10,6   22:11   6,4   0,0   0,0   4,1  25,7   02:37  O-NO
28   9,1  11,3   01:59   3,9   23:47   8,9   0,0   0,0   1,6  17,7   13:20  E-SE
29   3,3   8,4   15:11  -0,2   23:45  14,7   0,0   0,2   0,4  11,3   12:47     E
30   1,2   7,3   14:29  -2,4   08:03  16,8   0,0   0,2   0,0   6,4   13:52  N-NE
31   7,0  10,1   13:12   3,3   00:00  11,0   0,0   1,2   1,3  17,7   21:14  S-SE
----------------------------------------------------------------------------------
     8,4  15,0    19    -2,4    30   298,6   0,0 119,0   6,4  90,1    21       O

Max >=  25,0:  0
Max <=   0,0:  0
Min <=   0,0:  4
Min <=  -5,0:  0
Max Rain: 15,6 on day 21
Days of Rain: 17 (>= 1,0 mm)  9 (>= 5,0 mm)  4 (>= 10,0 mm)
Heat Base: 18,0  Cool Base: 18,0  Method: Integration