Sélectionnez une année ou un mois pour voir un rapport
V/Λ2024 > Jan Fév Mar Avr Mai Jui Jul Aou Sep Oct Nov Déc
V/Λ2023 > Jan Fév Mar Avr Mai Jui Jul Aou Sep Oct Nov Déc
V/Λ2022 > Jan Fév Mar Avr Mai Jui Jul Aou Sep Oct Nov Déc
V/Λ2021 > Jan Fév Mar Avr Mai Jui Jul Aou Sep Oct Nov Déc
V/Λ2020 > Jan Fév Mar Avr Mai Jui Jul Aou Sep Oct Nov Déc
V/Λ2019 > Jan Fév Mar Avr Mai Jui Jul Aou Sep Oct Nov Déc
V/Λ2018 > Jan Fév Mar Avr Mai Jui Jul Aou Sep Oct Nov Déc
V/Λ2017 > Jan Fév Mar Avr Mai Jui Jul Aou Sep Oct Nov Déc
V/Λ2016 > Jan Fév Mar Avr Mai Jui Jul Aou Sep Oct Nov Déc
V/Λ2015 > Jan Fév Mar Avr Mai Jui Jul Aou Sep Oct Nov Déc
V/Λ2014 > Jan Fév Mar Avr Mai Jui Jul Aou Sep Oct Nov Déc
V/Λ2013 > Jan Fév Mar Avr Mai Jui Jul Aou Sep Oct Nov Déc
V/Λ2012 > Jan Fév Mar Avr Mai Jui Jul Aou Sep Oct Nov Déc
V/Λ2011 > Jan Fév Mar Avr Mai Jui Jul Aou Sep Oct Nov Déc
V/Λ2010 > Jan Fév Mar Avr Mai Jui Jul Aou Sep Oct Nov Déc
V/Λ2009 > Jan Fév Mar Avr Mai Jui Jul Aou Sep Oct Nov Déc

Tableau pour 2019 Aou
                   Monthly Climatological Summary for août 2019

Name: Station météo amateur   City: Saint-Brevin les Pins   State: FRANCE
Elevation: 5 m  Lat: N 47° 14' 09"   Lon: W 002° 09' 35"

                  Temperature (°C), Rain (mm), Wind Speed (km/h)

                                      Heat  Cool        Avg
    Mean                              Deg   Deg         Wind                 Dom
Day Temp  High   Time   Low    Time   Days  Days  Rain  Speed High   Time    Dir
----------------------------------------------------------------------------------
 1  19,1  25,1   17:40  14,7   06:57   0,9   2,0   0,0   1,5  22,5   16:07     O
 2  18,9  25,7   14:54  12,4   06:11   1,5   2,4   0,0   2,0  22,5   17:18     O
 3  19,5  26,9   15:09  12,4   07:16   1,7   3,2   0,0   1,7  19,3   12:20  O-SO
 4  18,8  23,5   12:29  14,4   03:02   0,8   1,6   0,0   2,1  27,4   13:19     O
 5  19,0  22,3   16:55  15,7   00:58   0,4   1,4   0,2   2,6  27,4   14:41  O-SO
 6  18,1  19,1   18:16  16,8   23:55   0,2   0,3   4,2   0,6  16,1   18:37     O
 7  18,9  23,2   15:02  15,3   05:27   0,7   1,6   0,0   1,9  24,1   14:55  O-SO
 8  21,1  26,7   17:30  15,3   02:08   0,6   3,7   1,2   1,9  22,5   12:27  S-SO
 9  20,5  23,4   15:28  16,1   07:54   0,1   2,6   7,0   6,9  49,9   23:36  O-SO
10  19,9  23,1   15:16  17,7   23:55   0,0   1,9   0,0  10,9  49,9   00:54     O
11  18,3  22,6   15:19  15,7   08:18   0,5   0,8   1,2   3,5  27,4   18:44     O
12  17,5  21,8   15:09  13,8   04:01   1,4   0,9   2,8   6,3  35,4   13:59  O-NO
13  16,1  22,1   16:02   9,6   07:13   2,7   0,7   0,0   3,8  29,0   17:46     O
14  17,7  20,8   12:58  15,3   04:46   0,8   0,4   0,8   5,0  35,4   12:24    SO
15  18,4  21,6   17:26  15,9   23:48   0,5   0,9   0,0   4,6  27,4   15:30  O-NO
16  18,3  23,2   14:01  13,6   05:49   1,1   1,5   0,0   4,0  30,6   16:05    SO
17  18,7  19,7   11:44  16,7   22:56   0,1   0,8   9,8   4,5  27,4   04:57  O-SO
18  19,0  22,3   13:40  16,1   23:46   0,4   1,3   3,2   8,9  41,8   03:56     O
19  17,5  21,8   14:12  13,9   06:47   1,4   0,9   0,0   4,1  25,7   16:13     O
20  16,8  22,6   15:59  10,6   06:47   2,3   1,2   0,0   2,6  22,5   16:37  O-NO
21  18,3  26,9   15:41  11,4   07:02   2,2   2,5   0,0   1,9  17,7   16:06  E-NE
22  19,5  28,7   16:15  11,1   07:20   1,9   3,3   0,0   0,8  16,1   15:44  N-NE
23  21,4  31,0   16:27  13,7   03:40   1,3   4,6   0,0   2,0  24,1   13:16     E
24  21,8  32,3   13:51  15,9   08:06   0,3   4,1   0,0   1,5  24,1   14:37  O-SO
25  19,0  22,8   16:14  15,7   07:02   0,5   1,5   0,0   1,7  22,5   14:46     O
26  21,8  30,4   16:48  16,2   06:30   0,5   4,3   0,0   1,3  17,7   23:18  N-NE
27  20,2  26,6   12:49  15,6   07:21   0,3   2,5   0,0   1,6  27,4   15:12  O-SO
28  19,2  21,6   10:53  16,2   23:56   0,1   1,3   0,0   1,8  20,9   01:10     O
29  18,9  24,2   13:45  14,1   23:58   0,6   1,5   0,4   1,5  22,5   16:49     O
30  18,5  27,6   15:50  10,6   07:41   2,3   2,8   0,0   1,1  17,7   14:49  O-NO
31  18,0  22,9   12:55  12,7   07:00   1,4   1,4   0,0   3,5  27,4   18:09  O-NO
----------------------------------------------------------------------------------
    19,0  32,3    24     9,6    13    29,5  59,9  30,8   3,2  49,9     9       O

Max >=  25,0: 11
Max <=   0,0:  0
Min <=   0,0:  0
Min <=  -5,0:  0
Max Rain: 9,8 on day 17
Days of Rain: 7 (>= 1,0 mm)  2 (>= 5,0 mm)  0 (>= 10,0 mm)
Heat Base: 18,0  Cool Base: 18,0  Method: Integration