Sélectionnez une année ou un mois pour voir un rapport
V/Λ2024 > Jan Fév Mar Avr Mai Jui Jul Aou Sep Oct Nov Déc
V/Λ2023 > Jan Fév Mar Avr Mai Jui Jul Aou Sep Oct Nov Déc
V/Λ2022 > Jan Fév Mar Avr Mai Jui Jul Aou Sep Oct Nov Déc
V/Λ2021 > Jan Fév Mar Avr Mai Jui Jul Aou Sep Oct Nov Déc
V/Λ2020 > Jan Fév Mar Avr Mai Jui Jul Aou Sep Oct Nov Déc
V/Λ2019 > Jan Fév Mar Avr Mai Jui Jul Aou Sep Oct Nov Déc
V/Λ2018 > Jan Fév Mar Avr Mai Jui Jul Aou Sep Oct Nov Déc
V/Λ2017 > Jan Fév Mar Avr Mai Jui Jul Aou Sep Oct Nov Déc
V/Λ2016 > Jan Fév Mar Avr Mai Jui Jul Aou Sep Oct Nov Déc
V/Λ2015 > Jan Fév Mar Avr Mai Jui Jul Aou Sep Oct Nov Déc
V/Λ2014 > Jan Fév Mar Avr Mai Jui Jul Aou Sep Oct Nov Déc
V/Λ2013 > Jan Fév Mar Avr Mai Jui Jul Aou Sep Oct Nov Déc
V/Λ2012 > Jan Fév Mar Avr Mai Jui Jul Aou Sep Oct Nov Déc
V/Λ2011 > Jan Fév Mar Avr Mai Jui Jul Aou Sep Oct Nov Déc
V/Λ2010 > Jan Fév Mar Avr Mai Jui Jul Aou Sep Oct Nov Déc
V/Λ2009 > Jan Fév Mar Avr Mai Jui Jul Aou Sep Oct Nov Déc

Tableau pour 2019 Jui
                   Monthly Climatological Summary for juin 2019

Name: Station météo amateur   City: Saint-Brevin les Pins   State: FRANCE
Elevation: 5 m  Lat: N 47° 14' 09"   Lon: W 002° 09' 35"

                  Temperature (°C), Rain (mm), Wind Speed (km/h)

                                      Heat  Cool        Avg
    Mean                              Deg   Deg         Wind                 Dom
Day Temp  High   Time   Low    Time   Days  Days  Rain  Speed High   Time    Dir
----------------------------------------------------------------------------------
 1  19,3  28,1   14:07  10,4   06:23   2,4   3,8   0,0   2,8  20,9   16:32  O-SO
 2  16,0  20,8   10:09  10,7   06:43   2,3   0,2   0,0   3,6  27,4   11:34  O-SO
 3  16,2  19,9   15:25  12,3   23:12   2,0   0,2   0,6   3,0  22,5   14:47     O
 4  15,2  18,7   17:28  12,2   00:09   2,8   0,0   1,8   4,0  35,4   17:53     O
 5  14,6  18,2   16:25  10,8   05:28   3,4   0,0   0,0   4,3  29,0   20:38     O
 6  14,6  19,2   15:06   7,8   06:18   3,5   0,1   3,0   3,8  29,0   11:48    SO
 7  13,6  15,9   12:04  11,7   22:56   4,4   0,0  15,4  14,2  62,8   12:44  O-SO
 8  14,9  18,7   16:12  11,8   03:33   3,1   0,0   1,2   8,4  49,9   00:25     O
 9  13,1  18,8   13:11  11,2   20:57   4,9   0,0   3,2   1,4  24,1   18:21  O-NO
10  13,3  18,1   15:04   8,3   05:03   4,7   0,0   0,8   4,0  29,0   17:39     O
11  10,6  12,9   09:45   6,4   06:08   7,4   0,0   4,2   0,2  11,3   01:00  S-SO
12  12,9  16,8   17:57   8,3   04:31   5,1   0,0   8,0   3,6  33,8   15:36     O
13  14,8  18,1   15:07  12,3   23:54   3,2   0,0   0,6   5,8  32,2   14:26  O-SO
14  15,2  18,7   14:27  12,2   06:22   2,8   0,0   0,0   4,4  24,1   15:10     O
15  15,6  18,9   13:24  13,4   00:00   2,4   0,0   0,4   8,7  35,4   12:52  O-SO
16  16,4  19,3   12:43  11,4   23:56   1,7   0,2   0,2   5,7  29,0   05:48  O-SO
17  18,0  26,3   18:15   8,3   05:35   3,0   3,0   0,0   1,5  17,7   16:13    NE
18  20,2  28,8   15:20  16,3   23:48   0,3   2,5   0,0   2,8  27,4   10:28     O
19  17,7  20,4   13:02  16,2   07:06   0,7   0,4   0,6   5,4  32,2   12:03  O-SO
20  16,5  19,7   14:15  12,4   07:11   1,8   0,3   0,0   4,1  29,0   16:09  O-NO
21  17,0  22,9   16:36  12,0   03:43   2,2   1,3   0,0   1,9  24,1   15:21    NO
22  18,5  25,7   14:23  12,1   06:12   1,9   2,3   0,0   2,6  24,1   08:46    SE
23  20,6  30,1   15:27  15,5   04:53   0,6   3,1   0,0   2,7  29,0   15:58  S-SO
24  18,0  20,3   15:29  15,8   07:00   0,5   0,5   4,8   1,0  25,7   20:37  N-NE
25  19,4  23,7   16:36  15,8   05:55   0,6   2,0   0,2   1,1  19,3   01:01     N
26  25,8  34,8   18:15  18,1   06:09   0,0   7,8   1,8   3,6  33,8   12:50     E
27  29,1  37,2   18:32  23,2   00:23   0,0  11,1   0,0   2,2  22,5   09:51  E-SE
28  23,2  29,5   00:00  18,9   23:57   0,0   5,2   0,0   3,1  22,5   15:12  O-SO
29  19,5  24,3   10:47  16,8   05:09   0,1   1,7   0,0   2,4  24,1   13:32  O-SO
30  20,2  25,6   18:31  15,6   06:24   0,5   2,7   0,0   2,4  27,4   07:38    NO
----------------------------------------------------------------------------------
    17,3  37,2    27     6,4    11    68,3  48,4  46,8   3,8  62,8     7       O

Max >=  25,0:  9
Max <=   0,0:  0
Min <=   0,0:  0
Min <=  -5,0:  0
Max Rain: 15,4 on day 7
Days of Rain: 9 (>= 1,0 mm)  2 (>= 5,0 mm)  1 (>= 10,0 mm)
Heat Base: 18,0  Cool Base: 18,0  Method: Integration