Sélectionnez une année ou un mois pour voir un rapport
V/Λ2024 > Jan Fév Mar Avr Mai Jui Jul Aou Sep Oct Nov Déc
V/Λ2023 > Jan Fév Mar Avr Mai Jui Jul Aou Sep Oct Nov Déc
V/Λ2022 > Jan Fév Mar Avr Mai Jui Jul Aou Sep Oct Nov Déc
V/Λ2021 > Jan Fév Mar Avr Mai Jui Jul Aou Sep Oct Nov Déc
V/Λ2020 > Jan Fév Mar Avr Mai Jui Jul Aou Sep Oct Nov Déc
V/Λ2019 > Jan Fév Mar Avr Mai Jui Jul Aou Sep Oct Nov Déc
V/Λ2018 > Jan Fév Mar Avr Mai Jui Jul Aou Sep Oct Nov Déc
V/Λ2017 > Jan Fév Mar Avr Mai Jui Jul Aou Sep Oct Nov Déc
V/Λ2016 > Jan Fév Mar Avr Mai Jui Jul Aou Sep Oct Nov Déc
V/Λ2015 > Jan Fév Mar Avr Mai Jui Jul Aou Sep Oct Nov Déc
V/Λ2014 > Jan Fév Mar Avr Mai Jui Jul Aou Sep Oct Nov Déc
V/Λ2013 > Jan Fév Mar Avr Mai Jui Jul Aou Sep Oct Nov Déc
V/Λ2012 > Jan Fév Mar Avr Mai Jui Jul Aou Sep Oct Nov Déc
V/Λ2011 > Jan Fév Mar Avr Mai Jui Jul Aou Sep Oct Nov Déc
V/Λ2010 > Jan Fév Mar Avr Mai Jui Jul Aou Sep Oct Nov Déc
V/Λ2009 > Jan Fév Mar Avr Mai Jui Jul Aou Sep Oct Nov Déc

Tableau pour 2019 Avr
                   Monthly Climatological Summary for avr. 2019

Name: Station météo amateur   City: Saint-Brevin les Pins   State: FRANCE
Elevation: 5 m  Lat: N 47° 14' 09"   Lon: W 002° 09' 35"

                  Temperature (°C), Rain (mm), Wind Speed (km/h)

                                      Heat  Cool        Avg
    Mean                              Deg   Deg         Wind                 Dom
Day Temp  High   Time   Low    Time   Days  Days  Rain  Speed High   Time    Dir
----------------------------------------------------------------------------------
 1  12,8  20,8   17:19   6,8   04:01   5,6   0,4   0,0   2,3  24,1   13:13    NE
 2  10,4  14,5   13:23   6,8   21:33   7,6   0,0   0,2   8,0  45,1   21:18  O-NO
 3   6,6  11,0   16:34   2,7   23:15  11,4   0,0   1,8   5,7  35,4   02:17  O-NO
 4   6,7  11,8   14:43  -0,1   05:24  11,3   0,0   2,8   8,2  53,1   21:10  S-SO
 5   8,5  10,6   15:16   5,4   23:54   9,5   0,0   6,0   5,4  41,8   00:27  S-SE
 6   7,2   9,0   22:20   4,3   01:48  10,8   0,0   4,8   1,0  19,3   11:53    NE
 7  10,4  14,3   15:03   6,2   23:46   7,6   0,0   1,8   5,1  32,2   04:00    SO
 8   9,2  14,2   17:18   5,4   05:20   8,8   0,0   3,4   2,7  27,4   12:13  S-SO
 9   9,3  17,2   15:47   3,4   04:08   8,7   0,0   0,2   1,3  29,0   17:57  O-NO
10   9,6  15,2   13:35   4,6   06:37   8,4   0,0   0,2   2,6  25,7   10:38  N-NE
11  10,8  16,4   16:54   5,8   08:11   7,2   0,0   0,0   4,1  24,1   14:03  N-NE
12   8,6  16,1   17:13   1,4   07:26   9,4   0,0   0,0   1,6  19,3   13:13  E-NE
13   8,5  13,9   17:15   3,3   02:21   9,5   0,0   0,0   2,6  24,1   10:20     E
14   9,0  12,7   15:19   5,9   07:28   9,0   0,0   0,0   2,7  22,5   11:50  E-SE
15  10,1  15,2   16:38   6,6   07:45   7,9   0,0   4,4   5,2  38,6   10:29  E-SE
16  11,8  15,5   14:43   8,2   23:31   6,2   0,0   1,6   5,4  27,4   04:54     O
17  14,1  21,6   15:59   7,4   02:01   4,5   0,6   0,0   4,4  43,5   12:29  E-SE
18  14,9  20,0   15:29  10,8   23:53   3,3   0,2   0,0   2,5  22,5   06:24    SE
19  16,2  24,0   15:14   9,5   06:14   3,5   1,7   0,0   1,1  14,5   13:25    NO
20  17,2  24,9   14:55  10,2   06:18   2,8   1,9   0,0   3,0  27,4   14:17  E-NE
21  14,6  21,2   14:25   9,4   06:53   3,7   0,3   0,0   2,1  19,3   17:42  O-SO
22  15,7  22,2   13:31   9,1   06:55   3,2   0,9   0,0   1,8  29,0   18:02    SE
23  14,3  17,3   13:13  11,2   06:00   3,7   0,0   1,8   1,5  20,9   10:46  S-SE
24  12,4  15,6   18:07   9,7   05:35   5,6   0,0   6,0   8,5  54,7   21:24  S-SO
25  12,2  14,7   14:14   9,4   22:20   5,8   0,0   1,4   9,7  41,8   15:40    SO
26  11,7  16,2   13:37   7,9   02:51   6,3   0,0   0,4   7,7  41,8   14:47     O
27  12,0  15,3   14:50   9,4   07:25   6,0   0,0   0,4  13,5  43,5   15:12  O-NO
28  11,1  13,6   14:58   8,1   04:24   6,9   0,0   0,2   3,0  22,5   00:44  O-NO
29  12,1  18,2   16:06   6,6   06:40   5,9   0,0   0,2   1,5  17,7   12:28     E
30  12,2  19,7   15:45   3,8   06:46   6,0   0,2   0,0   1,1  17,7   13:12     E
----------------------------------------------------------------------------------
    11,3  24,9    20    -0,1     4   206,1   6,2  37,6   4,2  54,7    24    O-SO

Max >=  25,0:  0
Max <=   0,0:  0
Min <=   0,0:  1
Min <=  -5,0:  0
Max Rain: 6,0 on day 5
Days of Rain: 11 (>= 1,0 mm)  2 (>= 5,0 mm)  0 (>= 10,0 mm)
Heat Base: 18,0  Cool Base: 18,0  Method: Integration