Sélectionnez une année ou un mois pour voir un rapport
V/Λ2024 > Jan Fév Mar Avr Mai Jui Jul Aou Sep Oct Nov Déc
V/Λ2023 > Jan Fév Mar Avr Mai Jui Jul Aou Sep Oct Nov Déc
V/Λ2022 > Jan Fév Mar Avr Mai Jui Jul Aou Sep Oct Nov Déc
V/Λ2021 > Jan Fév Mar Avr Mai Jui Jul Aou Sep Oct Nov Déc
V/Λ2020 > Jan Fév Mar Avr Mai Jui Jul Aou Sep Oct Nov Déc
V/Λ2019 > Jan Fév Mar Avr Mai Jui Jul Aou Sep Oct Nov Déc
V/Λ2018 > Jan Fév Mar Avr Mai Jui Jul Aou Sep Oct Nov Déc
V/Λ2017 > Jan Fév Mar Avr Mai Jui Jul Aou Sep Oct Nov Déc
V/Λ2016 > Jan Fév Mar Avr Mai Jui Jul Aou Sep Oct Nov Déc
V/Λ2015 > Jan Fév Mar Avr Mai Jui Jul Aou Sep Oct Nov Déc
V/Λ2014 > Jan Fév Mar Avr Mai Jui Jul Aou Sep Oct Nov Déc
V/Λ2013 > Jan Fév Mar Avr Mai Jui Jul Aou Sep Oct Nov Déc
V/Λ2012 > Jan Fév Mar Avr Mai Jui Jul Aou Sep Oct Nov Déc
V/Λ2011 > Jan Fév Mar Avr Mai Jui Jul Aou Sep Oct Nov Déc
V/Λ2010 > Jan Fév Mar Avr Mai Jui Jul Aou Sep Oct Nov Déc
V/Λ2009 > Jan Fév Mar Avr Mai Jui Jul Aou Sep Oct Nov Déc

Tableau pour 2018 Oct
                   Monthly Climatological Summary for oct. 2018

Name: Station météo amateur   City: Saint-Brevin les Pins   State: FRANCE
Elevation: 5 m  Lat: N 47° 14' 09"   Lon: W 002° 09' 35"

                  Temperature (°C), Rain (mm), Wind Speed (km/h)

                                      Heat  Cool        Avg
    Mean                              Deg   Deg         Wind                 Dom
Day Temp  High   Time   Low    Time   Days  Days  Rain  Speed High   Time    Dir
----------------------------------------------------------------------------------
 1  13,3  19,6   16:14   8,2   23:59   4,8   0,1   0,0   3,4  29,0   13:57     N
 2  11,7  16,8   12:34   5,3   03:48   6,2   0,0   0,0   3,1  24,1   15:35  O-NO
 3  16,6  22,6   16:10  11,1   23:54   2,3   0,9   0,0   1,0  17,7   13:04    NE
 4  15,1  23,9   15:52   8,2   07:52   4,2   1,3   0,0   1,3  20,9   12:29     E
 5  14,1  23,1   14:31   7,7   06:37   4,7   0,8   0,0   1,0  17,7   15:52     O
 6  15,2  18,9   12:41  10,9   00:03   2,8   0,0   7,0   6,1  45,1   23:31  O-SO
 7  12,7  15,1   14:21  10,5   23:36   5,3   0,0   0,2  10,9  49,9   04:36     N
 8  13,1  20,0   16:04   8,2   08:13   5,1   0,2   0,0   1,3  20,9   12:48    NE
 9  15,0  24,2   15:48   7,3   06:00   4,4   1,3   0,0   1,2  17,7   11:37  E-SE
10  16,6  22,2   12:22  13,8   03:15   1,8   0,4   4,6   3,1  40,2   13:02    SE
11  15,6  19,8   11:49  13,8   03:10   2,5   0,1   5,6   5,4  33,8   10:32     S
12  17,7  22,6   14:33  13,8   08:20   1,5   1,2   0,2   9,3  35,4   14:01     S
13  19,5  22,9   15:10  16,2   23:57   0,1   1,5   0,0   8,7  41,8   12:21     S
14  17,8  21,2   11:29  15,3   23:01   0,8   0,6   0,0   5,5  37,0   11:35     S
15  14,4  16,7   17:15  12,7   07:51   3,6   0,0   0,6   2,4  24,1   02:25     O
16  14,4  18,2   15:10   8,8   23:55   3,6   0,0   0,0   1,4  17,7   15:50     O
17  12,7  20,0   14:36   6,9   06:29   5,4   0,1   0,0   0,5  16,1   16:10    NE
18  16,4  23,2   16:00  13,1   03:40   2,4   0,8   0,0   4,3  29,0   11:28    NE
19  14,5  20,9   15:03  10,3   07:41   3,9   0,4   0,0   2,8  25,7   10:36    NE
20  13,8  20,1   16:08   9,8   08:08   4,4   0,2   0,0   4,8  29,0   07:23  E-NE
21  12,1  20,3   15:48   5,3   08:37   6,2   0,2   0,0   1,7  20,9   14:50    NE
22  13,7  19,6   15:37   9,8   23:52   4,4   0,1   0,0   6,3  37,0   11:54    NE
23  10,7  18,1   16:13   6,2   23:49   7,3   0,0   0,0   3,0  25,7   11:46    NE
24  10,7  19,8   16:14   5,1   03:57   7,4   0,1   0,0   0,5  14,5   10:35  N-NE
25  11,2  15,7   16:31   6,5   23:26   6,8   0,0   0,2   1,0  17,7   07:15  E-NE
26   9,6  14,9   16:44   6,3   01:49   8,4   0,0   0,0   2,3  25,7   17:28  N-NO
27   6,9  13,3   14:01   4,2   23:51  11,1   0,0   0,2   4,8  30,6   15:15     N
28   6,3  11,0   14:18   1,9   04:36  12,2   0,0   0,0   9,0  46,7   21:20    NE
29   6,5   9,6   14:54   3,8   07:49  11,5   0,0   0,0   6,9  40,2   00:18  N-NE
30   7,7  13,6   14:28   1,4   07:47  10,3   0,0   0,0   1,1  14,5   14:56  O-SO
31  10,4  15,8   13:44   7,2   06:56   7,6   0,0   0,0   1,5  20,9   04:41    SE
----------------------------------------------------------------------------------
    13,1  24,2     9     1,4    30   163,0  10,3  18,6   3,7  49,9     7      NE

Max >=  25,0:  0
Max <=   0,0:  0
Min <=   0,0:  0
Min <=  -5,0:  0
Max Rain: 7,0 on day 6
Days of Rain: 3 (>= 1,0 mm)  2 (>= 5,0 mm)  0 (>= 10,0 mm)
Heat Base: 18,0  Cool Base: 18,0  Method: Integration