Sélectionnez une année ou un mois pour voir un rapport
V/Λ2024 > Jan Fév Mar Avr Mai Jui Jul Aou Sep Oct Nov Déc
V/Λ2023 > Jan Fév Mar Avr Mai Jui Jul Aou Sep Oct Nov Déc
V/Λ2022 > Jan Fév Mar Avr Mai Jui Jul Aou Sep Oct Nov Déc
V/Λ2021 > Jan Fév Mar Avr Mai Jui Jul Aou Sep Oct Nov Déc
V/Λ2020 > Jan Fév Mar Avr Mai Jui Jul Aou Sep Oct Nov Déc
V/Λ2019 > Jan Fév Mar Avr Mai Jui Jul Aou Sep Oct Nov Déc
V/Λ2018 > Jan Fév Mar Avr Mai Jui Jul Aou Sep Oct Nov Déc
V/Λ2017 > Jan Fév Mar Avr Mai Jui Jul Aou Sep Oct Nov Déc
V/Λ2016 > Jan Fév Mar Avr Mai Jui Jul Aou Sep Oct Nov Déc
V/Λ2015 > Jan Fév Mar Avr Mai Jui Jul Aou Sep Oct Nov Déc
V/Λ2014 > Jan Fév Mar Avr Mai Jui Jul Aou Sep Oct Nov Déc
V/Λ2013 > Jan Fév Mar Avr Mai Jui Jul Aou Sep Oct Nov Déc
V/Λ2012 > Jan Fév Mar Avr Mai Jui Jul Aou Sep Oct Nov Déc
V/Λ2011 > Jan Fév Mar Avr Mai Jui Jul Aou Sep Oct Nov Déc
V/Λ2010 > Jan Fév Mar Avr Mai Jui Jul Aou Sep Oct Nov Déc
V/Λ2009 > Jan Fév Mar Avr Mai Jui Jul Aou Sep Oct Nov Déc

Tableau pour 2018 Jul
                   Monthly Climatological Summary for juil. 2018

Name: Station météo amateur   City: Saint-Brevin les Pins   State: FRANCE
Elevation: 5 m  Lat: N 47° 14' 09"   Lon: W 002° 09' 35"

                  Temperature (°C), Rain (mm), Wind Speed (km/h)

                                      Heat  Cool        Avg
    Mean                              Deg   Deg         Wind                 Dom
Day Temp  High   Time   Low    Time   Days  Days  Rain  Speed High   Time    Dir
----------------------------------------------------------------------------------
 1  22,7  26,7   13:04  18,2   05:27   0,0   4,7   6,6   2,8  33,8   02:30     O
 2  20,9  24,9   15:58  18,0   07:24   0,0   2,9  26,0   1,8  32,2   00:23     O
 3  20,8  23,7   14:45  18,3   23:55   0,0   2,8   0,2   4,0  30,6   13:50  O-SO
 4  20,5  23,8   15:25  17,8   04:17   0,0   2,5   0,0   3,9  22,5   18:32     O
 5  19,3  23,1   15:35  16,6   23:46   0,2   1,4   0,2   3,3  22,5   15:36     O
 6  20,1  26,2   17:20  14,8   05:47   0,6   2,7   0,0   1,6  16,1   18:21    NO
 7  22,5  29,4   18:19  16,2   06:45   0,2   4,7   0,0   1,7  20,9   14:32  O-NO
 8  24,4  30,9   16:21  17,8   06:09   0,0   6,4   0,0   2,7  24,1   20:21    NE
 9  23,5  29,3   15:07  18,1   05:20   0,0   5,5   0,0   4,3  29,0   11:15    NE
10  21,7  28,2   13:50  15,4   06:26   0,3   4,0   0,0   2,2  22,5   15:33    NO
11  20,2  25,6   16:31  14,3   05:45   0,7   2,9   0,0   3,7  24,1   10:23  E-NE
12  20,4  26,6   15:19  14,7   06:04   0,8   3,2   0,0   1,6  19,3   09:27  N-NE
13  21,3  27,8   15:46  14,6   06:40   0,6   4,0   0,0   2,1  20,9   15:33    NO
14  22,1  29,4   15:50  15,8   06:36   0,4   4,5   0,0   2,1  22,5   17:06     N
15  22,3  30,2   15:08  15,3   06:54   0,4   4,7   0,0   2,1  19,3   16:49  N-NO
16  20,2  26,2   13:31  14,4   05:35   0,8   3,0   0,0   3,7  27,4   18:29     O
17  19,7  23,8   14:42  16,3   23:58   0,2   1,9   0,0   3,3  25,7   15:29     O
18  18,9  25,8   16:08  12,0   06:10   1,4   2,3   0,0   2,4  29,0   16:47     O
19  18,4  24,1   11:19  15,5   07:09   0,7   1,2   0,4   0,6  19,3   14:37    NO
20  18,4  23,3   15:30  13,3   05:13   1,3   1,7   0,0   5,1  32,2   19:10  O-NO
21  18,3  23,6   17:23  14,1   06:55   1,1   1,4   0,2   2,4  25,7   14:56  O-SO
22  19,4  25,1   13:02  13,7   06:43   1,1   2,5   0,0   2,4  24,1   16:10     O
23  21,2  27,9   16:41  14,6   06:10   0,9   4,1   0,0   2,1  20,9   16:54     O
24  21,5  29,1   14:43  16,3   05:59   0,2   3,8   0,0   2,2  25,7   17:21     O
25  21,1  27,7   13:20  15,4   05:22   0,6   3,7   0,0   1,6  19,3   16:11  O-NO
26  20,4  26,3   13:48  15,8   05:42   0,4   2,8   0,4   2,6  25,7   13:59     O
27  19,6  25,3   14:29  15,1   06:17   0,5   2,1   2,6   1,9  24,1   15:05  O-SO
28  19,1  22,9   13:34  13,9   07:13   0,5   1,6   1,0   4,4  30,6   03:53     O
29  19,6  21,6   16:24  17,9   11:54   0,0   1,6   3,0   6,7  33,8   11:37    SO
30  19,2  21,1   10:14  17,9   22:26   0,0   1,2   7,0   4,6  25,7   00:39    SO
31  19,6  22,7   14:00  15,9   22:54   0,2   1,7   0,0   5,0  25,7   17:45     O
----------------------------------------------------------------------------------
    20,6  30,9     8    12,0    18    14,1  93,5  47,6   2,9  33,8     1       O

Max >=  25,0: 19
Max <=   0,0:  0
Min <=   0,0:  0
Min <=  -5,0:  0
Max Rain: 26,0 on day 2
Days of Rain: 6 (>= 1,0 mm)  3 (>= 5,0 mm)  1 (>= 10,0 mm)
Heat Base: 18,0  Cool Base: 18,0  Method: Integration