Sélectionnez une année ou un mois pour voir un rapport
Tableau pour 2018 Jui
Monthly Climatological Summary for juin 2018
Name: Station météo amateur City: Saint-Brevin les Pins State: FRANCE
Elevation: 5 m Lat: N 47° 14' 09" Lon: W 002° 09' 35"
Temperature (°C), Rain (mm), Wind Speed (km/h)
Heat Cool Avg
Mean Deg Deg Wind Dom
Day Temp High Time Low Time Days Days Rain Speed High Time Dir
----------------------------------------------------------------------------------
1 17,2 21,1 14:35 13,7 23:56 1,3 0,6 0,0 4,2 25,7 17:53 O
2 18,2 23,5 16:04 12,2 05:51 1,8 1,9 0,0 2,7 19,3 14:54 O
3 19,3 26,1 14:42 16,1 23:45 0,5 1,7 27,4 1,6 46,7 15:52 E-NE
4 17,7 22,4 16:59 15,5 06:20 0,9 0,7 3,6 0,6 22,5 00:46 E-NE
5 17,8 22,4 13:29 14,1 03:10 1,1 0,9 14,4 1,1 17,7 15:00 O-NO
6 16,3 17,8 00:00 14,7 07:19 1,7 0,0 0,6 1,3 17,7 03:55 N-NE
7 17,5 21,2 14:50 14,0 23:43 1,2 0,7 0,2 2,4 20,9 15:06 O-SO
8 18,7 25,9 16:19 13,1 01:53 1,4 2,1 6,0 0,9 24,1 17:04 O
9 20,1 25,1 13:12 16,4 23:22 0,2 2,3 0,4 2,9 27,4 14:30 O-SO
10 18,5 22,9 13:33 15,2 23:37 0,6 1,1 3,2 2,2 19,3 17:13 O
11 15,8 17,9 10:12 12,2 05:50 2,2 0,0 58,0 1,8 22,5 19:52 O-NO
12 17,2 22,1 17:17 14,9 23:57 1,3 0,6 2,2 3,2 32,2 16:52 N-NE
13 16,4 21,4 13:59 12,2 06:31 2,3 0,7 0,0 3,4 25,7 14:13 O-NO
14 16,2 19,2 12:03 12,7 04:10 1,8 0,0 0,2 4,2 27,4 14:26 O
15 16,3 21,9 14:31 11,4 02:47 2,4 0,7 0,0 2,5 25,7 14:38 NO
16 15,7 19,9 12:51 11,0 05:32 2,5 0,2 0,0 3,7 25,7 14:51 O
17 16,4 20,1 13:26 13,3 06:25 1,9 0,2 0,4 5,0 30,6 13:47 O
18 17,4 20,9 16:29 14,9 07:01 1,0 0,4 0,8 4,6 24,1 04:59 O-NO
19 18,6 25,2 16:08 12,0 06:21 1,6 2,2 0,0 1,7 19,3 20:03 NE
20 22,0 29,6 17:36 14,6 06:21 0,8 4,9 0,0 2,2 22,5 16:02 NE
21 18,9 24,1 16:25 14,6 23:52 0,9 1,8 0,0 8,4 35,4 18:35 NE
22 17,1 23,3 16:28 10,6 06:05 2,5 1,6 0,0 8,0 40,2 10:10 E-NE
23 18,5 25,2 16:50 12,2 04:43 1,8 2,3 0,0 5,2 30,6 15:07 E-NE
24 19,5 26,1 16:43 12,6 05:52 1,4 2,9 0,0 4,1 27,4 11:33 E
25 20,8 27,8 18:34 11,9 05:42 1,2 4,0 0,0 4,9 30,6 16:04 E
26 23,1 29,6 16:17 15,4 06:13 0,3 5,4 0,0 5,3 30,6 11:47 E
27 23,6 30,3 17:11 17,4 06:16 0,0 5,6 0,0 2,9 24,1 13:27 E
28 23,6 29,9 16:18 17,2 03:56 0,1 5,7 0,0 3,9 29,0 17:53 E-NE
29 23,8 30,9 15:28 17,0 06:56 0,0 5,9 0,0 5,5 37,0 15:43 E
30 24,2 31,1 15:18 17,7 05:47 0,0 6,1 0,0 4,3 24,1 12:53 E
----------------------------------------------------------------------------------
18,9 31,1 30 10,6 22 36,7 63,2 117,4 3,5 46,7 3 N-NE
Max >= 25,0: 13
Max <= 0,0: 0
Min <= 0,0: 0
Min <= -5,0: 0
Max Rain: 58,0 on day 11
Days of Rain: 7 (>= 1,0 mm) 4 (>= 5,0 mm) 3 (>= 10,0 mm)
Heat Base: 18,0 Cool Base: 18,0 Method: Integration