Sélectionnez une année ou un mois pour voir un rapport
V/Λ2024 > Jan Fév Mar Avr Mai Jui Jul Aou Sep Oct Nov Déc
V/Λ2023 > Jan Fév Mar Avr Mai Jui Jul Aou Sep Oct Nov Déc
V/Λ2022 > Jan Fév Mar Avr Mai Jui Jul Aou Sep Oct Nov Déc
V/Λ2021 > Jan Fév Mar Avr Mai Jui Jul Aou Sep Oct Nov Déc
V/Λ2020 > Jan Fév Mar Avr Mai Jui Jul Aou Sep Oct Nov Déc
V/Λ2019 > Jan Fév Mar Avr Mai Jui Jul Aou Sep Oct Nov Déc
V/Λ2018 > Jan Fév Mar Avr Mai Jui Jul Aou Sep Oct Nov Déc
V/Λ2017 > Jan Fév Mar Avr Mai Jui Jul Aou Sep Oct Nov Déc
V/Λ2016 > Jan Fév Mar Avr Mai Jui Jul Aou Sep Oct Nov Déc
V/Λ2015 > Jan Fév Mar Avr Mai Jui Jul Aou Sep Oct Nov Déc
V/Λ2014 > Jan Fév Mar Avr Mai Jui Jul Aou Sep Oct Nov Déc
V/Λ2013 > Jan Fév Mar Avr Mai Jui Jul Aou Sep Oct Nov Déc
V/Λ2012 > Jan Fév Mar Avr Mai Jui Jul Aou Sep Oct Nov Déc
V/Λ2011 > Jan Fév Mar Avr Mai Jui Jul Aou Sep Oct Nov Déc
V/Λ2010 > Jan Fév Mar Avr Mai Jui Jul Aou Sep Oct Nov Déc
V/Λ2009 > Jan Fév Mar Avr Mai Jui Jul Aou Sep Oct Nov Déc

Tableau pour 2018 Fév
                   Monthly Climatological Summary for févr. 2018

Name: Station météo amateur   City: Saint-Brevin les Pins   State: FRANCE
Elevation: 5 m  Lat: N 47° 14' 09"   Lon: W 002° 09' 35"

                  Temperature (°C), Rain (mm), Wind Speed (km/h)

                                      Heat  Cool        Avg
    Mean                              Deg   Deg         Wind                 Dom
Day Temp  High   Time   Low    Time   Days  Days  Rain  Speed High   Time    Dir
----------------------------------------------------------------------------------
 1   5,9   9,2   15:42   2,6   21:16  12,1   0,0   0,8   8,0  40,2   04:04    NO
 2   4,6  10,4   14:29   0,8   05:17  13,3   0,0   0,2   5,4  20,9   10:10  N-NO
 3   6,3  10,6   14:40   3,7   00:03  11,7   0,0   2,2   6,7  48,3   13:10    NO
 4   4,6   6,6   14:00   1,3   23:43  13,4   0,0   2,8  11,7  41,8   12:47    NE
 5   1,0   5,9   14:06  -1,9   22:55  17,0   0,0   0,0   9,6  41,8   15:27    NE
 6   1,6   5,0   16:31  -2,1   03:27  16,4   0,0   0,0   7,3  27,4   13:46  N-NO
 7   3,3   8,3   13:34   0,0   08:27  14,7   0,0   0,0   7,3  33,8   13:05  N-NO
 8   2,3   7,5   14:17  -3,3   08:32  15,7   0,0   0,0   2,5  16,1   14:32  S-SO
 9   6,4  10,8   14:20   2,7   21:23  11,6   0,0   4,4   9,0  38,6   09:28  O-NO
10   5,3   9,8   23:27  -0,9   05:29  12,7   0,0   2,2   6,2  32,2   23:53    SO
11   7,6  11,2   14:24   1,6   23:02  10,5   0,0   0,6   7,9  32,2   00:37  O-NO
12   3,8   8,4   12:37  -2,2   07:58  14,2   0,0   0,2   3,7  30,6   13:53  O-SO
13   6,1   9,4   15:45   0,4   23:56  11,9   0,0  12,2  12,3  64,4   08:35    SO
14   6,3  10,8   23:33  -0,8   02:12  11,7   0,0  10,0  10,1  54,7   13:25     S
15   9,8  10,9   02:41   6,2   23:45   8,2   0,0   1,8   5,8  37,0   00:09     O
16   6,1  10,0   15:34   1,1   08:35  11,9   0,0   0,6   3,7  24,1   15:56     E
17   7,6  12,3   14:17   5,4   21:00  10,4   0,0   7,0   3,8  20,9   05:33  N-NO
18   9,2  11,2   13:20   7,3   02:09   8,8   0,0   7,2   3,0  30,6   05:21  S-SE
19  10,1  12,2   15:12   8,7   04:24   7,9   0,0   0,8   2,0  19,3   22:08    NO
20   9,4  14,8   13:36   5,4   23:15   8,6   0,0   0,2   8,8  38,6   18:08  N-NO
21   6,4  10,4   14:29   2,2   23:57  11,6   0,0   0,0   8,6  27,4   17:21    NE
22   2,9   8,3   15:06  -1,2   07:39  15,1   0,0   0,0   7,5  27,4   16:29    NE
23   1,6   6,8   15:10  -2,7   07:24  16,4   0,0   0,0   7,0  29,0   10:43  E-NE
24   1,7   7,4   15:06  -2,5   02:29  16,4   0,0   0,0   6,2  27,4   14:28  E-NE
25   2,1   7,7   15:15  -1,9   06:53  15,9   0,0   0,0   9,5  35,4   12:17  E-NE
26  -0,3   3,8   15:44  -2,8   07:59  18,3   0,0   0,0  13,2  43,5   16:22  E-NE
27  -2,3   2,4   14:59  -5,2   08:06  20,3   0,0   0,0  10,2  40,2   12:07  E-NE
28  -3,2   0,9   13:22  -6,6   07:51  21,2   0,0   0,0  14,1  49,9   17:03     E
----------------------------------------------------------------------------------
     4,5  14,8    20    -6,6    28   377,9   0,0  53,2   7,5  64,4    13    N-NE

Max >=  25,0:  0
Max <=   0,0:  0
Min <=   0,0: 14
Min <=  -5,0:  2
Max Rain: 12,2 on day 13
Days of Rain: 9 (>= 1,0 mm)  4 (>= 5,0 mm)  2 (>= 10,0 mm)
Heat Base: 18,0  Cool Base: 18,0  Method: Integration