Sélectionnez une année ou un mois pour voir un rapport
V/Λ2024 > Jan Fév Mar Avr Mai Jui Jul Aou Sep Oct Nov Déc
V/Λ2023 > Jan Fév Mar Avr Mai Jui Jul Aou Sep Oct Nov Déc
V/Λ2022 > Jan Fév Mar Avr Mai Jui Jul Aou Sep Oct Nov Déc
V/Λ2021 > Jan Fév Mar Avr Mai Jui Jul Aou Sep Oct Nov Déc
V/Λ2020 > Jan Fév Mar Avr Mai Jui Jul Aou Sep Oct Nov Déc
V/Λ2019 > Jan Fév Mar Avr Mai Jui Jul Aou Sep Oct Nov Déc
V/Λ2018 > Jan Fév Mar Avr Mai Jui Jul Aou Sep Oct Nov Déc
V/Λ2017 > Jan Fév Mar Avr Mai Jui Jul Aou Sep Oct Nov Déc
V/Λ2016 > Jan Fév Mar Avr Mai Jui Jul Aou Sep Oct Nov Déc
V/Λ2015 > Jan Fév Mar Avr Mai Jui Jul Aou Sep Oct Nov Déc
V/Λ2014 > Jan Fév Mar Avr Mai Jui Jul Aou Sep Oct Nov Déc
V/Λ2013 > Jan Fév Mar Avr Mai Jui Jul Aou Sep Oct Nov Déc
V/Λ2012 > Jan Fév Mar Avr Mai Jui Jul Aou Sep Oct Nov Déc
V/Λ2011 > Jan Fév Mar Avr Mai Jui Jul Aou Sep Oct Nov Déc
V/Λ2010 > Jan Fév Mar Avr Mai Jui Jul Aou Sep Oct Nov Déc
V/Λ2009 > Jan Fév Mar Avr Mai Jui Jul Aou Sep Oct Nov Déc

Tableau pour 2017 Oct
                   Monthly Climatological Summary for oct. 2017

Name: Station météo amateur   City: Saint-Brevin les Pins   State: FRANCE
Elevation: 5 m  Lat: N 47° 14' 09"   Lon: W 002° 09' 35"

                  Temperature (°C), Rain (mm), Wind Speed (km/h)

                                      Heat  Cool        Avg
    Mean                              Deg   Deg         Wind                 Dom
Day Temp  High   Time   Low    Time   Days  Days  Rain  Speed High   Time    Dir
----------------------------------------------------------------------------------
 1  16,7  17,4   14:04  15,6   01:16   1,3   0,0   3,4   7,7  33,8   02:15  O-SO
 2  16,6  17,7   13:42  15,4   04:56   1,4   0,0   0,6   7,1  24,1   01:38     O
 3  15,3  19,6   16:16   9,6   22:45   2,9   0,1   1,2   5,7  24,1   13:09  N-NE
 4  12,3  19,8   16:01   7,2   06:52   5,9   0,1   0,2   2,0  16,1   18:13  N-NO
 5  12,7  17,7   13:08   5,7   06:02   5,3   0,0   0,0   4,2  22,5   17:26  O-NO
 6  11,8  18,6   15:57   7,1   07:47   6,2   0,0   0,2   2,8  27,4   13:29  N-NE
 7  11,5  18,5   14:50   4,2   06:46   6,5   0,0   0,0   4,4  24,1   15:09     O
 8  15,4  17,4   15:09  13,1   00:32   2,6   0,0   0,4   4,7  20,9   15:43  O-NO
 9  15,8  17,3   13:29  14,5   23:19   2,2   0,0   0,0   2,3  12,9   12:42  O-NO
10  14,9  16,9   14:57  13,8   06:30   3,1   0,0   0,8   2,7  20,9   16:48     O
11  16,2  20,1   14:51  13,9   08:09   2,0   0,2   0,0   5,3  27,4   16:51    SO
12  16,8  18,9   15:04  14,3   23:57   1,2   0,1   0,8   4,3  20,9   00:06  O-SO
13  15,1  19,6   16:01  12,3   06:25   3,1   0,2   0,2   0,8   9,7   11:20  E-NE
14  16,0  24,7   16:35  10,5   03:05   3,4   1,4   0,0   2,5  19,3   12:59    SE
15  17,8  22,9   15:47  13,6   09:06   1,4   1,2   0,2   4,5  35,4   13:52  S-SE
16  17,9  20,6   02:49  13,4   23:58   0,9   0,8   0,0   8,2  35,4   05:10     S
17  15,9  23,2   16:23  11,9   02:22   2,8   0,7   0,2   2,6  22,5   09:26  E-SE
18  17,0  20,5   15:58  14,9   22:12   1,3   0,2   2,2   1,4  14,5   15:16  S-SO
19  15,8  18,4   16:18  13,6   23:45   2,2   0,0  15,6   7,6  49,9   21:23    SO
20  15,7  18,8   15:34  13,3   02:22   2,3   0,0   0,0  11,3  48,3   23:40  O-SO
21  15,2  18,4   00:27  12,1   23:20   2,9   0,0   4,8  17,0  53,1   11:56     O
22  12,7  16,9   13:46   9,3   08:08   5,3   0,0   5,6  10,5  43,5   01:10  O-NO
23  15,3  17,3   12:40  14,0   00:00   2,7   0,0   3,0   8,8  32,2   16:52     O
24  15,5  18,8   14:59   9,8   23:54   2,5   0,0   0,0   4,9  22,5   14:24    SO
25  13,7  19,5   16:01   8,6   01:41   4,4   0,1   0,2   0,9  11,3   05:06     S
26  14,2  21,5   14:39   9,1   07:54   4,1   0,4   0,0   1,2  19,3   23:57  O-NO
27  14,2  17,9   15:56  10,3   21:54   3,8   0,0   0,0   4,2  22,5   14:45     N
28  11,2  16,3   15:30   5,5   08:35   6,8   0,0   0,0   2,4  17,7   13:53     N
29  13,1  15,8   14:01   9,0   00:32   5,1   0,0   0,4   4,3  19,3   08:42    NO
30   9,9  14,9   14:02   4,3   23:52   8,1   0,0   0,0   5,2  27,4   14:29  E-NE
31   7,3  13,6   14:20   2,8   03:10  10,7   0,0   0,0   4,4  24,1   12:26     E
----------------------------------------------------------------------------------
    14,5  24,7    14     2,8    31   114,4   5,5  40,0   5,0  53,1    21       O

Max >=  25,0:  0
Max <=   0,0:  0
Min <=   0,0:  0
Min <=  -5,0:  0
Max Rain: 15,6 on day 19
Days of Rain: 7 (>= 1,0 mm)  2 (>= 5,0 mm)  1 (>= 10,0 mm)
Heat Base: 18,0  Cool Base: 18,0  Method: Integration