Sélectionnez une année ou un mois pour voir un rapport
V/Λ2024 > Jan Fév Mar Avr Mai Jui Jul Aou Sep Oct Nov Déc
V/Λ2023 > Jan Fév Mar Avr Mai Jui Jul Aou Sep Oct Nov Déc
V/Λ2022 > Jan Fév Mar Avr Mai Jui Jul Aou Sep Oct Nov Déc
V/Λ2021 > Jan Fév Mar Avr Mai Jui Jul Aou Sep Oct Nov Déc
V/Λ2020 > Jan Fév Mar Avr Mai Jui Jul Aou Sep Oct Nov Déc
V/Λ2019 > Jan Fév Mar Avr Mai Jui Jul Aou Sep Oct Nov Déc
V/Λ2018 > Jan Fév Mar Avr Mai Jui Jul Aou Sep Oct Nov Déc
V/Λ2017 > Jan Fév Mar Avr Mai Jui Jul Aou Sep Oct Nov Déc
V/Λ2016 > Jan Fév Mar Avr Mai Jui Jul Aou Sep Oct Nov Déc
V/Λ2015 > Jan Fév Mar Avr Mai Jui Jul Aou Sep Oct Nov Déc
V/Λ2014 > Jan Fév Mar Avr Mai Jui Jul Aou Sep Oct Nov Déc
V/Λ2013 > Jan Fév Mar Avr Mai Jui Jul Aou Sep Oct Nov Déc
V/Λ2012 > Jan Fév Mar Avr Mai Jui Jul Aou Sep Oct Nov Déc
V/Λ2011 > Jan Fév Mar Avr Mai Jui Jul Aou Sep Oct Nov Déc
V/Λ2010 > Jan Fév Mar Avr Mai Jui Jul Aou Sep Oct Nov Déc
V/Λ2009 > Jan Fév Mar Avr Mai Jui Jul Aou Sep Oct Nov Déc

Tableau pour 2017 Sep
                   Monthly Climatological Summary for sept. 2017

Name: Station météo amateur   City: Saint-Brevin les Pins   State: FRANCE
Elevation: 5 m  Lat: N 47° 14' 09"   Lon: W 002° 09' 35"

                  Temperature (°C), Rain (mm), Wind Speed (km/h)

                                      Heat  Cool        Avg
    Mean                              Deg   Deg         Wind                 Dom
Day Temp  High   Time   Low    Time   Days  Days  Rain  Speed High   Time    Dir
----------------------------------------------------------------------------------
 1  16,1  21,6   16:50  12,6   02:12   2,4   0,5   6,4   4,2  29,0   04:19    NO
 2  15,3  20,8   13:40   9,9   07:23   3,2   0,5   0,0   4,6  25,7   14:28  O-NO
 3  15,0  18,3   23:49  11,9   00:06   3,0   0,0   8,2   6,2  29,0   16:24     S
 4  18,7  21,9   15:20  16,6   04:16   0,3   1,0   0,6   5,2  25,7   18:18    SO
 5  18,2  21,6   13:14  16,2   23:38   0,4   0,6   0,8   7,0  35,4   19:03     O
 6  16,8  21,3   14:37  13,6   07:54   1,6   0,3   0,0   5,5  25,7   15:02  O-NO
 7  15,7  20,3   14:12  11,2   04:29   2,5   0,2   0,0   4,2  29,0   20:13     O
 8  17,0  18,9   11:34  14,7   23:11   1,1   0,1  15,6  11,0  37,0   09:33     O
 9  15,4  19,7   15:03  12,8   05:48   2,7   0,1   0,4   9,2  35,4   15:42  O-NO
10  15,7  19,1   14:25  12,6   02:35   2,4   0,1   1,0   9,1  37,0   18:51     O
11  15,4  18,3   15:04  13,1   04:08   2,6   0,0   2,8  13,6  53,1   12:49  O-NO
12  16,1  19,8   14:42  13,1   07:38   2,0   0,1   1,4  10,0  41,8   23:52     O
13  17,3  19,5   14:27  13,1   23:49   1,0   0,2   4,4  14,7  49,9   15:44     O
14  14,8  18,7   14:22  11,6   23:56   3,2   0,0   2,0  12,4  48,3   05:09  O-NO
15  12,9  18,7   15:56   9,1   03:56   5,1   0,0   0,2   4,6  32,2   15:34  O-NO
16  12,5  17,7   13:33   7,7   08:12   5,5   0,0   0,0   4,2  30,6   16:21  O-NO
17  12,5  17,1   14:22   9,1   23:56   5,5   0,0   2,8   3,7  24,1   15:12  O-NO
18  12,1  18,3   16:11   5,9   06:29   5,9   0,0   0,0   3,2  27,4   17:27  O-NO
19  13,4  19,1   13:49   9,2   02:20   4,6   0,1   0,0   4,9  25,7   14:46  O-NO
20  12,8  18,6   15:21   7,9   04:39   5,2   0,0   0,0   3,1  22,5   14:25    SO
21  13,3  19,9   12:26   7,2   07:03   4,9   0,2   1,8   3,7  25,7   11:14  O-SO
22  12,0  18,9   14:59   5,7   08:05   6,0   0,0   0,0   2,4  20,9   16:11  O-NO
23  14,0  24,3   16:42   7,1   05:51   5,0   1,1   0,0   3,0  20,9   14:50    SE
24  16,1  20,7   15:23  12,1   04:31   2,1   0,3   2,8   2,5  17,7   15:54  O-SO
25  16,2  18,6   15:37  14,1   23:59   1,8   0,0   3,8   2,4  25,7   12:20    NO
26  14,0  19,6   15:50   9,6   07:38   4,1   0,1   0,0   1,6  16,1   16:17     O
27  14,6  21,3   14:58   8,1   07:53   4,0   0,6   3,4   4,3  25,7   14:05  S-SO
28  17,8  20,9   15:19  14,4   23:57   0,7   0,6   1,2   3,8  20,9   14:20  S-SO
29  16,2  18,6   11:53  13,8   01:23   1,9   0,1   0,8   4,3  20,9   17:00  O-SO
30  15,1  18,8   15:54   9,2   08:16   2,9   0,0   0,4   5,1  27,4   22:46    SO
----------------------------------------------------------------------------------
    15,1  24,3    23     5,7    22    93,6   6,8  60,8   5,8  53,1    11       O

Max >=  25,0:  0
Max <=   0,0:  0
Min <=   0,0:  0
Min <=  -5,0:  0
Max Rain: 15,6 on day 8
Days of Rain: 14 (>= 1,0 mm)  3 (>= 5,0 mm)  1 (>= 10,0 mm)
Heat Base: 18,0  Cool Base: 18,0  Method: Integration