Sélectionnez une année ou un mois pour voir un rapport
V/Λ2024 > Jan Fév Mar Avr Mai Jui Jul Aou Sep Oct Nov Déc
V/Λ2023 > Jan Fév Mar Avr Mai Jui Jul Aou Sep Oct Nov Déc
V/Λ2022 > Jan Fév Mar Avr Mai Jui Jul Aou Sep Oct Nov Déc
V/Λ2021 > Jan Fév Mar Avr Mai Jui Jul Aou Sep Oct Nov Déc
V/Λ2020 > Jan Fév Mar Avr Mai Jui Jul Aou Sep Oct Nov Déc
V/Λ2019 > Jan Fév Mar Avr Mai Jui Jul Aou Sep Oct Nov Déc
V/Λ2018 > Jan Fév Mar Avr Mai Jui Jul Aou Sep Oct Nov Déc
V/Λ2017 > Jan Fév Mar Avr Mai Jui Jul Aou Sep Oct Nov Déc
V/Λ2016 > Jan Fév Mar Avr Mai Jui Jul Aou Sep Oct Nov Déc
V/Λ2015 > Jan Fév Mar Avr Mai Jui Jul Aou Sep Oct Nov Déc
V/Λ2014 > Jan Fév Mar Avr Mai Jui Jul Aou Sep Oct Nov Déc
V/Λ2013 > Jan Fév Mar Avr Mai Jui Jul Aou Sep Oct Nov Déc
V/Λ2012 > Jan Fév Mar Avr Mai Jui Jul Aou Sep Oct Nov Déc
V/Λ2011 > Jan Fév Mar Avr Mai Jui Jul Aou Sep Oct Nov Déc
V/Λ2010 > Jan Fév Mar Avr Mai Jui Jul Aou Sep Oct Nov Déc
V/Λ2009 > Jan Fév Mar Avr Mai Jui Jul Aou Sep Oct Nov Déc

Tableau pour 2017 Aou
                   Monthly Climatological Summary for août 2017

Name: Station météo amateur   City: Saint-Brevin les Pins   State: FRANCE
Elevation: 5 m  Lat: N 47° 14' 09"   Lon: W 002° 09' 35"

                  Temperature (°C), Rain (mm), Wind Speed (km/h)

                                      Heat  Cool        Avg
    Mean                              Deg   Deg         Wind                 Dom
Day Temp  High   Time   Low    Time   Days  Days  Rain  Speed High   Time    Dir
----------------------------------------------------------------------------------
 1  17,9  23,2   13:45  13,6   05:23   1,5   1,4   0,0   4,7  27,4   13:59     O
 2  19,5  24,2   14:07  15,0   06:25   0,6   2,2   0,0   7,6  33,8   15:28    SO
 3  20,2  23,2   12:51  17,8   06:54   0,0   2,2   0,2  11,1  37,0   03:12     O
 4  19,2  21,4   11:19  17,3   23:51   0,0   1,2   2,2   7,4  25,7   10:00  O-SO
 5  18,1  22,7   13:23  14,2   07:48   1,1   1,2   0,2   7,4  30,6   16:22  O-NO
 6  16,6  22,8   14:26   9,8   07:26   2,6   1,2   0,0   4,3  25,7   15:32  O-NO
 7  18,8  27,6   14:44  10,7   06:39   2,2   3,0   0,0   4,9  27,4   13:47  N-NO
 8  17,4  21,7   13:51  13,9   06:25   1,3   0,7   1,6   8,5  37,0   16:32  O-NO
 9  15,9  20,6   12:55  10,7   07:06   2,4   0,3   0,2   6,1  29,0   19:39  O-NO
10  17,6  24,5   15:54  13,6   01:51   1,8   1,4   0,2   7,6  32,2   13:41  N-NO
11  15,8  22,0   13:28  10,2   06:43   2,7   0,5   0,0   6,5  32,2   16:44  O-NO
12  17,4  19,9   17:58  15,0   01:30   0,8   0,2   1,2   7,7  30,6   11:02     O
13  17,7  23,2   15:54  11,7   07:09   1,6   1,3   0,0   3,8  20,9   16:14    NO
14  19,6  26,8   14:44  11,6   04:50   1,8   3,4   0,0   2,6  19,3   14:05  O-NO
15  19,5  24,8   14:52  14,8   23:53   0,3   1,8   0,2   5,7  32,2   17:10     O
16  17,9  22,9   15:26  12,5   04:57   1,7   1,6   0,0   4,7  27,4   19:21  O-SO
17  19,3  20,1   14:25  18,7   00:56   0,0   1,3   2,2   8,1  29,0   03:45    SO
18  18,8  22,4   15:23  15,1   23:58   0,3   1,1  16,8   8,6  32,2   16:13  O-NO
19  16,1  20,8   14:08  11,5   07:19   2,5   0,6   0,0   5,8  29,0   14:50  O-NO
20  16,0  22,5   13:42   9,2   06:39   3,0   1,0   0,0   3,6  22,5   14:26     O
21  20,9  28,0   15:09  13,4   07:15   0,9   3,8   0,0   2,5  17,7   19:50     O
22  22,7  32,8   15:22  15,4   06:23   0,2   4,9   0,0   5,4  35,4   11:49  E-SE
23  18,9  22,7   15:21  16,2   23:43   0,4   1,3   0,0   6,9  32,2   16:59     O
24  19,4  25,7   14:30  14,2   03:07   1,2   2,6   0,0   3,8  20,9   12:31  N-NE
25  19,8  25,4   14:02  16,0   23:05   0,2   2,1   0,0   5,1  24,1   02:14     N
26  19,9  27,8   17:53  13,2   06:15   1,2   3,1   0,0   2,1  16,1   17:52  O-NO
27  23,3  31,5   16:12  18,0   06:14   0,0   5,3   0,0   3,5  19,3   08:05  E-NE
28  24,8  30,7   14:11  19,6   23:53   0,0   6,8   0,0   3,3  20,9   15:36  O-NO
29  21,2  28,2   12:39  17,5   07:20   0,0   3,2   0,0   2,8  22,5   14:35     O
30  15,9  18,7   00:02  11,0   23:59   2,1   0,0   0,4   5,1  29,0   18:29     N
31  14,3  21,4   15:50   7,1   06:53   4,2   0,5   2,0   4,4  30,6   15:51     O
----------------------------------------------------------------------------------
    18,7  32,8    22     7,1    31    38,6  61,2  27,4   5,5  37,0     3    O-NO

Max >=  25,0: 10
Max <=   0,0:  0
Min <=   0,0:  0
Min <=  -5,0:  0
Max Rain: 16,8 on day 18
Days of Rain: 6 (>= 1,0 mm)  1 (>= 5,0 mm)  1 (>= 10,0 mm)
Heat Base: 18,0  Cool Base: 18,0  Method: Integration