Sélectionnez une année ou un mois pour voir un rapport
V/Λ2024 > Jan Fév Mar Avr Mai Jui Jul Aou Sep Oct Nov Déc
V/Λ2023 > Jan Fév Mar Avr Mai Jui Jul Aou Sep Oct Nov Déc
V/Λ2022 > Jan Fév Mar Avr Mai Jui Jul Aou Sep Oct Nov Déc
V/Λ2021 > Jan Fév Mar Avr Mai Jui Jul Aou Sep Oct Nov Déc
V/Λ2020 > Jan Fév Mar Avr Mai Jui Jul Aou Sep Oct Nov Déc
V/Λ2019 > Jan Fév Mar Avr Mai Jui Jul Aou Sep Oct Nov Déc
V/Λ2018 > Jan Fév Mar Avr Mai Jui Jul Aou Sep Oct Nov Déc
V/Λ2017 > Jan Fév Mar Avr Mai Jui Jul Aou Sep Oct Nov Déc
V/Λ2016 > Jan Fév Mar Avr Mai Jui Jul Aou Sep Oct Nov Déc
V/Λ2015 > Jan Fév Mar Avr Mai Jui Jul Aou Sep Oct Nov Déc
V/Λ2014 > Jan Fév Mar Avr Mai Jui Jul Aou Sep Oct Nov Déc
V/Λ2013 > Jan Fév Mar Avr Mai Jui Jul Aou Sep Oct Nov Déc
V/Λ2012 > Jan Fév Mar Avr Mai Jui Jul Aou Sep Oct Nov Déc
V/Λ2011 > Jan Fév Mar Avr Mai Jui Jul Aou Sep Oct Nov Déc
V/Λ2010 > Jan Fév Mar Avr Mai Jui Jul Aou Sep Oct Nov Déc
V/Λ2009 > Jan Fév Mar Avr Mai Jui Jul Aou Sep Oct Nov Déc

Tableau pour 2017 Jul
                   Monthly Climatological Summary for juil. 2017

Name: Station météo amateur   City: Saint-Brevin les Pins   State: FRANCE
Elevation: 5 m  Lat: N 47° 14' 09"   Lon: W 002° 09' 35"

                  Temperature (°C), Rain (mm), Wind Speed (km/h)

                                      Heat  Cool        Avg
    Mean                              Deg   Deg         Wind                 Dom
Day Temp  High   Time   Low    Time   Days  Days  Rain  Speed High   Time    Dir
----------------------------------------------------------------------------------
 1  16,6  21,8   16:09  14,3   04:01   1,9   0,4   0,0   8,2  32,2   17:23  O-NO
 2  17,7  22,2   14:25  14,1   02:21   1,2   0,9   0,4   8,1  29,0   15:29  O-NO
 3  17,5  20,7   13:25  14,3   23:55   1,1   0,6   0,0   6,3  27,4   13:07     O
 4  20,5  27,6   14:20  11,1   04:31   1,9   4,4   0,0   3,4  19,3   20:54    SO
 5  24,3  34,8   17:53  17,7   05:35   0,0   6,3   0,0   5,8  30,6   10:48     E
 6  20,7  25,1   12:52  17,7   04:16   0,0   2,7   0,0   5,6  27,4   11:35    SO
 7  22,2  27,4   18:17  18,8   04:36   0,0   4,2   0,0   3,9  24,1   16:56     O
 8  24,6  33,5   16:52  16,5   06:15   0,2   6,8   0,0   5,2  20,9   15:26    NE
 9  23,6  31,8   14:22  17,5   05:58   0,0   5,6   0,0   6,7  25,7   15:56  N-NO
10  18,8  22,4   16:16  16,1   07:23   0,3   1,2   1,6   6,4  33,8   17:29  O-NO
11  19,0  22,9   15:31  16,3   04:03   0,3   1,3   1,4   8,4  30,6   16:25  O-SO
12  18,8  22,5   15:39  16,3   06:33   0,2   1,1   1,6  10,0  37,0   04:07     O
13  19,7  23,8   16:16  16,6   02:32   0,2   1,9   0,0   5,8  29,0   15:20     O
14  17,7  23,7   15:33  11,7   06:09   1,6   1,3   0,0   5,7  35,4   15:40  O-NO
15  18,5  25,2   13:30  11,1   06:42   1,8   2,2   0,0   5,1  25,7   16:21    NO
16  22,2  31,2   16:09  14,1   06:35   0,8   5,0   0,0   5,6  27,4   19:07  N-NE
17  25,0  33,3   16:15  16,7   06:07   0,2   7,1   0,0   8,7  32,2   16:36  E-NE
18  25,5  33,2   12:51  20,1   23:01   0,0   7,5   0,0   8,5  33,8   10:22  S-SE
19  19,9  22,2   18:19  18,4   23:40   0,0   1,9   1,8   8,0  29,0   23:11  O-SO
20  18,2  22,8   15:04  15,1   06:19   0,7   0,9   0,2  10,1  41,8   00:59  O-NO
21  18,4  22,6   13:33  15,1   00:34   0,7   1,1   7,8   9,3  49,9   22:37    SO
22  16,9  21,9   15:58  13,7   04:54   1,5   0,4   0,6   8,8  40,2   17:47     O
23  17,2  19,2   10:31  15,3   05:40   0,9   0,1   6,6   9,3  33,8   00:59     O
24  18,0  23,3   13:48  12,5   06:12   1,5   1,5   0,6   6,9  32,2   16:42  O-NO
25  18,0  22,6   15:54  13,6   06:39   1,1   1,1   0,0   7,1  30,6   16:17  O-NO
26  18,4  21,2   17:10  17,3   00:00   0,1   0,5   5,2   8,3  29,0   10:14     O
27  18,3  22,1   16:10  15,8   06:34   0,6   0,9   0,2   8,3  33,8   15:26     O
28  19,2  22,6   14:15  16,2   00:28   0,3   1,6   0,0   8,7  29,0   12:42     O
29  20,0  23,3   15:06  18,4   05:56   0,0   2,0   1,2   9,5  37,0   16:20    SO
30  19,0  23,4   15:34  16,3   06:34   0,2   1,1   0,0  10,7  46,7   03:54     O
31  18,2  22,3   12:24  15,0   06:52   0,8   1,0   0,0   4,5  20,9   17:11     O
----------------------------------------------------------------------------------
    19,8  34,8     5    11,1     4    20,1  74,6  29,2   7,3  49,9    21       O

Max >=  25,0: 10
Max <=   0,0:  0
Min <=   0,0:  0
Min <=  -5,0:  0
Max Rain: 7,8 on day 21
Days of Rain: 8 (>= 1,0 mm)  3 (>= 5,0 mm)  0 (>= 10,0 mm)
Heat Base: 18,0  Cool Base: 18,0  Method: Integration