Sélectionnez une année ou un mois pour voir un rapport
V/Λ2024 > Jan Fév Mar Avr Mai Jui Jul Aou Sep Oct Nov Déc
V/Λ2023 > Jan Fév Mar Avr Mai Jui Jul Aou Sep Oct Nov Déc
V/Λ2022 > Jan Fév Mar Avr Mai Jui Jul Aou Sep Oct Nov Déc
V/Λ2021 > Jan Fév Mar Avr Mai Jui Jul Aou Sep Oct Nov Déc
V/Λ2020 > Jan Fév Mar Avr Mai Jui Jul Aou Sep Oct Nov Déc
V/Λ2019 > Jan Fév Mar Avr Mai Jui Jul Aou Sep Oct Nov Déc
V/Λ2018 > Jan Fév Mar Avr Mai Jui Jul Aou Sep Oct Nov Déc
V/Λ2017 > Jan Fév Mar Avr Mai Jui Jul Aou Sep Oct Nov Déc
V/Λ2016 > Jan Fév Mar Avr Mai Jui Jul Aou Sep Oct Nov Déc
V/Λ2015 > Jan Fév Mar Avr Mai Jui Jul Aou Sep Oct Nov Déc
V/Λ2014 > Jan Fév Mar Avr Mai Jui Jul Aou Sep Oct Nov Déc
V/Λ2013 > Jan Fév Mar Avr Mai Jui Jul Aou Sep Oct Nov Déc
V/Λ2012 > Jan Fév Mar Avr Mai Jui Jul Aou Sep Oct Nov Déc
V/Λ2011 > Jan Fév Mar Avr Mai Jui Jul Aou Sep Oct Nov Déc
V/Λ2010 > Jan Fév Mar Avr Mai Jui Jul Aou Sep Oct Nov Déc
V/Λ2009 > Jan Fév Mar Avr Mai Jui Jul Aou Sep Oct Nov Déc

Tableau pour 2017 Mai
                   Monthly Climatological Summary for mai 2017

Name: Station météo amateur   City: Saint-Brevin les Pins   State: FRANCE
Elevation: 5 m  Lat: N 47° 14' 09"   Lon: W 002° 09' 35"

                  Temperature (°C), Rain (mm), Wind Speed (km/h)

                                      Heat  Cool        Avg
    Mean                              Deg   Deg         Wind                 Dom
Day Temp  High   Time   Low    Time   Days  Days  Rain  Speed High   Time    Dir
----------------------------------------------------------------------------------
 1  11,2  14,8   13:06   8,1   03:27   6,8   0,0   1,8  12,2  43,5   07:14     O
 2  12,5  16,6   13:52   8,7   06:45   5,5   0,0   0,4   6,7  29,0   00:40  O-NO
 3  12,4  19,0   14:24   5,9   06:59   5,6   0,0   0,0   3,8  25,7   22:51  N-NE
 4  12,2  18,7   16:20   5,9   06:23   5,8   0,0   0,0   6,8  30,6   11:59  E-NE
 5  14,5  22,3   16:48   8,9   06:39   4,1   0,6   5,8  11,9  48,3   14:43     E
 6  14,1  17,7   14:37  12,4   06:59   3,9   0,0   7,4   8,5  32,2   15:50     O
 7  13,6  17,6   15:05  10,7   23:43   4,4   0,0   0,0   6,5  29,0   17:04  O-NO
 8  13,2  20,3   15:35   6,1   07:05   5,1   0,3   0,0   5,7  30,6   22:58    NE
 9  12,7  18,8   16:59   7,2   04:07   5,3   0,0   0,0  10,2  41,8   15:21     E
10  13,5  20,5   13:56   8,0   03:11   4,7   0,2   0,0   8,7  35,4   15:58    SE
11  14,0  16,8   15:50  12,1   06:08   4,0   0,0   6,6   5,9  24,1   15:52     S
12  14,9  17,4   12:40  13,3   00:21   3,1   0,0   0,0   8,9  33,8   15:29    SO
13  15,0  17,7   14:24  12,6   05:51   3,0   0,0   0,0   9,0  29,0   16:19    SO
14  15,2  17,7   14:30  12,7   23:53   2,8   0,0   0,2   7,8  32,2   02:09  O-SO
15  16,4  22,3   14:12  11,8   01:45   2,4   0,8   0,0   4,8  30,6   12:38  S-SO
16  19,9  27,9   14:38  13,0   05:47   1,4   3,3   0,0   2,1  14,5   16:19     O
17  16,0  21,2   10:15  13,4   05:36   2,3   0,3   5,0   3,0  27,4   12:32     O
18  13,0  15,7   16:29   9,9   06:36   5,0   0,0   1,2   6,9  33,8   18:34    NO
19  12,1  16,3   16:31   7,8   05:40   5,9   0,0   9,0   6,9  32,2   17:02     O
20  13,3  17,6   15:03   8,5   07:04   4,7   0,0   0,2   5,7  27,4   14:22     O
21  15,4  23,6   17:29   7,0   05:42   4,1   1,5   0,0   5,8  33,8   13:55  E-SE
22  16,7  23,7   12:24  11,8   05:56   2,2   1,0   0,0   4,9  27,4   19:22     O
23  16,0  21,5   17:37  10,2   06:43   2,8   0,8   0,0   3,9  22,5   14:58  O-NO
24  20,1  26,8   16:47  13,7   03:21   1,3   3,4   0,0   6,3  27,4   18:52  E-NE
25  22,1  29,7   17:37  12,8   06:34   0,8   4,9   0,0   8,2  37,0   16:45     E
26  22,2  31,3   15:23  15,7   06:40   0,3   4,4   0,0   5,8  30,6   15:48    SE
27  19,8  25,7   18:07  15,4   05:48   0,6   2,4   0,4   4,9  29,0   03:17  O-NO
28  20,1  27,9   16:26  16,4   06:45   0,2   2,3   2,4   4,9  49,9   04:41  E-SE
29  17,1  19,3   13:54  14,4   23:17   0,9   0,0   7,6   4,5  24,1   00:28     O
30  16,6  21,1   14:21  12,8   06:03   1,9   0,5   0,0   5,4  25,7   17:56     O
31  18,5  25,3   16:16  11,6   03:57   1,9   2,4   0,0   2,9  20,9   11:54     E
----------------------------------------------------------------------------------
    15,6  31,3    26     5,9     3   102,8  29,1  48,0   6,4  49,9    28    O-SO

Max >=  25,0:  7
Max <=   0,0:  0
Min <=   0,0:  0
Min <=  -5,0:  0
Max Rain: 9,0 on day 19
Days of Rain: 9 (>= 1,0 mm)  6 (>= 5,0 mm)  0 (>= 10,0 mm)
Heat Base: 18,0  Cool Base: 18,0  Method: Integration