Sélectionnez une année ou un mois pour voir un rapport
V/Λ2024 > Jan Fév Mar Avr Mai Jui Jul Aou Sep Oct Nov Déc
V/Λ2023 > Jan Fév Mar Avr Mai Jui Jul Aou Sep Oct Nov Déc
V/Λ2022 > Jan Fév Mar Avr Mai Jui Jul Aou Sep Oct Nov Déc
V/Λ2021 > Jan Fév Mar Avr Mai Jui Jul Aou Sep Oct Nov Déc
V/Λ2020 > Jan Fév Mar Avr Mai Jui Jul Aou Sep Oct Nov Déc
V/Λ2019 > Jan Fév Mar Avr Mai Jui Jul Aou Sep Oct Nov Déc
V/Λ2018 > Jan Fév Mar Avr Mai Jui Jul Aou Sep Oct Nov Déc
V/Λ2017 > Jan Fév Mar Avr Mai Jui Jul Aou Sep Oct Nov Déc
V/Λ2016 > Jan Fév Mar Avr Mai Jui Jul Aou Sep Oct Nov Déc
V/Λ2015 > Jan Fév Mar Avr Mai Jui Jul Aou Sep Oct Nov Déc
V/Λ2014 > Jan Fév Mar Avr Mai Jui Jul Aou Sep Oct Nov Déc
V/Λ2013 > Jan Fév Mar Avr Mai Jui Jul Aou Sep Oct Nov Déc
V/Λ2012 > Jan Fév Mar Avr Mai Jui Jul Aou Sep Oct Nov Déc
V/Λ2011 > Jan Fév Mar Avr Mai Jui Jul Aou Sep Oct Nov Déc
V/Λ2010 > Jan Fév Mar Avr Mai Jui Jul Aou Sep Oct Nov Déc
V/Λ2009 > Jan Fév Mar Avr Mai Jui Jul Aou Sep Oct Nov Déc

Tableau pour 2017 Mar
                   Monthly Climatological Summary for mars 2017

Name: Station météo amateur   City: Saint-Brevin les Pins   State: FRANCE
Elevation: 5 m  Lat: N 47° 14' 09"   Lon: W 002° 09' 35"

                  Temperature (°C), Rain (mm), Wind Speed (km/h)

                                      Heat  Cool        Avg
    Mean                              Deg   Deg         Wind                 Dom
Day Temp  High   Time   Low    Time   Days  Days  Rain  Speed High   Time    Dir
----------------------------------------------------------------------------------
 1   9,7  10,9   13:07   8,1   07:13   8,3   0,0   9,8  11,7  45,1   15:56     O
 2   8,1  12,2   15:30   3,3   07:04   9,9   0,0   0,2   3,6  19,3   00:01  S-SO
 3  10,9  14,1   12:17   8,3   23:25   7,1   0,0   0,4  10,4  35,4   12:10     S
 4   8,5  11,9   14:02   5,4   08:03   9,5   0,0   1,6   8,3  38,6   05:58     O
 5   9,7  12,5   12:21   8,2   05:03   8,3   0,0  11,2  14,4  59,5   12:55     O
 6  10,2  12,9   14:13   8,6   05:05   7,8   0,0   4,2  18,1  93,3   10:13  O-NO
 7   9,3  10,9   20:42   8,0   09:20   8,4   0,0   7,0   6,1  24,1   01:10  O-SO
 8  10,8  11,9   15:49  10,2   05:25   7,2   0,0   0,4  10,1  32,2   08:50     O
 9  11,1  14,2   13:15   8,7   23:39   6,9   0,0   0,0   5,8  29,0   02:08  O-SO
10  10,3  18,3   13:45   3,8   07:56   7,7   0,0   0,4   2,2  22,5   13:27  S-SO
11  11,2  16,7   13:06   6,0   06:21   6,8   0,0   0,0   1,7  20,9   22:24     E
12  10,1  11,8   11:26   7,9   23:51   7,9   0,0   7,2   5,7  30,6   17:54  N-NO
13  10,8  17,4   14:29   6,3   23:58   7,2   0,0   0,0   7,3  27,4   14:36  N-NE
14   8,5  15,2   13:34   0,7   07:15   9,5   0,0   0,0   3,8  22,5   23:46    NE
15  10,7  15,6   16:22   8,2   23:31   7,3   0,0   0,0   7,7  27,4   17:31  E-NE
16   9,3  16,4   13:31   3,9   07:40   8,7   0,0   0,2   2,8  16,1   01:03  N-NO
17  10,3  15,4   15:20   6,9   07:35   7,7   0,0   0,0   7,2  29,0   01:11  N-NO
18  10,5  13,5   12:26   7,1   00:37   7,5   0,0   0,0   9,5  33,8   03:55  O-NO
19  11,3  13,8   15:15  10,3   07:08   6,7   0,0   0,0   8,1  27,4   14:50     O
20  11,2  13,1   15:07   9,6   07:31   6,8   0,0   0,4   9,4  37,0   13:52  O-SO
21   9,9  13,4   13:56   7,8   23:01   8,1   0,0   0,2   7,0  27,4   14:49     O
22   7,8  10,7   15:47   2,9   22:18  10,2   0,0   6,0   8,2  45,1   04:20  S-SO
23   6,1  10,8   13:04   3,8   01:45  11,9   0,0   4,2   3,6  29,0   15:41     E
24   8,5  14,4   13:48   2,0   06:56   9,5   0,0   0,2   8,1  35,4   15:13  E-NE
25  12,6  18,6   15:51   8,6   07:18   5,4   0,0   0,0  13,8  48,3   13:24  E-NE
26  11,7  18,1   16:58   6,1   04:13   6,0   0,0   0,0   6,1  27,4   15:53  E-SE
27  12,8  20,3   15:04   7,1   07:25   5,3   0,2   0,0   7,5  25,7   11:20    SE
28  12,2  16,1   14:22   8,8   01:28   5,8   0,0   0,0   6,5  29,0   15:10  S-SO
29  14,3  19,6   13:44   8,7   23:59   3,9   0,2   0,0   7,0  29,0   12:55     S
30  14,3  22,9   14:36   6,3   04:52   4,6   1,0   0,0   5,6  27,4   13:21     S
31  13,1  15,8   14:29  11,2   23:28   4,9   0,0   0,2   8,6  35,4   15:04    SO
----------------------------------------------------------------------------------
    10,5  22,9    30     0,7    14   232,8   1,4  53,8   7,6  93,3     6    O-SO

Max >=  25,0:  0
Max <=   0,0:  0
Min <=   0,0:  0
Min <=  -5,0:  0
Max Rain: 11,2 on day 5
Days of Rain: 8 (>= 1,0 mm)  5 (>= 5,0 mm)  1 (>= 10,0 mm)
Heat Base: 18,0  Cool Base: 18,0  Method: Integration