Sélectionnez une année ou un mois pour voir un rapport
V/Λ2024 > Jan Fév Mar Avr Mai Jui Jul Aou Sep Oct Nov Déc
V/Λ2023 > Jan Fév Mar Avr Mai Jui Jul Aou Sep Oct Nov Déc
V/Λ2022 > Jan Fév Mar Avr Mai Jui Jul Aou Sep Oct Nov Déc
V/Λ2021 > Jan Fév Mar Avr Mai Jui Jul Aou Sep Oct Nov Déc
V/Λ2020 > Jan Fév Mar Avr Mai Jui Jul Aou Sep Oct Nov Déc
V/Λ2019 > Jan Fév Mar Avr Mai Jui Jul Aou Sep Oct Nov Déc
V/Λ2018 > Jan Fév Mar Avr Mai Jui Jul Aou Sep Oct Nov Déc
V/Λ2017 > Jan Fév Mar Avr Mai Jui Jul Aou Sep Oct Nov Déc
V/Λ2016 > Jan Fév Mar Avr Mai Jui Jul Aou Sep Oct Nov Déc
V/Λ2015 > Jan Fév Mar Avr Mai Jui Jul Aou Sep Oct Nov Déc
V/Λ2014 > Jan Fév Mar Avr Mai Jui Jul Aou Sep Oct Nov Déc
V/Λ2013 > Jan Fév Mar Avr Mai Jui Jul Aou Sep Oct Nov Déc
V/Λ2012 > Jan Fév Mar Avr Mai Jui Jul Aou Sep Oct Nov Déc
V/Λ2011 > Jan Fév Mar Avr Mai Jui Jul Aou Sep Oct Nov Déc
V/Λ2010 > Jan Fév Mar Avr Mai Jui Jul Aou Sep Oct Nov Déc
V/Λ2009 > Jan Fév Mar Avr Mai Jui Jul Aou Sep Oct Nov Déc

Tableau pour 2017 Fév
                   Monthly Climatological Summary for févr. 2017

Name: Station météo amateur   City: Saint-Brevin les Pins   State: FRANCE
Elevation: 5 m  Lat: N 47° 14' 09"   Lon: W 002° 09' 35"

                  Temperature (°C), Rain (mm), Wind Speed (km/h)

                                      Heat  Cool        Avg
    Mean                              Deg   Deg         Wind                 Dom
Day Temp  High   Time   Low    Time   Days  Days  Rain  Speed High   Time    Dir
----------------------------------------------------------------------------------
 1  10,7  12,4   16:24   9,3   09:49   7,3   0,0   3,4   9,1  29,0   12:12     S
 2  10,5  12,1   04:03   8,6   23:25   7,5   0,0   4,4  16,2  49,9   07:19     S
 3   8,9  10,8   11:59   7,1   01:20   9,1   0,0   6,8  14,7  70,8   13:54  S-SO
 4   8,2  11,1   12:37   5,1   08:26   9,8   0,0  15,2   9,5  54,7   07:21    SO
 5   7,9  10,8   12:13   6,0   14:23  10,1   0,0   7,6  12,3  54,7   14:30  O-NO
 6   6,6  10,5   23:46   3,1   06:36  11,4   0,0   7,2   7,9  38,6   19:00  S-SO
 7   8,4  11,8   14:01   4,4   23:58   9,6   0,0   0,2   6,1  35,4   04:39  O-NO
 8   5,3  11,3   13:09   0,6   23:54  12,7   0,0   0,2   5,2  22,5   04:28  N-NO
 9   2,9   8,6   13:17  -2,1   05:49  15,1   0,0   0,2   6,2  33,8   21:59     E
10   3,2   7,5   15:32  -0,4   23:57  14,8   0,0   0,0  10,6  33,8   11:12     E
11   1,1   5,6   15:38  -2,1   04:08  16,9   0,0   0,0   2,5  14,5   14:22  N-NE
12   3,0   9,1   23:57  -0,6   03:43  15,0   0,0   0,8  12,6  45,1   11:30     E
13  11,3  14,8   14:43   9,1   00:00   6,7   0,0   5,0  12,4  38,6   02:41  E-SE
14  11,0  14,8   14:17   8,4   20:43   7,0   0,0   1,6   4,1  20,9   14:58     S
15  10,1  14,7   13:56   5,9   22:20   7,9   0,0   1,4   4,7  27,4   05:36     S
16   8,9  16,2   13:42   5,1   01:06   9,0   0,0   0,0   1,0  12,9   16:34  O-NO
17   6,7  14,8   13:24   0,8   06:11  11,3   0,0   0,0   0,0   0,0   00:00   ---
18   6,2  14,4   15:44   1,4   23:12  11,8   0,0   0,2   1,8  19,3   15:53     E
19   5,6  12,1   15:41  -1,3   08:00  12,4   0,0   0,0   2,3  16,1   13:27     O
20   9,8  11,1   14:13   8,4   00:00   8,2   0,0   2,2   5,9  19,3   07:34     O
21   9,6  10,0   02:31   8,4   08:12   8,4   0,0   0,4   4,5  16,1   07:26     O
22  10,0  11,4   14:43   9,6   00:25   8,0   0,0   0,0   7,0  24,1   14:38     O
23   9,7  12,2   14:55   6,8   22:35   8,3   0,0   0,2  10,1  37,0   16:53     O
24   7,4  13,8   13:50   2,7   23:53  10,6   0,0   0,0   4,4  20,9   15:36    NO
25   7,1  11,9   13:56   2,3   05:56  10,9   0,0   0,0   7,2  35,4   16:23  S-SO
26  10,3  11,6   14:02   9,6   01:48   7,7   0,0   0,2   7,6  24,1   12:08    SO
27   9,1  11,7   11:42   5,7   21:53   8,9   0,0  21,0  15,8  67,6   12:37  O-SO
28   8,4  11,2   15:03   4,3   05:30   9,6   0,0   7,6  16,4  64,4   09:34  O-NO
----------------------------------------------------------------------------------
     7,8  16,2    16    -2,1     9   286,0   0,0  85,8   7,8  70,8     3      SO

Max >=  25,0:  0
Max <=   0,0:  0
Min <=   0,0:  5
Min <=  -5,0:  0
Max Rain: 21,0 on day 27
Days of Rain: 12 (>= 1,0 mm)  7 (>= 5,0 mm)  2 (>= 10,0 mm)
Heat Base: 18,0  Cool Base: 18,0  Method: Integration