Sélectionnez une année ou un mois pour voir un rapport
Tableau pour 2016 Déc
Monthly Climatological Summary for déc. 2016
Name: Station météo amateur City: Saint-Brevin les Pins State: FRANCE
Elevation: 5 m Lat: N 47° 14' 09" Lon: W 002° 09' 35"
Temperature (°C), Rain (mm), Wind Speed (km/h)
Heat Cool Avg
Mean Deg Deg Wind Dom
Day Temp High Time Low Time Days Days Rain Speed High Time Dir
----------------------------------------------------------------------------------
1 4,6 11,3 14:32 0,6 07:51 13,4 0,0 0,0 4,0 22,5 13:18 Est
2 2,5 5,6 16:06 -0,4 03:04 15,5 0,0 0,2 7,6 35,4 12:54Est/Nord-Est
3 4,2 8,3 15:14 1,3 05:25 13,8 0,0 0,2 8,6 40,2 13:41 Est
4 4,0 8,4 15:04 0,4 08:23 14,1 0,0 0,0 6,7 25,7 11:12 Est
5 8,0 12,8 13:59 3,7 05:32 10,0 0,0 0,0 3,1 14,5 10:35Est/Sud-Est
6 7,2 13,9 13:39 3,2 23:03 10,8 0,0 0,0 1,5 17,7 15:39Sud/Sud-Est
7 8,4 15,7 13:30 2,6 08:25 9,6 0,0 0,2 2,5 16,1 23:46Sud/Sud-Est
8 9,5 11,9 15:05 6,6 08:30 8,5 0,0 0,0 5,6 30,6 12:17 Sud
9 8,9 13,5 14:36 3,2 07:45 9,1 0,0 0,0 4,0 17,7 11:15 Sud
10 7,9 10,2 00:13 6,1 04:19 10,1 0,0 0,2 2,1 12,9 00:08 Sud
11 11,2 12,2 14:08 9,3 00:00 6,8 0,0 1,0 2,5 16,1 23:32Sud/Sud-Est
12 11,8 13,0 13:10 10,7 01:32 6,2 0,0 0,8 7,4 22,5 10:17 Sud
13 11,4 14,7 15:16 8,5 23:58 6,6 0,0 0,0 6,9 27,4 13:36 Sud
14 8,4 12,0 15:00 5,3 06:14 9,6 0,0 0,0 6,3 24,1 13:14Sud/Sud-Est
15 9,1 12,4 12:53 5,7 08:08 8,9 0,0 0,0 6,0 22,5 12:23Sud/Sud-Est
16 8,8 14,0 14:37 3,8 22:11 9,2 0,0 0,0 4,1 17,7 00:34Est/Sud-Est
17 4,6 8,2 15:57 1,3 04:56 13,4 0,0 0,0 2,6 17,7 20:47Nord-Est
18 3,7 5,6 14:06 2,4 23:57 14,3 0,0 0,2 6,8 22,5 17:37Est/Nord-Est
19 3,5 4,6 19:21 2,3 00:58 14,5 0,0 0,0 6,6 22,5 07:02Est/Nord-Est
20 3,9 6,6 15:39 -0,8 09:21 14,1 0,0 0,0 4,3 27,4 21:28Sud/Sud-Est
21 8,8 12,3 23:31 5,1 01:03 9,2 0,0 10,0 10,1 33,8 16:45 Sud
22 9,6 13,3 14:31 3,0 23:59 8,4 0,0 3,0 2,5 22,5 00:23 Ouest
23 7,0 11,7 23:58 1,4 02:14 11,0 0,0 0,2 6,7 27,4 10:46 Sud
24 9,5 12,2 13:34 3,6 09:00 8,5 0,0 1,2 4,1 30,6 01:50 Ouest
25 11,5 12,4 12:36 10,4 03:15 6,5 0,0 0,4 5,9 19,3 09:52Ouest/Sud-Ouest
26 10,1 12,8 13:05 4,4 23:45 7,9 0,0 1,2 4,4 24,1 12:00Nord/Nord-Ouest
27 4,6 8,5 14:24 2,0 08:14 13,4 0,0 0,2 8,0 32,2 14:29 Est
28 4,0 10,4 14:10 -1,3 09:08 14,0 0,0 0,0 5,4 29,0 14:17 Est
29 1,1 8,2 15:22 -1,7 23:57 16,9 0,0 0,0 1,8 14,5 11:24Est/Nord-Est
30 -1,2 0,8 14:31 -3,9 09:17 19,1 0,0 0,0 2,4 14,5 13:04 Est
31 -2,2 -0,4 00:00 -3,4 09:25 20,2 0,0 0,2 0,0 0,0 00:00 ---
----------------------------------------------------------------------------------
6,6 15,7 7 -3,9 30 353,6 0,0 19,2 4,9 40,2 3 Sud-Est
Max >= 25,0: 0
Max <= 0,0: 1
Min <= 0,0: 6
Min <= -5,0: 0
Max Rain: 10,0 on day 21
Days of Rain: 5 (>= 1,0 mm) 1 (>= 5,0 mm) 1 (>= 10,0 mm)
Heat Base: 18,0 Cool Base: 18,0 Method: Integration