Sélectionnez une année ou un mois pour voir un rapport
V/Λ2024 > Jan Fév Mar Avr Mai Jui Jul Aou Sep Oct Nov Déc
V/Λ2023 > Jan Fév Mar Avr Mai Jui Jul Aou Sep Oct Nov Déc
V/Λ2022 > Jan Fév Mar Avr Mai Jui Jul Aou Sep Oct Nov Déc
V/Λ2021 > Jan Fév Mar Avr Mai Jui Jul Aou Sep Oct Nov Déc
V/Λ2020 > Jan Fév Mar Avr Mai Jui Jul Aou Sep Oct Nov Déc
V/Λ2019 > Jan Fév Mar Avr Mai Jui Jul Aou Sep Oct Nov Déc
V/Λ2018 > Jan Fév Mar Avr Mai Jui Jul Aou Sep Oct Nov Déc
V/Λ2017 > Jan Fév Mar Avr Mai Jui Jul Aou Sep Oct Nov Déc
V/Λ2016 > Jan Fév Mar Avr Mai Jui Jul Aou Sep Oct Nov Déc
V/Λ2015 > Jan Fév Mar Avr Mai Jui Jul Aou Sep Oct Nov Déc
V/Λ2014 > Jan Fév Mar Avr Mai Jui Jul Aou Sep Oct Nov Déc
V/Λ2013 > Jan Fév Mar Avr Mai Jui Jul Aou Sep Oct Nov Déc
V/Λ2012 > Jan Fév Mar Avr Mai Jui Jul Aou Sep Oct Nov Déc
V/Λ2011 > Jan Fév Mar Avr Mai Jui Jul Aou Sep Oct Nov Déc
V/Λ2010 > Jan Fév Mar Avr Mai Jui Jul Aou Sep Oct Nov Déc
V/Λ2009 > Jan Fév Mar Avr Mai Jui Jul Aou Sep Oct Nov Déc

Tableau pour 2016 Aou
                   Monthly Climatological Summary for août 2016

Name: Station météo amateur   City: Saint-Brevin les Pins   State: FRANCE
Elevation: 5 m  Lat: N 47° 14' 09"   Lon: W 002° 09' 35"

                  Temperature (°C), Rain (mm), Wind Speed (km/h)

                                      Heat  Cool        Avg
    Mean                              Deg   Deg         Wind                 Dom
Day Temp  High   Time   Low    Time   Days  Days  Rain  Speed High   Time    Dir
----------------------------------------------------------------------------------
 1  17,5  22,7   14:41  10,8   07:30   1,8   1,3   0,0   5,1  25,7   19:20 Ouest
 2  20,1  23,0   15:54  18,4   05:23   0,0   2,1   0,0   9,3  32,2   07:36 Ouest
 3  19,4  23,3   13:21  16,5   23:58   0,1   1,5   4,0   7,1  29,0   13:16Ouest/Sud-Ouest
 4  17,8  22,2   14:21  15,4   06:23   1,0   0,8   0,6   5,6  32,2   20:45 Ouest
 5  17,3  22,2   14:10  12,1   07:05   1,8   1,1   0,2   5,9  29,0   15:04 Ouest
 6  18,2  23,4   16:10  12,4   05:52   1,5   1,7   0,0   4,3  29,0   17:08 Ouest
 7  20,0  26,7   13:20  13,2   06:45   1,2   3,2   0,0   4,6  25,7   15:49 Ouest
 8  19,3  23,2   12:39  14,8   07:12   0,5   1,8   0,2   5,2  27,4   15:45Ouest/Nord-Ouest
 9  17,6  24,6   16:56  11,6   05:54   2,0   1,6   0,2   6,7  29,0   15:43Nord/Nord-Est
10  16,1  23,6   15:56  10,0   06:48   3,0   1,1   0,0   5,0  27,4   16:44  Nord
11  16,5  22,1   15:29  10,3   06:59   2,4   0,9   0,0   5,0  29,0   14:21 Ouest
12  17,2  23,9   14:26   9,9   07:15   2,5   1,7   0,0   3,1  20,9   16:03 Ouest
13  21,3  31,1   16:20  13,0   02:45   1,6   5,0   0,0   4,2  24,1   12:08Nord-Est
14  23,2  32,6   16:06  15,1   07:15   0,5   5,8   0,0   6,8  25,7   12:20Nord-Est
15  24,3  33,0   15:55  16,3   06:56   0,1   6,4   0,0   6,1  27,4   16:10Est/Nord-Est
16  23,6  33,8   16:20  16,4   07:14   0,2   5,8   0,0   3,7  20,9   09:42Est/Nord-Est
17  18,9  23,8   13:39  14,0   07:16   0,9   1,8   0,2   4,5  24,1   12:58 Ouest
18  18,3  22,8   16:04  14,7   23:57   0,7   1,0   2,6   7,3  27,4   14:51 Ouest
19  16,9  21,1   17:23  13,5   02:19   1,6   0,5   4,2   5,5  32,2   12:30Sud-Ouest
20  18,7  22,6   13:22  16,5   05:21   0,5   1,1   1,0   8,8  32,2   16:54 Ouest
21  18,1  22,3   15:13  14,7   07:26   1,0   1,1   0,0   8,1  29,0   13:27 Ouest
22  18,7  25,8   14:42  12,5   06:41   1,8   2,5   0,0   2,5  16,1   15:45Ouest/Sud-Ouest
23  23,4  34,1   14:21  15,1   01:39   0,3   5,7   0,0   3,6  20,9   15:02   Sud
24  20,6  28,7   17:52  14,6   06:53   0,8   3,3   0,0   2,9  27,4   14:51 Ouest
25  23,1  31,9   16:07  17,1   07:21   0,1   5,1   0,0   2,6  24,1   02:15Ouest/Nord-Ouest
26  23,5  31,6   16:35  16,7   07:08   0,1   5,6   0,0   5,9  29,0   11:21Nord/Nord-Est
27  21,7  28,0   15:21  16,3   07:46   0,1   3,9   0,0   5,9  29,0   17:27 Ouest
28  20,5  25,3   13:58  17,7   02:45   0,0   2,5   0,0   7,9  29,0   13:41 Ouest
29  19,7  25,6   14:07  16,2   23:02   0,4   2,1   0,6   5,5  27,4   16:21Ouest/Nord-Ouest
30  19,0  26,7   14:14  13,5   05:50   1,5   2,6   0,0   4,8  20,9   11:46Nord/Nord-Est
31  19,0  25,9   12:31  13,2   05:09   1,5   2,5   0,0   3,5  20,9   16:20Ouest/Nord-Ouest
----------------------------------------------------------------------------------
    19,7  34,1    23     9,9    12    31,5  83,1  13,8   5,4  32,2     2Ouest/Nord-Ouest

Max >=  25,0: 15
Max <=   0,0:  0
Min <=   0,0:  0
Min <=  -5,0:  0
Max Rain: 4,2 on day 19
Days of Rain: 4 (>= 1,0 mm)  0 (>= 5,0 mm)  0 (>= 10,0 mm)
Heat Base: 18,0  Cool Base: 18,0  Method: Integration