Sélectionnez une année ou un mois pour voir un rapport
V/Λ2024 > Jan Fév Mar Avr Mai Jui Jul Aou Sep Oct Nov Déc
V/Λ2023 > Jan Fév Mar Avr Mai Jui Jul Aou Sep Oct Nov Déc
V/Λ2022 > Jan Fév Mar Avr Mai Jui Jul Aou Sep Oct Nov Déc
V/Λ2021 > Jan Fév Mar Avr Mai Jui Jul Aou Sep Oct Nov Déc
V/Λ2020 > Jan Fév Mar Avr Mai Jui Jul Aou Sep Oct Nov Déc
V/Λ2019 > Jan Fév Mar Avr Mai Jui Jul Aou Sep Oct Nov Déc
V/Λ2018 > Jan Fév Mar Avr Mai Jui Jul Aou Sep Oct Nov Déc
V/Λ2017 > Jan Fév Mar Avr Mai Jui Jul Aou Sep Oct Nov Déc
V/Λ2016 > Jan Fév Mar Avr Mai Jui Jul Aou Sep Oct Nov Déc
V/Λ2015 > Jan Fév Mar Avr Mai Jui Jul Aou Sep Oct Nov Déc
V/Λ2014 > Jan Fév Mar Avr Mai Jui Jul Aou Sep Oct Nov Déc
V/Λ2013 > Jan Fév Mar Avr Mai Jui Jul Aou Sep Oct Nov Déc
V/Λ2012 > Jan Fév Mar Avr Mai Jui Jul Aou Sep Oct Nov Déc
V/Λ2011 > Jan Fév Mar Avr Mai Jui Jul Aou Sep Oct Nov Déc
V/Λ2010 > Jan Fév Mar Avr Mai Jui Jul Aou Sep Oct Nov Déc
V/Λ2009 > Jan Fév Mar Avr Mai Jui Jul Aou Sep Oct Nov Déc

Tableau pour 2016 Jul
                   Monthly Climatological Summary for juil. 2016

Name: Station météo amateur   City: Saint-Brevin les Pins   State: FRANCE
Elevation: 5 m  Lat: N 47° 14' 09"   Lon: W 002° 09' 35"

                  Temperature (°C), Rain (mm), Wind Speed (km/h)

                                      Heat  Cool        Avg
    Mean                              Deg   Deg         Wind                 Dom
Day Temp  High   Time   Low    Time   Days  Days  Rain  Speed High   Time    Dir
----------------------------------------------------------------------------------
 1  17,6  20,7   15:04  14,9   22:58   0,8   0,3   0,0   9,5  33,8   18:51 Ouest
 2  16,5  19,8   16:01  13,8   05:20   1,8   0,3   0,0   9,2  30,6   16:31Ouest/Nord-Ouest
 3  16,7  20,4   16:00  13,8   02:50   1,5   0,3   1,8   9,1  33,8   15:22 Ouest
 4  16,9  20,3   17:06  14,6   03:01   1,4   0,3   0,0   4,2  20,9   17:55 Ouest
 5  17,1  21,1   16:00  13,5   23:58   1,4   0,5   0,0   6,4  29,0   17:56 Ouest
 6  16,9  23,8   16:40  10,2   06:30   2,7   1,6   0,0   3,5  19,3   14:00Nord-Ouest
 7  18,9  27,8   13:58  11,2   05:57   1,8   2,7   0,0   5,0  22,5   14:20Ouest/Sud-Ouest
 8  18,3  22,1   13:55  13,7   06:39   1,1   1,4   0,0   6,8  32,2   15:54 Ouest
 9  18,3  22,3   15:16  14,4   23:49   0,7   1,0   0,0   4,5  19,3   18:19 Ouest
10  17,9  21,1   14:49  12,6   03:39   1,1   1,0   0,4   5,8  25,7   14:55Ouest/Sud-Ouest
11  18,4  21,9   15:57  16,3   23:56   0,3   0,8   0,0   7,7  27,4   18:18 Ouest
12  17,1  20,3   17:22  14,7   23:42   1,2   0,3   0,6   8,3  35,4   17:37Ouest/Nord-Ouest
13  15,9  21,3   18:32  10,6   06:45   2,6   0,5   0,0   6,5  32,2   14:40Ouest/Nord-Ouest
14  15,9  21,6   17:11  10,6   04:26   2,7   0,6   0,0   6,2  33,8   15:37Nord-Ouest
15  16,4  22,7   17:47   8,9   05:54   3,0   1,3   0,0   4,0  25,7   17:25Ouest/Nord-Ouest
16  20,6  28,7   17:21  11,9   06:27   1,7   4,3   0,0   4,5  22,5   13:06Est/Nord-Est
17  23,7  31,2   16:14  15,0   06:39   0,4   6,1   0,0   6,7  27,4   14:08Est/Nord-Est
18  26,4  35,3   16:48  18,9   06:32   0,0   8,4   0,0   6,4  35,4   12:02   Est
19  25,7  36,2   14:35  19,3   02:41   0,0   7,7   0,0   6,7  30,6   14:10   Sud
20  19,9  22,1   13:21  18,6   23:10   0,0   1,9   0,0   6,8  24,1   01:12Ouest/Sud-Ouest
21  19,9  24,7   13:59  16,7   01:24   0,2   2,2   0,0   4,1  22,5   15:35Ouest/Nord-Ouest
22  20,2  26,7   13:38  13,7   06:51   0,7   2,9   0,0   4,7  25,7   15:12Ouest/Nord-Ouest
23  19,0  24,4   13:59  13,8   05:14   1,0   2,1   0,0   5,4  30,6   15:55Ouest/Nord-Ouest
24  18,7  23,6   14:54  13,2   05:49   1,2   1,8   0,0   4,9  27,4   15:10 Ouest
25  20,0  25,6   15:14  16,2   23:06   0,3   2,3   0,0   5,0  29,0   15:47Ouest/Nord-Ouest
26  18,8  23,3   14:55  13,8   07:04   1,0   1,8   0,0   5,7  29,0   16:46Nord-Ouest
27  17,9  22,8   17:22  13,6   07:20   1,2   1,1   0,0   5,2  27,4   17:09 Ouest
28  19,5  23,1   14:39  18,1   06:59   0,0   1,5   0,0   7,2  27,4   12:24 Ouest
29  19,1  21,8   17:13  17,2   22:29   0,0   1,1   0,8   6,6  24,1   06:56 Ouest
30  18,6  21,8   16:35  15,5   23:42   0,4   1,0   0,0   4,4  22,5   18:21 Ouest
31  18,6  23,5   18:39  14,1   02:41   1,3   1,9   0,0   5,4  30,6   15:20Ouest/Nord-Ouest
----------------------------------------------------------------------------------
    18,9  36,2    19     8,9    15    33,5  61,0   3,6   6,0  35,4    12   Ouest

Max >=  25,0:  7
Max <=   0,0:  0
Min <=   0,0:  0
Min <=  -5,0:  0
Max Rain: 1,8 on day 3
Days of Rain: 1 (>= 1,0 mm)  0 (>= 5,0 mm)  0 (>= 10,0 mm)
Heat Base: 18,0  Cool Base: 18,0  Method: Integration