Sélectionnez une année ou un mois pour voir un rapport
V/Λ2024 > Jan Fév Mar Avr Mai Jui Jul Aou Sep Oct Nov Déc
V/Λ2023 > Jan Fév Mar Avr Mai Jui Jul Aou Sep Oct Nov Déc
V/Λ2022 > Jan Fév Mar Avr Mai Jui Jul Aou Sep Oct Nov Déc
V/Λ2021 > Jan Fév Mar Avr Mai Jui Jul Aou Sep Oct Nov Déc
V/Λ2020 > Jan Fév Mar Avr Mai Jui Jul Aou Sep Oct Nov Déc
V/Λ2019 > Jan Fév Mar Avr Mai Jui Jul Aou Sep Oct Nov Déc
V/Λ2018 > Jan Fév Mar Avr Mai Jui Jul Aou Sep Oct Nov Déc
V/Λ2017 > Jan Fév Mar Avr Mai Jui Jul Aou Sep Oct Nov Déc
V/Λ2016 > Jan Fév Mar Avr Mai Jui Jul Aou Sep Oct Nov Déc
V/Λ2015 > Jan Fév Mar Avr Mai Jui Jul Aou Sep Oct Nov Déc
V/Λ2014 > Jan Fév Mar Avr Mai Jui Jul Aou Sep Oct Nov Déc
V/Λ2013 > Jan Fév Mar Avr Mai Jui Jul Aou Sep Oct Nov Déc
V/Λ2012 > Jan Fév Mar Avr Mai Jui Jul Aou Sep Oct Nov Déc
V/Λ2011 > Jan Fév Mar Avr Mai Jui Jul Aou Sep Oct Nov Déc
V/Λ2010 > Jan Fév Mar Avr Mai Jui Jul Aou Sep Oct Nov Déc
V/Λ2009 > Jan Fév Mar Avr Mai Jui Jul Aou Sep Oct Nov Déc

Tableau pour 2016 Jui
                   Monthly Climatological Summary for juin 2016

Name: Station météo amateur   City: Saint-Brevin les Pins   State: FRANCE
Elevation: 5 m  Lat: N 47° 14' 09"   Lon: W 002° 09' 35"

                  Temperature (°C), Rain (mm), Wind Speed (km/h)

                                      Heat  Cool        Avg
    Mean                              Deg   Deg         Wind                 Dom
Day Temp  High   Time   Low    Time   Days  Days  Rain  Speed High   Time    Dir
----------------------------------------------------------------------------------
 1  15,9  19,7   16:05  14,0   07:04   2,1   0,0   0,0   6,6  24,1   03:56  Nord
 2  15,7  19,4   17:32  13,8   06:42   2,4   0,1   0,0   5,8  22,5   13:48Nord/Nord-Est
 3  15,2  18,0   15:45  12,8   05:11   2,8   0,0   0,0   5,6  20,9   01:47Est/Nord-Est
 4  15,8  19,2   17:42  13,1   23:55   2,3   0,0   0,0   3,8  22,5   18:43  Nord
 5  16,6  22,3   17:25  11,2   03:58   2,4   1,0   0,0   2,7  17,7   14:52Nord-Est
 6  17,8  23,9   12:45  12,1   06:56   1,7   1,5   0,0   3,1  27,4   16:41Ouest/Nord-Ouest
 7  18,4  22,4   17:33  14,0   06:50   1,0   1,4   0,0   5,1  24,1   14:39 Ouest
 8  19,1  26,2   16:05  12,5   06:40   1,8   2,9   0,0   3,7  22,5   14:44Nord-Est
 9  20,7  26,8   17:02  14,4   05:41   0,8   3,5   0,0   3,4  17,7   15:36Est/Nord-Est
10  18,6  20,7   00:00  16,6   23:46   0,3   0,9   0,0   5,8  33,8   23:48Ouest/Sud-Ouest
11  17,2  20,7   15:28  15,4   22:50   1,1   0,3   0,2  10,6  40,2   15:43 Ouest
12  17,3  19,2   16:45  16,2   05:09   0,8   0,1   1,2   9,1  30,6   07:44 Ouest
13  16,5  18,4   17:44  14,7   05:44   1,5   0,0   1,8  10,9  45,1   18:02 Ouest
14  15,8  18,6   12:55  13,8   23:02   2,2   0,0   0,8  10,6  35,4   11:59 Ouest
15  14,9  19,7   13:49   9,7   06:37   3,2   0,1   0,2   5,3  27,4   13:35 Ouest
16  15,0  20,0   15:24   8,6   05:37   3,3   0,3   0,0   5,9  35,4   16:25 Ouest
17  16,2  20,6   15:11  11,9   06:28   2,1   0,4   3,4   7,6  33,8   17:36Ouest/Nord-Ouest
18  15,3  20,3   18:07  10,3   04:38   2,9   0,2   0,0   5,2  29,0   18:36Ouest/Nord-Ouest
19  15,8  19,8   12:55  11,3   04:17   2,3   0,1   0,0   5,0  22,5   13:52 Ouest
20  16,6  17,7   12:09  15,8   00:47   1,4   0,0   6,6   9,4  35,4   14:22Ouest/Sud-Ouest
21  17,6  19,9   17:32  16,4   03:45   0,6   0,3   0,4   6,2  22,5   00:56Ouest/Sud-Ouest
22  20,4  26,0   18:33  16,2   06:15   0,5   2,9  10,2   3,2  30,6   09:14Est/Nord-Est
23  20,4  24,7   17:34  17,6   23:39   0,0   2,4   8,0   5,1  30,6   00:50 Ouest
24  17,8  21,6   13:48  14,8   07:38   1,0   0,8   0,0   6,3  29,0   15:09Nord-Ouest
25  16,7  20,7   12:23  13,6   02:33   1,7   0,5   0,0   6,9  35,4   15:05Ouest/Nord-Ouest
26  15,7  19,9   15:10  10,8   06:01   2,5   0,2   0,0   6,7  30,6   15:29Ouest/Nord-Ouest
27  17,5  20,3   14:19  15,6   22:41   0,8   0,3   0,0   8,4  24,1   04:25 Ouest
28  17,3  20,0   18:27  14,9   05:10   1,0   0,3   0,2   7,9  32,2   18:36 Ouest
29  16,6  19,8   14:50  12,1   06:14   1,6   0,2   0,2   7,4  30,6   23:11 Ouest
30  18,0  21,1   15:26  16,6   00:22   0,5   0,5   2,0   9,6  32,2   10:23 Ouest
----------------------------------------------------------------------------------
    17,1  26,8     9     8,6    16    48,6  21,2  35,2   6,4  45,1    13Ouest/Nord-Ouest

Max >=  25,0:  3
Max <=   0,0:  0
Min <=   0,0:  0
Min <=  -5,0:  0
Max Rain: 10,2 on day 22
Days of Rain: 7 (>= 1,0 mm)  3 (>= 5,0 mm)  1 (>= 10,0 mm)
Heat Base: 18,0  Cool Base: 18,0  Method: Integration