Sélectionnez une année ou un mois pour voir un rapport
V/Λ2024 > Jan Fév Mar Avr Mai Jui Jul Aou Sep Oct Nov Déc
V/Λ2023 > Jan Fév Mar Avr Mai Jui Jul Aou Sep Oct Nov Déc
V/Λ2022 > Jan Fév Mar Avr Mai Jui Jul Aou Sep Oct Nov Déc
V/Λ2021 > Jan Fév Mar Avr Mai Jui Jul Aou Sep Oct Nov Déc
V/Λ2020 > Jan Fév Mar Avr Mai Jui Jul Aou Sep Oct Nov Déc
V/Λ2019 > Jan Fév Mar Avr Mai Jui Jul Aou Sep Oct Nov Déc
V/Λ2018 > Jan Fév Mar Avr Mai Jui Jul Aou Sep Oct Nov Déc
V/Λ2017 > Jan Fév Mar Avr Mai Jui Jul Aou Sep Oct Nov Déc
V/Λ2016 > Jan Fév Mar Avr Mai Jui Jul Aou Sep Oct Nov Déc
V/Λ2015 > Jan Fév Mar Avr Mai Jui Jul Aou Sep Oct Nov Déc
V/Λ2014 > Jan Fév Mar Avr Mai Jui Jul Aou Sep Oct Nov Déc
V/Λ2013 > Jan Fév Mar Avr Mai Jui Jul Aou Sep Oct Nov Déc
V/Λ2012 > Jan Fév Mar Avr Mai Jui Jul Aou Sep Oct Nov Déc
V/Λ2011 > Jan Fév Mar Avr Mai Jui Jul Aou Sep Oct Nov Déc
V/Λ2010 > Jan Fév Mar Avr Mai Jui Jul Aou Sep Oct Nov Déc
V/Λ2009 > Jan Fév Mar Avr Mai Jui Jul Aou Sep Oct Nov Déc

Tableau pour 2015 Déc
                   Monthly Climatological Summary for déc. 2015

Name: Station météo amateur   City: Saint-Brevin les Pins   State: FRANCE
Elevation: 5 m  Lat: N 47° 14' 09"   Lon: W 002° 09' 35"

                  Temperature (°C), Rain (mm), Wind Speed (km/h)

                                      Heat  Cool        Avg
    Mean                              Deg   Deg         Wind                 Dom
Day Temp  High   Time   Low    Time   Days  Days  Rain  Speed High   Time    Dir
----------------------------------------------------------------------------------
 1  12,9  13,7   08:31  10,7   23:32   5,1   0,0   0,0   5,5  25,7   00:42  O-SO
 2  10,6  13,2   12:47   6,7   04:18   7,4   0,0   0,2   7,4  27,4   14:21     S
 3  10,2  13,4   22:19   6,9   07:48   7,8   0,0   3,0  10,5  41,8   23:03     S
 4   9,0  13,7   01:08   4,1   23:37   9,0   0,0   1,8   4,5  32,2   02:40  O-NO
 5   8,7  12,6   22:10   3,7   06:22   9,3   0,0   0,2   6,9  37,0   22:07     S
 6  12,8  14,1   15:44  11,6   03:40   5,2   0,0   1,8  10,4  35,4   10:55  S-SO
 7  11,1  14,8   14:58   7,0   05:23   6,9   0,0   0,2   7,7  30,6   22:48  S-SE
 8  11,6  14,5   14:11   5,6   22:33   6,4   0,0   7,8   7,5  30,6   00:49    SO
 9   6,9  13,2   14:48   2,8   05:40  11,1   0,0   0,0   4,2  24,1   13:04     S
10   6,8  11,1   14:47   2,9   07:42  11,2   0,0   0,2   5,9  19,3   15:31  S-SE
11  11,1  14,2   14:45   6,3   02:52   6,9   0,0   0,6   4,9  20,9   09:24  O-SO
12  10,2  13,5   13:25   5,3   22:06   7,8   0,0   0,4   4,1  24,1   13:12  S-SO
13   7,6   9,8   15:51   5,8   00:11  10,4   0,0   0,0   3,6  17,7   23:22    SE
14   9,1  12,8   18:33   5,2   05:45   8,9   0,0   1,6   7,5  27,4   18:36  S-SE
15  12,3  14,9   21:18  10,1   04:58   5,7   0,0  16,8  10,9  33,8   17:54     S
16  13,9  14,4   16:17  13,3   03:50   4,1   0,0   0,2   9,0  32,2   23:13  S-SO
17  12,9  14,7   15:02  10,4   06:37   5,1   0,0   0,0   9,0  30,6   12:16     S
18  13,6  15,0   14:19  12,9   22:23   4,4   0,0   0,2   6,8  25,7   20:59  S-SO
19  13,8  16,5   13:50  11,9   08:46   4,2   0,0   0,2  12,6  37,0   22:09     S
20  13,3  14,6   01:09  11,9   20:17   4,7   0,0   0,4   8,4  27,4   00:02  S-SO
21  12,5  14,5   12:56  11,0   04:02   5,5   0,0   3,8  11,4  43,5   03:38  O-SO
22  13,2  14,1   11:52  12,4   00:00   4,8   0,0   1,8  12,3  40,2   22:29  S-SO
23  12,2  14,1   14:03  10,9   08:39   5,8   0,0   2,0   7,5  40,2   00:07    SO
24  12,3  14,3   12:33   9,6   23:06   5,7   0,0   1,0   9,8  38,6   10:41    SO
25  13,2  14,8   14:59   9,7   00:00   4,8   0,0   0,8  11,3  33,8   05:07     S
26  11,7  13,8   14:42   9,9   09:57   6,3   0,0   0,4  11,0  30,6   15:06     S
27  11,3  13,8   13:21   8,9   22:19   6,7   0,0   0,2   8,3  25,7   05:44  S-SE
28  11,9  14,6   13:49   9,1   00:00   6,1   0,0   0,4  14,9  48,3   12:49     S
29  12,0  13,7   13:48   9,8   05:08   6,0   0,0   2,4  11,4  61,2   03:20    SO
30  12,0  14,0   18:19   9,5   09:29   6,0   0,0   4,0  17,0  48,3   15:50     S
31  11,2  13,1   14:48   9,3   23:41   6,8   0,0   1,8   9,3  45,1   00:13  O-SO
----------------------------------------------------------------------------------
    11,4  16,5    19     2,8     9   206,1   0,0  54,2   8,7  61,2    29    S-SO

Max >=  25,0:  0
Max <=   0,0:  0
Min <=   0,0:  0
Min <=  -5,0:  0
Max Rain: 16,8 on day 15
Days of Rain: 13 (>= 1,0 mm)  2 (>= 5,0 mm)  1 (>= 10,0 mm)
Heat Base: 18,0  Cool Base: 18,0  Method: Integration