Sélectionnez une année ou un mois pour voir un rapport
V/Λ2024 > Jan Fév Mar Avr Mai Jui Jul Aou Sep Oct Nov Déc
V/Λ2023 > Jan Fév Mar Avr Mai Jui Jul Aou Sep Oct Nov Déc
V/Λ2022 > Jan Fév Mar Avr Mai Jui Jul Aou Sep Oct Nov Déc
V/Λ2021 > Jan Fév Mar Avr Mai Jui Jul Aou Sep Oct Nov Déc
V/Λ2020 > Jan Fév Mar Avr Mai Jui Jul Aou Sep Oct Nov Déc
V/Λ2019 > Jan Fév Mar Avr Mai Jui Jul Aou Sep Oct Nov Déc
V/Λ2018 > Jan Fév Mar Avr Mai Jui Jul Aou Sep Oct Nov Déc
V/Λ2017 > Jan Fév Mar Avr Mai Jui Jul Aou Sep Oct Nov Déc
V/Λ2016 > Jan Fév Mar Avr Mai Jui Jul Aou Sep Oct Nov Déc
V/Λ2015 > Jan Fév Mar Avr Mai Jui Jul Aou Sep Oct Nov Déc
V/Λ2014 > Jan Fév Mar Avr Mai Jui Jul Aou Sep Oct Nov Déc
V/Λ2013 > Jan Fév Mar Avr Mai Jui Jul Aou Sep Oct Nov Déc
V/Λ2012 > Jan Fév Mar Avr Mai Jui Jul Aou Sep Oct Nov Déc
V/Λ2011 > Jan Fév Mar Avr Mai Jui Jul Aou Sep Oct Nov Déc
V/Λ2010 > Jan Fév Mar Avr Mai Jui Jul Aou Sep Oct Nov Déc
V/Λ2009 > Jan Fév Mar Avr Mai Jui Jul Aou Sep Oct Nov Déc

Tableau pour 2015 Sep
                   Monthly Climatological Summary for sept. 2015

Name: Station météo amateur   City: Saint-Brevin les Pins   State: FRANCE
Elevation: 5 m  Lat: N 47° 14' 09"   Lon: W 002° 09' 35"

                  Temperature (°C), Rain (mm), Wind Speed (km/h)

                                      Heat  Cool        Avg
    Mean                              Deg   Deg         Wind                 Dom
Day Temp  High   Time   Low    Time   Days  Days  Rain  Speed High   Time    Dir
----------------------------------------------------------------------------------
 1  17,2  22,8   14:47  12,8   07:20   2,0   1,1   0,0   5,3  20,9   00:24  N-NO
 2  15,1  21,2   17:24  10,2   05:30   3,4   0,4   0,0   3,8  22,5   15:22  N-NO
 3  14,1  20,3   14:02   7,4   06:45   4,1   0,2   0,0   4,7  27,4   16:45    NO
 4  14,3  20,1   16:32   9,2   07:52   3,8   0,1   0,0   3,2  22,5   18:07  N-NO
 5  14,5  18,6   16:14   9,2   08:01   3,5   0,0   0,0   3,6  22,5   16:43  O-NO
 6  15,4  22,0   16:19  10,2   07:30   3,3   0,6   0,0   4,0  22,5   16:45  E-NE
 7  14,8  21,7   16:40   7,7   07:30   4,0   0,8   0,0   5,0  27,4   16:30  E-NE
 8  16,1  22,5   16:21  10,4   07:17   2,9   1,0   0,0   6,9  33,8   12:51     E
 9  16,8  24,9   16:29  10,4   07:45   2,8   1,7   0,0   4,7  20,9   14:00     E
10  16,4  25,7   14:13   9,9   07:54   3,1   1,5   0,0   2,5  24,1   17:48     O
11  16,7  21,4   13:53  12,5   06:54   2,1   0,8   0,0   3,5  20,9   12:39    SO
12  16,6  19,9   15:05  10,3   23:45   1,6   0,3   3,0   5,2  22,5   14:42     O
13  14,1  18,2   15:33  10,3   06:23   3,9   0,0  12,8   6,3  33,8   15:12  S-SO
14  15,6  18,1   14:02  12,4   23:00   2,4   0,0  16,0  14,9  53,1   19:18     O
15  15,4  18,3   14:35  12,8   00:35   2,6   0,0  21,8  10,7  38,6   03:32    SO
16  17,3  20,7   14:04  15,3   23:42   0,9   0,3   9,8  15,0  67,6   16:44    SO
17  15,7  19,3   14:25  12,4   05:51   2,4   0,1   0,0   7,7  32,2   16:17  O-NO
18  16,8  19,7   14:48  14,9   00:22   1,4   0,2   0,2  11,1  35,4   08:32     O
19  15,5  19,9   13:17  11,8   22:20   2,8   0,3   0,0   3,7  22,5   16:11    NO
20  14,4  20,3   15:14  10,3   04:05   3,9   0,3   0,0   2,2  14,5   15:46     O
21  14,1  19,0   15:37  10,1   02:41   3,9   0,0   1,4   4,1  35,4   20:56     O
22  14,5  18,0   14:28   9,7   23:14   3,5   0,0   3,4  10,8  41,8   05:39  O-NO
23  13,2  17,7   14:13   8,4   08:04   4,8   0,0   0,0   4,6  24,1   16:40     O
24  16,2  18,8   16:14  13,2   23:37   1,9   0,1   0,8   5,8  29,0   16:17     O
25  13,5  19,9   15:13   8,3   08:21   4,7   0,2   0,0   2,4  17,7   13:29    NE
26  13,7  20,4   16:14   9,3   08:12   4,4   0,3   0,0   4,2  27,4   17:04  E-NE
27  13,7  20,8   15:16   7,9   05:24   4,7   0,5   0,0   6,3  30,6   14:18  E-NE
28  14,9  20,8   17:02   9,7   08:33   3,6   0,5   0,0  10,4  41,8   15:17     E
29  14,6  19,6   14:54  10,1   06:21   3,6   0,2   0,0  12,2  45,1   14:22     E
30  14,3  20,5   15:39   9,8   08:17   4,1   0,3   0,0  10,1  35,4   16:37     E
----------------------------------------------------------------------------------
    15,2  25,7    10     7,4     3    96,1  11,8  69,2   6,4  67,6    16    O-NO

Max >=  25,0:  1
Max <=   0,0:  0
Min <=   0,0:  0
Min <=  -5,0:  0
Max Rain: 21,8 on day 15
Days of Rain: 7 (>= 1,0 mm)  4 (>= 5,0 mm)  3 (>= 10,0 mm)
Heat Base: 18,0  Cool Base: 18,0  Method: Integration