Sélectionnez une année ou un mois pour voir un rapport
V/Λ2024 > Jan Fév Mar Avr Mai Jui Jul Aou Sep Oct Nov Déc
V/Λ2023 > Jan Fév Mar Avr Mai Jui Jul Aou Sep Oct Nov Déc
V/Λ2022 > Jan Fév Mar Avr Mai Jui Jul Aou Sep Oct Nov Déc
V/Λ2021 > Jan Fév Mar Avr Mai Jui Jul Aou Sep Oct Nov Déc
V/Λ2020 > Jan Fév Mar Avr Mai Jui Jul Aou Sep Oct Nov Déc
V/Λ2019 > Jan Fév Mar Avr Mai Jui Jul Aou Sep Oct Nov Déc
V/Λ2018 > Jan Fév Mar Avr Mai Jui Jul Aou Sep Oct Nov Déc
V/Λ2017 > Jan Fév Mar Avr Mai Jui Jul Aou Sep Oct Nov Déc
V/Λ2016 > Jan Fév Mar Avr Mai Jui Jul Aou Sep Oct Nov Déc
V/Λ2015 > Jan Fév Mar Avr Mai Jui Jul Aou Sep Oct Nov Déc
V/Λ2014 > Jan Fév Mar Avr Mai Jui Jul Aou Sep Oct Nov Déc
V/Λ2013 > Jan Fév Mar Avr Mai Jui Jul Aou Sep Oct Nov Déc
V/Λ2012 > Jan Fév Mar Avr Mai Jui Jul Aou Sep Oct Nov Déc
V/Λ2011 > Jan Fév Mar Avr Mai Jui Jul Aou Sep Oct Nov Déc
V/Λ2010 > Jan Fév Mar Avr Mai Jui Jul Aou Sep Oct Nov Déc
V/Λ2009 > Jan Fév Mar Avr Mai Jui Jul Aou Sep Oct Nov Déc

Tableau pour 2015 Aou
                   Monthly Climatological Summary for août 2015

Name: Station météo amateur   City: Saint-Brevin les Pins   State: FRANCE
Elevation: 5 m  Lat: N 47° 14' 09"   Lon: W 002° 09' 35"

                  Temperature (°C), Rain (mm), Wind Speed (km/h)

                                      Heat  Cool        Avg
    Mean                              Deg   Deg         Wind                 Dom
Day Temp  High   Time   Low    Time   Days  Days  Rain  Speed High   Time    Dir
----------------------------------------------------------------------------------
 1  16,7  23,1   15:59  11,1   05:09   2,7   1,4   0,0   4,8  22,5   15:30    NO
 2  19,3  28,2   15:04   9,3   05:43   2,6   3,9   0,0   5,3  30,6   12:46  S-SO
 3  19,9  24,1   15:05  16,7   03:11   0,1   2,1   0,0   6,1  22,5   12:45  O-SO
 4  17,9  21,9   14:49  12,9   23:42   1,1   1,0   0,0   6,0  24,1   11:25     O
 5  18,0  24,9   14:54  10,7   07:01   2,3   2,2   0,0   4,4  24,1   17:36  S-SO
 6  18,8  22,5   16:15  14,7   23:25   0,5   1,3   0,4   7,2  25,7   11:38     O
 7  18,6  25,1   12:41  13,1   06:16   1,3   1,9   0,0   4,9  25,7   18:24  O-NO
 8  17,6  23,2   14:49  10,7   07:13   2,0   1,5   0,0   4,6  25,7   18:02     O
 9  19,2  24,7   12:38  14,4   07:13   0,8   1,9   0,0   6,4  25,7   15:37    NO
10  18,1  23,8   15:12  11,8   06:40   1,7   1,9   0,0   3,2  27,4   14:03     O
11  21,2  26,6   16:18  16,1   00:28   0,1   3,3   0,4   6,2  22,5   15:25    NE
12  23,4  33,3   16:38  17,9   05:31   0,0   5,4   0,2   6,3  24,1   11:08  E-NE
13  19,9  22,1   01:37  18,4   23:58   0,0   1,9   4,0   4,9  22,5   02:22    SO
14  17,3  18,6   10:18  15,6   22:53   0,7   0,0   4,4   7,7  37,0   21:25  O-NO
15  16,3  20,6   13:24  11,4   06:27   2,2   0,4   0,0   6,7  27,4   15:27  O-NO
16  15,5  21,1   14:39   9,6   06:38   3,1   0,5   0,0   3,1  20,9   15:22     N
17  17,5  23,0   13:41  11,3   07:24   1,8   1,3   0,0   5,6  25,7   16:27    NO
18  17,3  23,2   14:05  12,1   06:44   2,0   1,3   0,0   4,9  29,0   16:23  O-NO
19  17,4  21,8   16:57  13,1   05:17   1,5   0,9   0,0   4,8  22,5   16:41     O
20  19,0  23,1   14:23  15,0   23:59   0,6   1,6   0,0   4,6  19,3   12:16  O-SO
21  19,1  27,0   15:43  11,9   07:24   1,8   3,0   0,0   2,3  19,3   17:58     O
22  18,9  27,1   11:53  12,8   05:06   1,5   2,3   3,6   3,7  29,0   19:24  S-SO
23  18,0  21,7   15:53  15,7   08:15   0,7   0,7   7,6   7,1  33,8   17:40    SO
24  16,9  19,4   15:23  15,1   03:51   1,2   0,1   5,0  15,1  69,2   12:20     O
25  17,6  19,7   14:29  15,7   08:31   0,8   0,4   6,6  10,2  38,6   10:57    SO
26  18,9  22,9   11:29  16,6   21:50   0,2   1,1   4,8  10,6  35,4   11:46  S-SO
27  15,4  17,4   01:25  13,9   10:21   2,6   0,0  33,6   4,3  24,1   02:05    SO
28  16,6  23,0   17:22  12,9   07:00   2,4   1,0   0,0   2,8  16,1   10:16  N-NE
29  20,4  29,7   15:45  13,7   02:31   1,3   3,7   0,0   2,5  19,3   16:55  N-NE
30  19,8  26,5   14:17  16,5   06:31   0,3   2,1   0,2   4,2  30,6   15:44     E
31  19,6  23,3   15:34  16,4   23:56   0,1   1,8   3,8   4,5  27,4   20:53     N
----------------------------------------------------------------------------------
    18,4  33,3    12     9,3     2    40,0  51,9  74,6   5,6  69,2    24       O

Max >=  25,0:  8
Max <=   0,0:  0
Min <=   0,0:  0
Min <=  -5,0:  0
Max Rain: 33,6 on day 27
Days of Rain: 9 (>= 1,0 mm)  4 (>= 5,0 mm)  1 (>= 10,0 mm)
Heat Base: 18,0  Cool Base: 18,0  Method: Integration