Sélectionnez une année ou un mois pour voir un rapport
V/Λ2024 > Jan Fév Mar Avr Mai Jui Jul Aou Sep Oct Nov Déc
V/Λ2023 > Jan Fév Mar Avr Mai Jui Jul Aou Sep Oct Nov Déc
V/Λ2022 > Jan Fév Mar Avr Mai Jui Jul Aou Sep Oct Nov Déc
V/Λ2021 > Jan Fév Mar Avr Mai Jui Jul Aou Sep Oct Nov Déc
V/Λ2020 > Jan Fév Mar Avr Mai Jui Jul Aou Sep Oct Nov Déc
V/Λ2019 > Jan Fév Mar Avr Mai Jui Jul Aou Sep Oct Nov Déc
V/Λ2018 > Jan Fév Mar Avr Mai Jui Jul Aou Sep Oct Nov Déc
V/Λ2017 > Jan Fév Mar Avr Mai Jui Jul Aou Sep Oct Nov Déc
V/Λ2016 > Jan Fév Mar Avr Mai Jui Jul Aou Sep Oct Nov Déc
V/Λ2015 > Jan Fév Mar Avr Mai Jui Jul Aou Sep Oct Nov Déc
V/Λ2014 > Jan Fév Mar Avr Mai Jui Jul Aou Sep Oct Nov Déc
V/Λ2013 > Jan Fév Mar Avr Mai Jui Jul Aou Sep Oct Nov Déc
V/Λ2012 > Jan Fév Mar Avr Mai Jui Jul Aou Sep Oct Nov Déc
V/Λ2011 > Jan Fév Mar Avr Mai Jui Jul Aou Sep Oct Nov Déc
V/Λ2010 > Jan Fév Mar Avr Mai Jui Jul Aou Sep Oct Nov Déc
V/Λ2009 > Jan Fév Mar Avr Mai Jui Jul Aou Sep Oct Nov Déc

Tableau pour 2015 Mai
                   Monthly Climatological Summary for mai 2015

Name: Station météo amateur   City: Saint-Brevin les Pins   State: FRANCE
Elevation: 5 m  Lat: N 47° 14' 09"   Lon: W 002° 09' 35"

                  Temperature (°C), Rain (mm), Wind Speed (km/h)

                                      Heat  Cool        Avg
    Mean                              Deg   Deg         Wind                 Dom
Day Temp  High   Time   Low    Time   Days  Days  Rain  Speed High   Time    Dir
----------------------------------------------------------------------------------
 1  13,8  14,8   15:48  13,0   00:01   4,2   0,0  21,4  10,0  32,2   05:35     O
 2  13,4  14,7   15:36  12,4   07:42   4,6   0,0  16,0   8,2  40,2   20:11    SO
 3  14,6  17,3   15:59  13,4   22:57   3,4   0,0   6,6  11,5  45,1   05:01  O-SO
 4  15,0  18,5   18:06  12,9   06:35   3,0   0,0   4,8   7,5  30,6   19:57  S-SE
 5  14,4  16,1   00:35  12,4   07:47   3,6   0,0   4,8  15,1  54,7   07:16  O-SO
 6  13,4  16,1   16:01  10,5   05:22   4,6   0,0   3,2  14,6  49,9   00:57     O
 7  16,5  16,0   15:51   9,6   05:58   3,7   2,6   0,0   5,5  22,5   01:33  S-SO
 8  15,0  18,7   14:53   0,0   00:00   1,1   0,0   0,0   9,8  29,0   16:19     O
 9  14,6  17,6   15:36  12,4   06:52   3,4   0,0   0,0  10,1  32,2   01:33     O
10  15,4  22,2   14:56   9,3   06:55   3,3   0,7   0,0   3,5  20,9   10:30     S
11  16,2  24,1   16:00   9,8   06:11   2,9   1,2   0,0   2,8  17,7   16:52  O-NO
12  15,2  20,4   14:35  10,9   03:34   3,3   0,5   0,0   3,9  20,9   17:23    NE
13  14,4  18,1   11:24  10,3   05:11   3,6   0,0   0,0   7,6  33,8   14:10     O
14  14,0  16,7   13:42   8,6   23:58   4,0   0,0   5,8  11,8  43,5   14:42     O
15  12,3  17,9   15:14   7,7   02:37   5,7   0,0   0,2   4,6  22,5   13:42  N-NO
16  14,2  19,7   17:11   8,8   02:14   3,9   0,1   0,0   6,1  29,0   14:56  O-NO
17  11,7  16,3   13:14   5,5   06:25   6,3   0,0   0,0   4,7  24,1   15:54    NO
18  11,1  16,3   16:21   5,3   06:27   6,9   0,0   0,0   6,5  35,4   21:40     O
19  12,3  15,8   14:20   8,3   01:19   5,7   0,0   0,0  11,9  46,7   18:06  O-NO
20  11,8  17,1   13:48   7,3   05:45   6,2   0,0   0,4   6,2  22,5   08:54    NO
21  11,0  16,9   14:46   4,2   04:48   7,0   0,0   0,0   4,7  27,4   18:00  O-NO
22  12,3  16,4   17:55   5,5   05:54   5,7   0,0   0,0   5,4  25,7   13:58  O-NO
23  15,7  21,2   15:12  12,4   03:54   2,6   0,2   0,0   3,2  20,9   15:58  N-NO
24  16,0  22,1   15:14  10,2   06:22   2,7   0,8   0,0   5,1  22,5   17:11  N-NO
25  16,2  21,6   15:54  12,4   04:49   2,2   0,5   0,0   4,6  29,0   17:11    NO
26  15,1  20,1   12:37   9,4   05:53   3,1   0,1   0,0   5,6  27,4   16:20  N-NO
27  14,4  20,1   15:13   9,2   03:38   3,8   0,3   0,0   5,1  22,5   16:43  O-NO
28  14,0  18,1   14:44  10,4   04:59   4,0   0,0   0,0   6,3  27,4   17:02     O
29  13,8  17,2   15:01   8,7   06:54   4,2   0,0   0,0   7,1  30,6   16:32     O
30  15,0  18,4   17:59  10,8   06:47   3,0   0,0   0,0   5,2  25,7   23:14     O
31  14,8  16,2   11:14  10,2   23:57   3,2   0,0   4,4   8,4  33,8   13:24  O-SO
----------------------------------------------------------------------------------
    14,1  24,1    11     0,0     8   124,9   7,0  67,6   7,2  54,7     5       O

Max >=  25,0:  0
Max <=   0,0:  0
Min <=   0,0:  1
Min <=  -5,0:  0
Max Rain: 21,4 on day 1
Days of Rain: 8 (>= 1,0 mm)  4 (>= 5,0 mm)  2 (>= 10,0 mm)
Heat Base: 18,0  Cool Base: 18,0  Method: Integration