Sélectionnez une année ou un mois pour voir un rapport
V/Λ2024 > Jan Fév Mar Avr Mai Jui Jul Aou Sep Oct Nov Déc
V/Λ2023 > Jan Fév Mar Avr Mai Jui Jul Aou Sep Oct Nov Déc
V/Λ2022 > Jan Fév Mar Avr Mai Jui Jul Aou Sep Oct Nov Déc
V/Λ2021 > Jan Fév Mar Avr Mai Jui Jul Aou Sep Oct Nov Déc
V/Λ2020 > Jan Fév Mar Avr Mai Jui Jul Aou Sep Oct Nov Déc
V/Λ2019 > Jan Fév Mar Avr Mai Jui Jul Aou Sep Oct Nov Déc
V/Λ2018 > Jan Fév Mar Avr Mai Jui Jul Aou Sep Oct Nov Déc
V/Λ2017 > Jan Fév Mar Avr Mai Jui Jul Aou Sep Oct Nov Déc
V/Λ2016 > Jan Fév Mar Avr Mai Jui Jul Aou Sep Oct Nov Déc
V/Λ2015 > Jan Fév Mar Avr Mai Jui Jul Aou Sep Oct Nov Déc
V/Λ2014 > Jan Fév Mar Avr Mai Jui Jul Aou Sep Oct Nov Déc
V/Λ2013 > Jan Fév Mar Avr Mai Jui Jul Aou Sep Oct Nov Déc
V/Λ2012 > Jan Fév Mar Avr Mai Jui Jul Aou Sep Oct Nov Déc
V/Λ2011 > Jan Fév Mar Avr Mai Jui Jul Aou Sep Oct Nov Déc
V/Λ2010 > Jan Fév Mar Avr Mai Jui Jul Aou Sep Oct Nov Déc
V/Λ2009 > Jan Fév Mar Avr Mai Jui Jul Aou Sep Oct Nov Déc

Tableau pour 2015 Mar
                   Monthly Climatological Summary for mars 2015

Name: Station météo amateur   City: Saint-Brevin les Pins   State: FRANCE
Elevation: 5 m  Lat: N 47° 14' 09"   Lon: W 002° 09' 35"

                  Temperature (°C), Rain (mm), Wind Speed (km/h)

                                      Heat  Cool        Avg
    Mean                              Deg   Deg         Wind                 Dom
Day Temp  High   Time   Low    Time   Days  Days  Rain  Speed High   Time    Dir
----------------------------------------------------------------------------------
 1  10,9  12,5   13:49   9,8   06:42   7,1   0,0   1,0  10,6  35,4   17:07     O
 2   9,9  12,6   14:36   6,8   23:32   8,1   0,0   0,0  11,4  46,7   04:44  O-NO
 3   8,4  10,7   15:58   5,5   23:34   9,6   0,0   0,8   6,9  25,7   08:44     O
 4   6,8  12,8   13:31   0,8   23:58  11,2   0,0   0,0   7,0  30,6   14:18  N-NO
 5   4,6  12,7   14:33  -1,6   07:38  13,4   0,0   0,0   2,5  19,3   16:40    NO
 6   5,7  14,5   15:01  -0,8   05:19  12,3   0,0   0,0   2,5  19,3   14:16  S-SE
 7   6,8  15,2   12:53   0,0   05:50  11,2   0,0   0,0   2,1  14,5   14:25  S-SO
 8   5,9  12,8   15:31  -0,8   05:35  12,1   0,0   0,0   2,7  20,9   15:24     O
 9   8,0  11,8   13:02   3,3   02:00  10,0   0,0   0,0   3,7  16,1   04:19    SO
10  10,4  15,3   16:07   4,4   01:41   7,6   0,0   0,0   4,6  22,5   15:04  E-NE
11  10,5  14,1   12:11   7,8   23:53   7,5   0,0   0,0   3,9  17,7   13:23  S-SO
12   8,9  11,9   13:19   4,4   03:42   9,1   0,0   0,0   3,6  17,7   14:49    SO
13   8,0  11,3   10:43   6,3   00:57  10,0   0,0   6,0   6,6  29,0   15:49    NO
14   6,9  10,5   13:04   4,7   07:34  11,1   0,0   0,0   8,7  37,0   10:36  N-NE
15   6,9  11,9   14:29   1,8   23:56  11,1   0,0   0,0   6,7  24,1   12:42    NE
16   5,9  11,8   13:26  -0,5   07:33  12,1   0,0   0,0   2,4  14,5   13:10  O-NO
17   9,3  16,6   15:14   2,2   07:00   8,7   0,0   0,0   4,2  24,1   11:17  E-SE
18  11,4  18,4   16:18   5,1   07:06   6,6   0,0   0,0   8,6  33,8   14:01  E-NE
19   9,3  14,9   16:00   5,2   07:24   8,7   0,0   0,0  14,2  40,2   18:08    NE
20   7,3   8,1   00:00   6,6   12:22  10,7   0,0  13,2  12,4  40,2   09:33    NE
21   8,8  14,8   16:00   5,4   08:08   9,2   0,0   0,0  12,1  38,6   14:10  E-NE
22   7,1   9,4   12:48   4,7   23:57  10,9   0,0   0,0  10,1  38,6   04:09    NE
23   7,8  15,1   16:01   1,7   06:23  10,2   0,0   0,0   6,6  25,7   12:00    NE
24   7,1  11,9   14:14   3,6   23:57  10,9   0,0   0,8   5,5  24,1   00:47     N
25   6,0  13,6   15:14   1,9   04:32  12,0   0,0   0,6   5,9  33,8   15:56  N-NO
26   9,5  16,4   16:02   2,0   00:24   8,5   0,0   3,4   7,9  35,4   08:31     O
27   8,5  11,6   12:48   3,3   04:56   9,5   0,0   1,2   5,5  25,7   16:20  O-SO
28  11,4  13,8   13:46  10,4   06:57   6,6   0,0   0,8  11,1  33,8   18:26     O
29  11,4  12,3   15:32  10,9   00:01   6,3   0,0   0,8  14,8  46,7   16:28     O
30  11,9  14,1   12:31  11,3   01:49   6,1   0,0   0,8  14,3  49,9   01:56  O-NO
31  12,0  15,2   14:01   8,8   23:57   6,0   0,0   0,4  16,7  53,1   09:08  O-NO
----------------------------------------------------------------------------------
     8,5  18,4    18    -1,6     5   294,4   0,0  29,8   7,6  53,1    31      NO

Max >=  25,0:  0
Max <=   0,0:  0
Min <=   0,0:  5
Min <=  -5,0:  0
Max Rain: 13,2 on day 20
Days of Rain: 5 (>= 1,0 mm)  2 (>= 5,0 mm)  1 (>= 10,0 mm)
Heat Base: 18,0  Cool Base: 18,0  Method: Integration