Sélectionnez une année ou un mois pour voir un rapport
V/Λ2024 > Jan Fév Mar Avr Mai Jui Jul Aou Sep Oct Nov Déc
V/Λ2023 > Jan Fév Mar Avr Mai Jui Jul Aou Sep Oct Nov Déc
V/Λ2022 > Jan Fév Mar Avr Mai Jui Jul Aou Sep Oct Nov Déc
V/Λ2021 > Jan Fév Mar Avr Mai Jui Jul Aou Sep Oct Nov Déc
V/Λ2020 > Jan Fév Mar Avr Mai Jui Jul Aou Sep Oct Nov Déc
V/Λ2019 > Jan Fév Mar Avr Mai Jui Jul Aou Sep Oct Nov Déc
V/Λ2018 > Jan Fév Mar Avr Mai Jui Jul Aou Sep Oct Nov Déc
V/Λ2017 > Jan Fév Mar Avr Mai Jui Jul Aou Sep Oct Nov Déc
V/Λ2016 > Jan Fév Mar Avr Mai Jui Jul Aou Sep Oct Nov Déc
V/Λ2015 > Jan Fév Mar Avr Mai Jui Jul Aou Sep Oct Nov Déc
V/Λ2014 > Jan Fév Mar Avr Mai Jui Jul Aou Sep Oct Nov Déc
V/Λ2013 > Jan Fév Mar Avr Mai Jui Jul Aou Sep Oct Nov Déc
V/Λ2012 > Jan Fév Mar Avr Mai Jui Jul Aou Sep Oct Nov Déc
V/Λ2011 > Jan Fév Mar Avr Mai Jui Jul Aou Sep Oct Nov Déc
V/Λ2010 > Jan Fév Mar Avr Mai Jui Jul Aou Sep Oct Nov Déc
V/Λ2009 > Jan Fév Mar Avr Mai Jui Jul Aou Sep Oct Nov Déc

Tableau pour 2014 Aou
                   Monthly Climatological Summary for août 2014

Name: Station météo amateur   City: Saint-Brevin les Pins   State: FRANCE
Elevation: 5 m  Lat: N 47° 14' 09"   Lon: W 002° 09' 35"

                  Temperature (°C), Rain (mm), Wind Speed (km/h)

                                      Heat  Cool        Avg
    Mean                              Deg   Deg         Wind                 Dom
Day Temp  High   Time   Low    Time   Days  Days  Rain  Speed High   Time    Dir
----------------------------------------------------------------------------------
 1  18,6  23,4   15:49  14,1   06:39   0,9   1,5   0,0   5,8  29,0   15:23  O-NO
 2  19,4  22,4   16:51  17,3   23:23   0,0   1,4   6,6   7,2  25,7   14:33  O-SO
 3  18,5  22,7   16:59  13,9   07:03   0,6   1,1   0,0   6,2  29,0   18:40  O-NO
 4  17,6  22,4   15:17  12,1   05:40   1,8   1,4   0,0   4,3  25,7   15:54     O
 5  18,8  23,9   13:35  13,4   04:44   1,3   2,1   0,0   5,2  25,7   15:59    SO
 6  20,5  23,4   14:33  19,2   21:32   0,0   2,5   4,6   8,4  29,0   07:52  O-SO
 7  20,6  24,7   16:16  17,5   23:58   0,0   2,6   2,2   4,6  24,1   17:26  O-NO
 8  18,4  21,0   14:30  15,7   05:59   0,6   1,0  15,6   5,6  35,4   19:58  O-SO
 9  18,4  22,7   14:53  13,6   03:48   1,2   1,6   0,8   3,5  19,3   14:44    SO
10  19,3  21,2   13:50  16,9   23:22   0,1   1,4   9,4  13,0  49,9   07:41  O-SO
11  18,2  20,9   16:22  16,3   06:02   0,5   0,7   0,0   9,0  33,8   16:24     O
12  17,6  20,5   16:24  14,8   23:50   0,8   0,4  13,2   5,9  38,6   09:48     O
13  17,0  21,1   16:01  13,2   04:20   1,7   0,7   4,0   8,8  37,0   14:00  O-NO
14  17,4  20,4   16:19  15,8   23:52   0,9   0,3   0,0   9,5  33,8   15:23  O-NO
15  16,8  20,7   14:48  13,1   04:57   1,8   0,6   0,0   7,1  30,6   18:02  O-NO
16  16,1  20,7   17:15  11,1   07:19   2,5   0,5   0,0   5,0  27,4   16:40  O-NO
17  15,9  20,9   16:34  10,6   06:04   2,4   0,3   0,0   5,3  27,4   17:11     O
18  17,4  20,1   15:18  13,8   23:56   0,9   0,3   0,2   6,4  24,1   16:26  O-NO
19  15,1  20,0   15:06   9,4   05:24   3,3   0,3   0,0   4,6  32,2   17:46  O-NO
20  15,2  20,1   18:07  10,2   05:34   3,0   0,2   0,0   5,0  30,6   17:38  O-NO
21  14,7  20,1   15:38   7,9   07:21   3,6   0,3   0,0   4,6  24,1   17:11     O
22  15,2  20,1   16:30  10,7   04:28   2,9   0,1   0,2   5,3  27,4   14:23     O
23  16,5  19,6   12:55  13,6   05:55   1,7   0,2   0,0   6,1  29,0   14:17  O-NO
24  16,2  20,3   15:44  11,5   07:09   2,2   0,3   0,0   3,0  16,1   15:32    SO
25  18,0  20,2   14:15  16,3   20:38   0,4   0,4  16,4   8,8  33,8   17:27    SO
26  18,7  21,6   14:35  16,9   00:00   0,2   0,9   6,0   8,6  33,8   05:19     O
27  18,6  21,1   12:15  17,2   08:20   0,1   0,7   3,8   7,4  29,0   14:38    SO
28  19,0  21,8   15:34  16,4   06:08   0,2   1,1   1,0   6,9  29,0   00:08  O-SO
29  17,8  21,0   14:54  14,0   07:34   0,9   0,7   0,0   5,8  25,7   15:24     O
30  17,2  20,7   13:51  13,9   03:25   1,3   0,5   0,0   5,1  24,1   14:53     O
31  16,5  21,1   17:11  11,1   07:40   2,1   0,6   0,0   4,6  25,7   17:30  O-NO
----------------------------------------------------------------------------------
    17,6  24,7     7     7,9    21    39,9  26,7  84,0   6,3  49,9    10       O

Max >=  25,0:  0
Max <=   0,0:  0
Min <=   0,0:  0
Min <=  -5,0:  0
Max Rain: 16,4 on day 25
Days of Rain: 11 (>= 1,0 mm)  6 (>= 5,0 mm)  3 (>= 10,0 mm)
Heat Base: 18,0  Cool Base: 18,0  Method: Integration