Sélectionnez une année ou un mois pour voir un rapport
V/Λ2024 > Jan Fév Mar Avr Mai Jui Jul Aou Sep Oct Nov Déc
V/Λ2023 > Jan Fév Mar Avr Mai Jui Jul Aou Sep Oct Nov Déc
V/Λ2022 > Jan Fév Mar Avr Mai Jui Jul Aou Sep Oct Nov Déc
V/Λ2021 > Jan Fév Mar Avr Mai Jui Jul Aou Sep Oct Nov Déc
V/Λ2020 > Jan Fév Mar Avr Mai Jui Jul Aou Sep Oct Nov Déc
V/Λ2019 > Jan Fév Mar Avr Mai Jui Jul Aou Sep Oct Nov Déc
V/Λ2018 > Jan Fév Mar Avr Mai Jui Jul Aou Sep Oct Nov Déc
V/Λ2017 > Jan Fév Mar Avr Mai Jui Jul Aou Sep Oct Nov Déc
V/Λ2016 > Jan Fév Mar Avr Mai Jui Jul Aou Sep Oct Nov Déc
V/Λ2015 > Jan Fév Mar Avr Mai Jui Jul Aou Sep Oct Nov Déc
V/Λ2014 > Jan Fév Mar Avr Mai Jui Jul Aou Sep Oct Nov Déc
V/Λ2013 > Jan Fév Mar Avr Mai Jui Jul Aou Sep Oct Nov Déc
V/Λ2012 > Jan Fév Mar Avr Mai Jui Jul Aou Sep Oct Nov Déc
V/Λ2011 > Jan Fév Mar Avr Mai Jui Jul Aou Sep Oct Nov Déc
V/Λ2010 > Jan Fév Mar Avr Mai Jui Jul Aou Sep Oct Nov Déc
V/Λ2009 > Jan Fév Mar Avr Mai Jui Jul Aou Sep Oct Nov Déc

Tableau pour 2014 Jul
                   Monthly Climatological Summary for juil. 2014

Name: Station météo amateur   City: Saint-Brevin les Pins   State: FRANCE
Elevation: 5 m  Lat: N 47° 14' 09"   Lon: W 002° 09' 35"

                  Temperature (°C), Rain (mm), Wind Speed (km/h)

                                      Heat  Cool        Avg
    Mean                              Deg   Deg         Wind                 Dom
Day Temp  High   Time   Low    Time   Days  Days  Rain  Speed High   Time    Dir
----------------------------------------------------------------------------------
 1  19,2  23,7   13:55  15,1   06:13   0,6   1,8   0,2   3,8  17,7   12:14     E
 2  22,5  29,9   17:03  15,9   06:28   0,2   4,8   0,0   7,5  27,4   09:18  E-NE
 3  23,5  31,8   14:34  14,3   07:00   0,6   6,1   0,0   3,3  17,7   15:20    NO
 4  20,2  24,2   12:30  16,7   07:32   0,1   2,3   2,8   7,1  32,2   15:27     O
 5  18,3  19,3   15:24  17,1   00:00   0,1   0,3   3,4  11,4  40,2   02:45  O-SO
 6  17,6  21,3   15:00  14,3   09:49   0,9   0,5   6,2   8,8  35,4   03:22     O
 7  16,6  21,2   16:11  11,3   06:48   2,1   0,7   0,6   4,8  25,7   16:19     O
 8  17,7  21,8   16:44  14,6   06:45   1,3   1,0   2,8   6,4  32,2   14:21  O-NO
 9  17,9  23,8   17:09  12,6   06:31   1,7   1,6   0,0   7,5  29,0   13:49  N-NO
10  19,2  26,5   16:30  12,6   06:26   1,7   2,9   0,0   6,7  24,1   14:37  N-NO
11  18,4  22,9   15:54  14,6   04:39   0,8   1,3   0,0   6,2  29,0   13:28  O-NO
12  17,9  21,4   14:19  13,9   06:31   1,2   1,0   0,0   6,5  29,0   13:32     O
13  18,4  21,4   15:59  16,1   23:59   0,3   0,6   1,0   8,4  30,6   16:32     O
14  17,2  21,2   17:05  12,4   05:43   1,7   0,9   0,0   5,4  25,7   15:11     O
15  18,4  23,1   17:40  13,9   05:31   1,1   1,5   0,0   4,2  20,9   16:47     O
16  22,5  29,6   14:25  15,8   06:54   0,6   5,0   0,0   4,3  24,1   16:30     N
17  24,2  35,9   17:51  18,4   04:33   0,0   5,9   0,0   9,8  37,0   14:03  E-SE
18  20,5  25,2   18:40  16,1   06:46   0,1   2,6   0,0   5,8  24,1   02:22     O
19  20,2  23,2   16:54  18,4   07:38   0,0   2,2   0,2   6,6  25,7   14:11     O
20  19,3  23,2   18:12  17,3   11:26   0,1   1,4   7,4   4,9  25,7   16:49  O-NO
21  19,7  24,1   13:58  15,5   05:44   0,5   2,2   0,0   6,1  30,6   16:29  O-NO
22  20,4  26,8   13:33  14,3   07:12   0,9   3,3   0,0   4,4  22,5   18:27  N-NO
23  23,5  30,2   16:58  16,9   07:02   0,1   5,6   0,0   3,9  19,3   14:16    NE
24  22,3  29,7   15:34  18,4   17:37   0,0   4,3   1,0   4,0  37,0   17:21  N-NE
25  23,6  30,8   17:40  18,2   03:53   0,0   5,6   0,0   4,3  20,9   17:07     N
26  22,5  29,9   17:57  16,7   06:44   0,2   4,7   0,0   5,8  22,5   18:42     N
27  19,4  25,0   12:31  13,9   07:00   0,6   2,0   1,0   3,7  27,4   16:03  O-NO
28  17,2  21,8   14:14  14,2   22:50   1,3   0,5  13,0   3,9  25,7   14:13    NO
29  18,3  25,3   15:38  12,8   06:33   1,6   1,9   0,2   4,9  22,5   15:47    NO
30  18,5  23,5   17:56  13,2   03:45   1,1   1,6   0,0   4,3  25,7   17:07    NO
31  19,5  25,7   15:41  14,6   03:52   0,9   2,4   0,0   4,6  22,5   16:18  N-NO
----------------------------------------------------------------------------------
    19,8  35,9    17    11,3     7    22,4  78,5  39,8   5,8  40,2     5      NO

Max >=  25,0: 14
Max <=   0,0:  0
Min <=   0,0:  0
Min <=  -5,0:  0
Max Rain: 13,0 on day 28
Days of Rain: 9 (>= 1,0 mm)  3 (>= 5,0 mm)  1 (>= 10,0 mm)
Heat Base: 18,0  Cool Base: 18,0  Method: Integration