Sélectionnez une année ou un mois pour voir un rapport
V/Λ2024 > Jan Fév Mar Avr Mai Jui Jul Aou Sep Oct Nov Déc
V/Λ2023 > Jan Fév Mar Avr Mai Jui Jul Aou Sep Oct Nov Déc
V/Λ2022 > Jan Fév Mar Avr Mai Jui Jul Aou Sep Oct Nov Déc
V/Λ2021 > Jan Fév Mar Avr Mai Jui Jul Aou Sep Oct Nov Déc
V/Λ2020 > Jan Fév Mar Avr Mai Jui Jul Aou Sep Oct Nov Déc
V/Λ2019 > Jan Fév Mar Avr Mai Jui Jul Aou Sep Oct Nov Déc
V/Λ2018 > Jan Fév Mar Avr Mai Jui Jul Aou Sep Oct Nov Déc
V/Λ2017 > Jan Fév Mar Avr Mai Jui Jul Aou Sep Oct Nov Déc
V/Λ2016 > Jan Fév Mar Avr Mai Jui Jul Aou Sep Oct Nov Déc
V/Λ2015 > Jan Fév Mar Avr Mai Jui Jul Aou Sep Oct Nov Déc
V/Λ2014 > Jan Fév Mar Avr Mai Jui Jul Aou Sep Oct Nov Déc
V/Λ2013 > Jan Fév Mar Avr Mai Jui Jul Aou Sep Oct Nov Déc
V/Λ2012 > Jan Fév Mar Avr Mai Jui Jul Aou Sep Oct Nov Déc
V/Λ2011 > Jan Fév Mar Avr Mai Jui Jul Aou Sep Oct Nov Déc
V/Λ2010 > Jan Fév Mar Avr Mai Jui Jul Aou Sep Oct Nov Déc
V/Λ2009 > Jan Fév Mar Avr Mai Jui Jul Aou Sep Oct Nov Déc

Tableau pour 2014 Jan
                   Monthly Climatological Summary for janv. 2014

Name: Station météo amateur   City: Saint-Brevin les Pins   State: FRANCE
Elevation: 5 m  Lat: N 47° 14' 09"   Lon: W 002° 09' 35"

                  Temperature (°C), Rain (mm), Wind Speed (km/h)

                                      Heat  Cool        Avg
    Mean                              Deg   Deg         Wind                 Dom
Day Temp  High   Time   Low    Time   Days  Days  Rain  Speed High   Time    Dir
----------------------------------------------------------------------------------
 1  10,7  12,3   17:39   9,2   02:51   7,3   0,0  13,6  18,6  70,8   15:09  S-SO
 2  11,0  12,7   13:08   9,3   08:41   6,9   0,0   5,4  12,2  53,1   22:07    SO
 3  11,3  12,7   12:09   7,9   15:04   6,7   0,0   3,0  12,6  62,8   14:51    SO
 4   9,6  11,8   01:02   6,1   19:06   8,4   0,0   6,6  14,5  49,9   16:18    SO
 5  10,3  13,2   22:39   7,7   08:18   7,7   0,0   4,2  12,1  53,1   00:08    SO
 6  12,0  13,0   00:00  11,1   12:05   6,0   0,0  10,8  14,3  46,7   03:30  S-SO
 7  12,0  13,7   14:33  11,1   03:43   6,0   0,0   1,6  11,6  37,0   09:36  S-SO
 8  10,9  13,2   16:32   7,3   06:07   7,1   0,0   0,8   8,5  32,2   20:46     S
 9  10,2  12,5   01:32   5,2   23:53   7,8   0,0   2,6   6,0  27,4   04:15  O-SO
10   6,7  10,3   16:02   2,9   06:21  11,3   0,0   0,2   1,9  11,3   15:48    SE
11   7,7  10,0   16:12   5,7   09:41  10,3   0,0   0,0   3,2  19,3   21:27    NE
12   8,9  11,7   17:56   6,0   09:42   9,1   0,0   2,8   9,1  38,6   19:43     S
13   9,4  11,7   13:52   7,2   23:59   8,6   0,0   6,8   8,9  41,8   14:07  O-SO
14   6,7   9,9   13:55   1,8   08:28  11,3   0,0   0,6   4,7  27,4   23:35     O
15  11,0  11,8   16:45   9,6   00:00   7,0   0,0   6,8  11,1  51,5   22:02    SO
16   9,9  11,7   14:30   8,1   22:40   8,1   0,0  10,6  11,4  49,9   16:17    SO
17   9,7  12,2   16:19   7,8   03:42   8,3   0,0   8,6  10,2  45,1   00:39  S-SO
18   8,7  10,7   14:59   5,7   22:50   9,3   0,0   6,4  10,2  37,0   12:30     S
19   4,5  10,3   15:10   0,5   07:47  13,5   0,0   0,2   0,9   9,7   15:58  O-NO
20   4,0  10,6   14:04  -0,6   09:13  14,0   0,0   0,2   2,2  17,7   14:10    NO
21   5,3   9,8   13:59  -0,3   04:41  12,7   0,0   3,8   8,1  41,8   22:49     S
22   8,9  12,0   15:57   6,7   08:56   9,1   0,0   7,8   4,9  35,4   00:32  O-NO
23   8,4  10,7   13:23   4,9   06:12   9,6   0,0   0,2   7,6  37,0   20:33  O-NO
24  10,6  11,7   15:52   9,2   04:11   7,4   0,0  10,4   9,6  38,6   13:35  O-NO
25  10,9  12,9   14:43   9,6   09:43   7,1   0,0   1,4   8,5  29,0   17:20  O-NO
26   9,4  11,5   16:34   7,1   23:58   8,6   0,0   7,2  11,5  56,3   16:59     O
27   6,7   9,2   11:48   4,7   07:10  11,3   0,0   9,4  10,7  56,3   08:34  O-NO
28   7,6   9,7   12:38   3,2   23:58  10,4   0,0   7,4   8,3  40,2   00:13     O
29   4,6  10,0   14:46   0,7   09:08  13,4   0,0   2,0   1,2  12,9   17:26  O-NO
30   5,6  10,5   15:20   2,7   06:46  12,4   0,0   0,2   2,3  17,7   15:42  O-NO
31   6,0  11,3   22:44   0,2   05:46  12,0   0,0  13,2  10,7  48,3   19:05     S
----------------------------------------------------------------------------------
     8,7  13,7     7    -0,6    20   288,7   0,0 154,8   8,6  70,8     1      SO

Max >=  25,0:  0
Max <=   0,0:  0
Min <=   0,0:  2
Min <=  -5,0:  0
Max Rain: 13,6 on day 1
Days of Rain: 23 (>= 1,0 mm)  15 (>= 5,0 mm)  5 (>= 10,0 mm)
Heat Base: 18,0  Cool Base: 18,0  Method: Integration